{"id":723140,"date":"2025-08-27T19:14:22","date_gmt":"2025-08-27T16:14:22","guid":{"rendered":"https:\/\/roveyayinevi.com.tr\/index.php\/urun\/erken-cocuklukta-davranis-yonetimi\/"},"modified":"2026-04-16T02:31:02","modified_gmt":"2026-04-15T23:31:02","slug":"erken-cocuklukta-davranis-yonetimi","status":"publish","type":"product","link":"https:\/\/roveyayinevi.com.tr\/index.php\/urun\/erken-cocuklukta-davranis-yonetimi\/","title":{"rendered":"Erken \u00c7ocuklukta Davran\u0131\u015f Y\u00f6netimi"},"content":{"rendered":"<p>Birey do\u011fdu\u011fu andan itibaren bir\u00e7ok davran\u0131\u015fta bulunur. Bu davran\u0131\u015flar\u0131m\u0131zdan refleks davran\u0131\u015flar\u0131m\u0131z hari\u00e7 bir\u00e7o\u011fu \u00f6\u011frenilmi\u015f davran\u0131\u015flard\u0131r. Davran\u0131\u015flar\u0131m\u0131z\u0131n \u00f6\u011frenilmesi s\u00fcrecinde \u00e7evre, aile, \u00f6\u011fretmenler, okul, arkada\u015flar, ya\u015fan\u0131lan ortam ve sa\u011fl\u0131k durumu gibi bireyin ya\u015fam\u0131nda olan her\u015fey etkilidir. Davran\u0131\u015flar\u0131m\u0131z\u0131n temelleri \u00f6zellikle \u00e7ocukluk ya\u015fant\u0131m\u0131zda \u015fekillenmektedir. Bunun i\u00e7indir ki, \u00e7ocukluk ya\u015fant\u0131s\u0131nda \u00e7ocukla ili\u015fkili olan her\u015feyin ve herkesin \u00e7ocuklar\u0131n davran\u0131\u015flar\u0131n\u0131 kazanma s\u00fcrecinde \u00f6nemli rol\u00fc vard\u0131r. \u00c7ocuklar\u0131m\u0131z\u0131n davran\u0131\u015flar\u0131 kazanma s\u00fcreci, davran\u0131\u015flar\u0131 devam ettirme ve y\u00f6netme s\u00fcre\u00e7leri iyi bilinmesi gereken bir konudur.\u00c7ocuklar\u0131n davran\u0131\u015flar\u0131na olumlu katk\u0131 sa\u011flamak i\u00e7in \u00e7ocukla ilgili herkesin bilgilenmeye ve bilin\u00e7lendirilmesine ihtiya\u00e7 bulunmaktad\u0131r. Bu kitapta davran\u0131\u015f\u0131n tan\u0131nmas\u0131, de\u011ferlendirilmesi, davran\u0131\u015f\u0131n kazan\u0131lmas\u0131 s\u00fcre\u00e7leri, olumlu davran\u0131\u015f\u0131n kazan\u0131lmas\u0131 ve s\u00fcrd\u00fcr\u00fclmesi, olumsuz davran\u0131\u015flar\u0131n azalt\u0131lmas\u0131 s\u00fcre\u00e7leri, davran\u0131\u015f\u0131n y\u00f6netilmesi, ileti\u015fimin nas\u0131l olmas\u0131 gerekti\u011fi ve bir \u00f6\u011fretmenin s\u0131n\u0131f i\u00e7inde davran\u0131\u015flar\u0131nas\u0131l y\u00f6netmesi ile ilgili \u00f6nemli konulara yer verilmi\u015ftir.<\/p>\n","protected":false},"excerpt":{"rendered":"<p>Birey do\u011fdu\u011fu andan itibaren bir\u00e7ok davran\u0131\u015fta bulunur. Bu davran\u0131\u015flar\u0131m\u0131zdan refleks davran\u0131\u015flar\u0131m\u0131z hari\u00e7 bir\u00e7o\u011fu \u00f6\u011frenilmi\u015f davran\u0131\u015flard\u0131r. Davran\u0131\u015flar\u0131m\u0131z\u0131n \u00f6\u011frenilmesi s\u00fcrecinde \u00e7evre, aile, \u00f6\u011fretmenler, okul, arkada\u015flar, ya\u015fan\u0131lan ortam ve<span class=\"excerpt-hellip\"> [\u2026]<\/span><\/p>\n","protected":false},"featured_media":0,"template":"","meta":{"_monsterinsights_skip_tracking":false,"_monsterinsights_sitenote_active":false,"_monsterinsights_sitenote_note":"","_monsterinsights_sitenote_category":0},"product_brand":[],"product_cat":[12573,12566],"product_tag":[],"class_list":{"0":"post-723140","1":"product","2":"type-product","3":"status-publish","5":"product_cat-akademik-kitaplar","6":"product_cat-egitim","7":"pa_cilt-ciltsiz","8":"pa_tur-kitap","9":"pa_yayinevi-egiten-kitap","10":"pa_yazar-emel-arslan","12":"first","13":"instock","14":"sale","15":"shipping-taxable","16":"purchasable","17":"product-type-simple"},"_links":{"self":[{"href":"https:\/\/roveyayinevi.com.tr\/index.php\/wp-json\/wp\/v2\/product\/723140","targetHints":{"allow":["GET"]}}],"collection":[{"href":"https:\/\/roveyayinevi.com.tr\/index.php\/wp-json\/wp\/v2\/product"}],"about":[{"href":"https:\/\/roveyayinevi.com.tr\/index.php\/wp-json\/wp\/v2\/types\/product"}],"wp:attachment":[{"href":"https:\/\/roveyayinevi.com.tr\/index.php\/wp-json\/wp\/v2\/media?parent=723140"}],"wp:term":[{"taxonomy":"product_brand","embeddable":true,"href":"https:\/\/roveyayinevi.com.tr\/index.php\/wp-json\/wp\/v2\/product_brand?post=723140"},{"taxonomy":"product_cat","embeddable":true,"href":"https:\/\/roveyayinevi.com.tr\/index.php\/wp-json\/wp\/v2\/product_cat?post=723140"},{"taxonomy":"product_tag","embeddable":true,"href":"https:\/\/roveyayinevi.com.tr\/index.php\/wp-json\/wp\/v2\/product_tag?post=723140"}],"curies":[{"name":"wp","href":"https:\/\/api.w.org\/{rel}","templated":true}]}}