{"id":723138,"date":"2025-08-27T19:14:21","date_gmt":"2025-08-27T16:14:21","guid":{"rendered":"https:\/\/roveyayinevi.com.tr\/index.php\/urun\/erken-cocukluk-doneminde-ogrenme-yaklasimlari\/"},"modified":"2026-04-16T02:31:02","modified_gmt":"2026-04-15T23:31:02","slug":"erken-cocukluk-doneminde-ogrenme-yaklasimlari","status":"publish","type":"product","link":"https:\/\/roveyayinevi.com.tr\/index.php\/urun\/erken-cocukluk-doneminde-ogrenme-yaklasimlari\/","title":{"rendered":"Erken \u00c7ocukluk D\u00f6neminde \u00d6\u011frenme Yakla\u015f\u0131mlar\u0131"},"content":{"rendered":"<p>Erken \u00e7ocukluk d\u00f6nemi, ya\u015fam\u0131n ke\u015ffetme ve \u00f6\u011frenmeye a\u00e7\u0131k en \u00f6nemli zaman dilimidir. Bu zaman diliminde verimli bir \u00f6\u011frenme ve \u00f6\u011fretme ortam\u0131n\u0131n olu\u015fturulmas\u0131nda \u00f6\u011frenme yakla\u015f\u0131mlar\u0131n\u0131n bilinmesi b\u00fcy\u00fck bir \u00f6nem ta\u015f\u0131maktad\u0131r. Bu do\u011frultuda Erken \u00c7ocukluk D\u00f6neminde \u00d6\u011frenme Yakla\u015f\u0131mlar\u0131 kitab\u0131, erken \u00e7ocukluk d\u00f6neminde \u00f6\u011frenme ortamlar\u0131, e\u011fitimsel s\u00fcre\u00e7, e\u011fitim programlar\u0131, farkl\u0131 \u00f6\u011frenme yakla\u015f\u0131mlar\u0131 i\u00e7eri\u011fi ve uygulamalar\u0131yla okuyucuya sunulmu\u015ftur. \u00f6\u011frenme ortamlar\u0131, e\u011fitim programlar\u0131, farkl\u0131 \u00f6\u011frenmeyakla\u015f\u0131mlar\u0131n\u0131n i\u00e7eri\u011fi ve uygulamalar\u0131yla zenginle\u015ftirilerek okuyucuya sunulmu\u015ftur.Kitab\u0131n olu\u015fum ser\u00fcveni, bize iham veren \u00e7ocuklar\u0131m\u0131z ve onlara en iyi e\u011fitimi sa\u011flamaya \u00e7al\u0131\u015fan bir\u00e7ok de\u011ferli e\u011fitimcinin katk\u0131lar\u0131yla ortaya \u00e7\u0131km\u0131\u015ft\u0131r. Amac\u0131m\u0131z erken \u00e7ocukluk d\u00f6neminde \u00f6\u011frenme yakla\u015f\u0131mlar\u0131n\u0131 en iyi ve uygulanabilir \u015fekilde alan yaz\u0131na kazand\u0131rmakt\u0131r.<\/p>\n","protected":false},"excerpt":{"rendered":"<p>Erken \u00e7ocukluk d\u00f6nemi, ya\u015fam\u0131n ke\u015ffetme ve \u00f6\u011frenmeye a\u00e7\u0131k en \u00f6nemli zaman dilimidir. Bu zaman diliminde verimli bir \u00f6\u011frenme ve \u00f6\u011fretme ortam\u0131n\u0131n olu\u015fturulmas\u0131nda \u00f6\u011frenme yakla\u015f\u0131mlar\u0131n\u0131n bilinmesi b\u00fcy\u00fck<span class=\"excerpt-hellip\"> [\u2026]<\/span><\/p>\n","protected":false},"featured_media":0,"template":"","meta":{"_monsterinsights_skip_tracking":false,"_monsterinsights_sitenote_active":false,"_monsterinsights_sitenote_note":"","_monsterinsights_sitenote_category":0},"product_brand":[],"product_cat":[12573,12566],"product_tag":[],"class_list":{"0":"post-723138","1":"product","2":"type-product","3":"status-publish","5":"product_cat-akademik-kitaplar","6":"product_cat-egitim","7":"pa_cilt-ciltsiz","8":"pa_tur-kitap","9":"pa_yayinevi-egiten-kitap","10":"pa_yazar-kolektif","12":"first","13":"instock","14":"sale","15":"shipping-taxable","16":"purchasable","17":"product-type-simple"},"_links":{"self":[{"href":"https:\/\/roveyayinevi.com.tr\/index.php\/wp-json\/wp\/v2\/product\/723138","targetHints":{"allow":["GET"]}}],"collection":[{"href":"https:\/\/roveyayinevi.com.tr\/index.php\/wp-json\/wp\/v2\/product"}],"about":[{"href":"https:\/\/roveyayinevi.com.tr\/index.php\/wp-json\/wp\/v2\/types\/product"}],"wp:attachment":[{"href":"https:\/\/roveyayinevi.com.tr\/index.php\/wp-json\/wp\/v2\/media?parent=723138"}],"wp:term":[{"taxonomy":"product_brand","embeddable":true,"href":"https:\/\/roveyayinevi.com.tr\/index.php\/wp-json\/wp\/v2\/product_brand?post=723138"},{"taxonomy":"product_cat","embeddable":true,"href":"https:\/\/roveyayinevi.com.tr\/index.php\/wp-json\/wp\/v2\/product_cat?post=723138"},{"taxonomy":"product_tag","embeddable":true,"href":"https:\/\/roveyayinevi.com.tr\/index.php\/wp-json\/wp\/v2\/product_tag?post=723138"}],"curies":[{"name":"wp","href":"https:\/\/api.w.org\/{rel}","templated":true}]}}