{"id":723137,"date":"2025-08-27T19:14:20","date_gmt":"2025-08-27T16:14:20","guid":{"rendered":"https:\/\/roveyayinevi.com.tr\/index.php\/urun\/egitim-felsefesi-4\/"},"modified":"2026-04-16T02:31:02","modified_gmt":"2026-04-15T23:31:02","slug":"egitim-felsefesi-4","status":"publish","type":"product","link":"https:\/\/roveyayinevi.com.tr\/index.php\/urun\/egitim-felsefesi-4\/","title":{"rendered":"E\u011fitim Felsefesi"},"content":{"rendered":"<p>Tuvalet e\u011fitimi, \u00f6zbak\u0131m becerileri i\u00e7inde yer al\u0131r. \u00d6zbak\u0131m becerileri \u00e7ocu\u011fun \u00f6zerklik, ya\u015famlar\u0131 boyunca \u00e7e\u015fitli gereksinimler konusunda yeterlilik kazanmas\u0131 ve ebeveynlerden ba\u011f\u0131ms\u0131zl\u0131\u011f\u0131n g\u00f6stergesi olarak da \u00f6nemlidir.\u00c7ocuklar\u0131n \u00e7i\u015f ve kakalar\u0131n\u0131n geldi\u011fini fark edip, tutarak tuvalete kadar ula\u015fmalar\u0131 i\u00e7in belirli bir n\u00f6rolojik ve duygusal geli\u015fime ula\u015fm\u0131\u015f olmalar\u0131 gerekir. Bu y\u00fczden yay\u0131nevimizce yay\u0131nlanan, \u201cTuvalet E\u011fitimi; Merhaba bezsiz hayat, Merhaba bezsiz mutlu \u00e7ocuk!\u201d adl\u0131 kitab\u0131n en temel tavsiyesi tuvalet e\u011fitimine \u00e7ocuk haz\u0131r oldu\u011funda ba\u015flan\u0131lmas\u0131d\u0131r. \u00c7ocuklar\u0131n haz\u0131r olma seviyeleri de\u011fi\u015fkenlik g\u00f6sterdi\u011fi ve ailelerin dinamikleri farkl\u0131 oldu\u011fu i\u00e7in tek bir do\u011fru \u00f6neriler seti de yoktur. Tuvalet e\u011fitimi s\u0131ras\u0131nda ebeveynlerin farkl\u0131 tutum ve davran\u0131\u015flar\u0131 da tuvalet e\u011fitiminin ba\u015far\u0131s\u0131n\u0131 etkileyebilmektedir. Elinizdeki kitap, ebeveyn tutumlar\u0131n\u0131n olas\u0131 \u00e7\u0131kt\u0131lar\u0131, tuvalet e\u011fitimine ba\u015flamak i\u00e7in do\u011fru zaman ve e\u011fitimin a\u015famalar\u0131, kar\u015f\u0131la\u015f\u0131lan sorunlar hakk\u0131nda k\u0131lavuz olma gereksinimini kar\u015f\u0131lamaya y\u00f6neliktir.\u00c7ocu\u011funuz mutlaka ba\u015faracakt\u0131r. Anne baba olarak, yakla\u015f\u0131k 4300-4500 aras\u0131 bez de\u011fi\u015ftirdikten sonra \u00e7ocu\u011funuzun kazand\u0131\u011f\u0131 di\u011fer geli\u015fimsel beceriler gibi tuvalet e\u011fitimi becerilerini de kazanaca\u011f\u0131na olan inanc\u0131n\u0131z\u0131 koruyun: Merhaba bezsiz hayat, Merhaba bezsiz mutlu \u00e7ocuk!<\/p>\n","protected":false},"excerpt":{"rendered":"<p>Tuvalet e\u011fitimi, \u00f6zbak\u0131m becerileri i\u00e7inde yer al\u0131r. \u00d6zbak\u0131m becerileri \u00e7ocu\u011fun \u00f6zerklik, ya\u015famlar\u0131 boyunca \u00e7e\u015fitli gereksinimler konusunda yeterlilik kazanmas\u0131 ve ebeveynlerden ba\u011f\u0131ms\u0131zl\u0131\u011f\u0131n g\u00f6stergesi olarak da \u00f6nemlidir.\u00c7ocuklar\u0131n \u00e7i\u015f<span class=\"excerpt-hellip\"> [\u2026]<\/span><\/p>\n","protected":false},"featured_media":0,"template":"","meta":{"_monsterinsights_skip_tracking":false,"_monsterinsights_sitenote_active":false,"_monsterinsights_sitenote_note":"","_monsterinsights_sitenote_category":0},"product_brand":[],"product_cat":[12573,12566],"product_tag":[],"class_list":{"0":"post-723137","1":"product","2":"type-product","3":"status-publish","5":"product_cat-akademik-kitaplar","6":"product_cat-egitim","7":"pa_cilt-ciltsiz","8":"pa_tur-kitap","9":"pa_yayinevi-egiten-kitap","10":"pa_yazar-mehmet-yapici","12":"first","13":"instock","14":"sale","15":"shipping-taxable","16":"purchasable","17":"product-type-simple"},"_links":{"self":[{"href":"https:\/\/roveyayinevi.com.tr\/index.php\/wp-json\/wp\/v2\/product\/723137","targetHints":{"allow":["GET"]}}],"collection":[{"href":"https:\/\/roveyayinevi.com.tr\/index.php\/wp-json\/wp\/v2\/product"}],"about":[{"href":"https:\/\/roveyayinevi.com.tr\/index.php\/wp-json\/wp\/v2\/types\/product"}],"wp:attachment":[{"href":"https:\/\/roveyayinevi.com.tr\/index.php\/wp-json\/wp\/v2\/media?parent=723137"}],"wp:term":[{"taxonomy":"product_brand","embeddable":true,"href":"https:\/\/roveyayinevi.com.tr\/index.php\/wp-json\/wp\/v2\/product_brand?post=723137"},{"taxonomy":"product_cat","embeddable":true,"href":"https:\/\/roveyayinevi.com.tr\/index.php\/wp-json\/wp\/v2\/product_cat?post=723137"},{"taxonomy":"product_tag","embeddable":true,"href":"https:\/\/roveyayinevi.com.tr\/index.php\/wp-json\/wp\/v2\/product_tag?post=723137"}],"curies":[{"name":"wp","href":"https:\/\/api.w.org\/{rel}","templated":true}]}}