{"id":723115,"date":"2025-08-27T19:14:05","date_gmt":"2025-08-27T16:14:05","guid":{"rendered":"https:\/\/roveyayinevi.com.tr\/index.php\/urun\/enno-ya-da-asfalttaki-karahindiba\/"},"modified":"2026-04-16T02:31:01","modified_gmt":"2026-04-15T23:31:01","slug":"enno-ya-da-asfalttaki-karahindiba","status":"publish","type":"product","link":"https:\/\/roveyayinevi.com.tr\/index.php\/urun\/enno-ya-da-asfalttaki-karahindiba\/","title":{"rendered":"Enno ya da Asfalttaki Karahindiba"},"content":{"rendered":"<p>Is\u0131tma sisteminin \u00e7at\u0131rt\u0131s\u0131, arkada\u015f\u0131n\u0131n burun h\u0131r\u0131lt\u0131s\u0131, kalorifer pete\u011findeki suyun \u015f\u0131r\u0131lt\u0131s\u0131 dikkatini da\u011f\u0131t\u0131yor. Sofra kurmak, kaza\u011f\u0131n\u0131 d\u00fcz giymek gibi basit \u015feyleri bazen yapam\u0131yor; \u015fiddet i\u00e7erikli filmleri sevmiyor, rekabet\u00e7i oyunlardan da ho\u015flanm\u0131yor. Ama ya\u015f\u0131tlar\u0131n\u0131n aksine binlerce k\u00fc\u00e7\u00fck \u015feyi derinden alg\u0131l\u0131yor, her canl\u0131n\u0131n duygusunu hissediyor, ba\u015fka gezegenlerde ge\u00e7en hik\u00e2yeler d\u00fc\u015fl\u00fcyor. Oldu\u011fu gibi sevilmek ya da s\u0131radan olmak istese de o ba\u015fka, herkesten ba\u015fka, onun ad\u0131: Enno Bamba\u015fka. Alman \u00e7ocuk edebiyat\u0131n\u0131n \u00f6d\u00fcll\u00fc yazar\u0131 Astrid Frank, hassas bir \u00e7ocu\u011fun toplum i\u00e7inde ya\u015fad\u0131\u011f\u0131 zorluklar\u0131 yarat\u0131c\u0131 ve e\u011flenceli bir dille anlat\u0131yor. 2017 Z\u00fcrih \u00c7ocuk Kitab\u0131 \u00d6d\u00fcl\u00fc\u2019ne de\u011fer g\u00f6r\u00fclen roman, empati, \u00f6zsayg\u0131, duyarl\u0131l\u0131k, sezgiler ve farkl\u0131l\u0131klar konusunda \u00e7ocuklardan yana taraf oluyor. Regina Kehn\u2019in ill\u00fcstrasyonlar\u0131ysa kitaba ayr\u0131 bir derinlik kat\u0131yor. <\/p>\n","protected":false},"excerpt":{"rendered":"<p>Is\u0131tma sisteminin \u00e7at\u0131rt\u0131s\u0131, arkada\u015f\u0131n\u0131n burun h\u0131r\u0131lt\u0131s\u0131, kalorifer pete\u011findeki suyun \u015f\u0131r\u0131lt\u0131s\u0131 dikkatini da\u011f\u0131t\u0131yor. Sofra kurmak, kaza\u011f\u0131n\u0131 d\u00fcz giymek gibi basit \u015feyleri bazen yapam\u0131yor; \u015fiddet i\u00e7erikli filmleri sevmiyor,<span class=\"excerpt-hellip\"> [\u2026]<\/span><\/p>\n","protected":false},"featured_media":0,"template":"","meta":{"_monsterinsights_skip_tracking":false,"_monsterinsights_sitenote_active":false,"_monsterinsights_sitenote_note":"","_monsterinsights_sitenote_category":0},"product_brand":[],"product_cat":[12274,12284],"product_tag":[],"class_list":{"0":"post-723115","1":"product","2":"type-product","3":"status-publish","5":"product_cat-cocuk-ve-genclik-kitaplari","6":"product_cat-hikayeler","7":"pa_cilt-ciltsiz","8":"pa_tur-kitap","9":"pa_yayinevi-kirmizi-kedi-yayinevi","10":"pa_yazar-astrid-frank","12":"first","13":"instock","14":"sale","15":"shipping-taxable","16":"purchasable","17":"product-type-simple"},"_links":{"self":[{"href":"https:\/\/roveyayinevi.com.tr\/index.php\/wp-json\/wp\/v2\/product\/723115","targetHints":{"allow":["GET"]}}],"collection":[{"href":"https:\/\/roveyayinevi.com.tr\/index.php\/wp-json\/wp\/v2\/product"}],"about":[{"href":"https:\/\/roveyayinevi.com.tr\/index.php\/wp-json\/wp\/v2\/types\/product"}],"wp:attachment":[{"href":"https:\/\/roveyayinevi.com.tr\/index.php\/wp-json\/wp\/v2\/media?parent=723115"}],"wp:term":[{"taxonomy":"product_brand","embeddable":true,"href":"https:\/\/roveyayinevi.com.tr\/index.php\/wp-json\/wp\/v2\/product_brand?post=723115"},{"taxonomy":"product_cat","embeddable":true,"href":"https:\/\/roveyayinevi.com.tr\/index.php\/wp-json\/wp\/v2\/product_cat?post=723115"},{"taxonomy":"product_tag","embeddable":true,"href":"https:\/\/roveyayinevi.com.tr\/index.php\/wp-json\/wp\/v2\/product_tag?post=723115"}],"curies":[{"name":"wp","href":"https:\/\/api.w.org\/{rel}","templated":true}]}}