{"id":723065,"date":"2025-08-27T19:13:24","date_gmt":"2025-08-27T16:13:24","guid":{"rendered":"https:\/\/roveyayinevi.com.tr\/index.php\/urun\/erken-cocuklukta-oz-duzenleme-dogasi-ve-gelisimi\/"},"modified":"2026-04-16T02:31:00","modified_gmt":"2026-04-15T23:31:00","slug":"erken-cocuklukta-oz-duzenleme-dogasi-ve-gelisimi","status":"publish","type":"product","link":"https:\/\/roveyayinevi.com.tr\/index.php\/urun\/erken-cocuklukta-oz-duzenleme-dogasi-ve-gelisimi\/","title":{"rendered":"Erken \u00c7ocuklukta \u00d6z &#8211; D\u00fczenleme Do\u011fas\u0131 ve Geli\u015fimi"},"content":{"rendered":"<p>Bu kitap sekiz ya\u015f\u0131na kadar olan \u00e7ocuklar\u0131n duygular\u0131n\u0131 ve davran\u0131\u015flar\u0131n\u0131 nas\u0131l kontrol edeceklerini, di\u011ferleriyle nas\u0131l olumlu ili\u015fkiler kuracaklar\u0131n\u0131 ve nas\u0131l ba\u011f\u0131ms\u0131z \u00f6\u011frenen bireyler olabilecekleri konusunda \u00f6\u011fretmenlere, e\u011fiticilere ve ailelere destek niteli\u011fine sahiptir. \u0130ki b\u00f6l\u00fcmden olu\u015fan kitab\u0131n ilk b\u00f6l\u00fcm\u00fc duygusal, sosyal, motivasyonel ve bili\u015fsel alanlarda kendini kontrol etme ve y\u00f6nlendirmenin geli\u015fimini a\u00e7\u0131klayan kuram ve ara\u015ft\u0131rmalardan olu\u015fmaktad\u0131r. Bunun yan\u0131nda beyinde \u00f6z-d\u00fczenleme becerilerini kontrol eden mekanizmalar ile ilgili bilgiler yer almaktad\u0131r.<\/p>\n","protected":false},"excerpt":{"rendered":"<p>Bu kitap sekiz ya\u015f\u0131na kadar olan \u00e7ocuklar\u0131n duygular\u0131n\u0131 ve davran\u0131\u015flar\u0131n\u0131 nas\u0131l kontrol edeceklerini, di\u011ferleriyle nas\u0131l olumlu ili\u015fkiler kuracaklar\u0131n\u0131 ve nas\u0131l ba\u011f\u0131ms\u0131z \u00f6\u011frenen bireyler olabilecekleri konusunda \u00f6\u011fretmenlere,<span class=\"excerpt-hellip\"> [\u2026]<\/span><\/p>\n","protected":false},"featured_media":0,"template":"","meta":{"_monsterinsights_skip_tracking":false,"_monsterinsights_sitenote_active":false,"_monsterinsights_sitenote_note":"","_monsterinsights_sitenote_category":0},"product_brand":[],"product_cat":[12573,12566],"product_tag":[],"class_list":{"0":"post-723065","1":"product","2":"type-product","3":"status-publish","5":"product_cat-akademik-kitaplar","6":"product_cat-egitim","7":"pa_cilt-ciltsiz","8":"pa_tur-kitap","9":"pa_yayinevi-egiten-kitap","10":"pa_yazar-martha-b-bronson","12":"first","13":"instock","14":"sale","15":"shipping-taxable","16":"purchasable","17":"product-type-simple"},"_links":{"self":[{"href":"https:\/\/roveyayinevi.com.tr\/index.php\/wp-json\/wp\/v2\/product\/723065","targetHints":{"allow":["GET"]}}],"collection":[{"href":"https:\/\/roveyayinevi.com.tr\/index.php\/wp-json\/wp\/v2\/product"}],"about":[{"href":"https:\/\/roveyayinevi.com.tr\/index.php\/wp-json\/wp\/v2\/types\/product"}],"wp:attachment":[{"href":"https:\/\/roveyayinevi.com.tr\/index.php\/wp-json\/wp\/v2\/media?parent=723065"}],"wp:term":[{"taxonomy":"product_brand","embeddable":true,"href":"https:\/\/roveyayinevi.com.tr\/index.php\/wp-json\/wp\/v2\/product_brand?post=723065"},{"taxonomy":"product_cat","embeddable":true,"href":"https:\/\/roveyayinevi.com.tr\/index.php\/wp-json\/wp\/v2\/product_cat?post=723065"},{"taxonomy":"product_tag","embeddable":true,"href":"https:\/\/roveyayinevi.com.tr\/index.php\/wp-json\/wp\/v2\/product_tag?post=723065"}],"curies":[{"name":"wp","href":"https:\/\/api.w.org\/{rel}","templated":true}]}}