{"id":723064,"date":"2025-08-27T19:13:24","date_gmt":"2025-08-27T16:13:24","guid":{"rendered":"https:\/\/roveyayinevi.com.tr\/index.php\/urun\/sogut-turk-edebiyati-dergisi-sayi-01-ocak-subat-2020\/"},"modified":"2026-04-16T02:31:00","modified_gmt":"2026-04-15T23:31:00","slug":"sogut-turk-edebiyati-dergisi-sayi-01-ocak-subat-2020","status":"publish","type":"product","link":"https:\/\/roveyayinevi.com.tr\/index.php\/urun\/sogut-turk-edebiyati-dergisi-sayi-01-ocak-subat-2020\/","title":{"rendered":"S\u00f6\u011f\u00fct &#8211; T\u00fcrk Edebiyat\u0131 Dergisi Say\u0131 01 Ocak &#8211; \u015eubat 2020"},"content":{"rendered":"<p>\u0130lk S\u00f6\u011f\u00fct\u2019ten Bug\u00fcne \/ Nevzat K\u00f6so\u011flu S\u00f6\u011f\u00fct Yeniden \u00c7\u0131karken \/ Ahmet \u0130yioldu Saz G\u00f6\u011fs\u00fcne Yaslananda \/ Mehmet Ali Kalkan Bir Ser\u00fcven Olarak Okuma Kalemin Yazd\u0131\u011f\u0131 Ve Kaderin Yazd\u0131\u011f\u0131 \/ Tekin \u015eener Lisana H\u00fckmedebilmek \/ Berna G\u00fczey Belki \/ Necdet Suba\u015f\u0131 Sab\u0131r \/ H\u00fcseyin Kaya \u0130stanbul\u2019u Bulmak \/ Elif Sab\u0131r Bir Tutam Bah\u00e2r\u00e2t \/ Ay\u015fe S\u00e2miha Soylama 2 Prof. Dr. Metin Ekici \u0130le Dede Korkut Kitab\u0131 \u00dczerine \/ Cengizhan Orak\u00e7\u0131 Dedem Korkut\u2019u Camek\u00e2ndan Kurtarmak \/ Cengizhan Orak\u00e7\u0131 Ejderhay\u0131 \u00d6ld\u00fcrmek \u00dczerine \/ S\u00fcleyman \u00c7obano\u011flu Yeni Geli\u015fmeler I\u015f\u0131\u011f\u0131nda Dede Korkut Kitab\u0131 \/ Necati Demir Dedem Korkut \/ Mustafa Ruhi \u015eirin Dede Korkut Kitab\u0131 B\u00f6yle B\u00f6yle Sebepsiz \/ Bahtiyar Aslan Bu Bir Yarad\u0131r \/ Sema Bayar Bir Ku\u015f U\u00e7umu \/ Emine Alt\u0131nkaynak Ac\u0131 Lokma \/ Misli Baydo\u011fan G\u0131ybet Meclisleri \/ Caner \u00c7aylak Elbruz\u2019a Veda \/ Asuman G\u00fczelce Sana Dair \/ S\u00fcheyla A\u011fan Eski Bir Radyo \/ Leyla \u015eerif Emin Hicaz\u2019a Giden Kimdi? \/ Sinan Terzi Bahar\u0131n S\u0131r\u0131na Artt\u0131r\u0131lm\u0131\u015f Sone \/ Ali G\u00fcnvar Zamirler Manzumesi \/ Berat Demirci Eyl\u00fcl \u00d6ks\u00fcz \/ Mehmet S. Fidanc\u0131 Dedim Dedi \/ H\u00e2f\u0131z-I \u015e\u00eer\u00e2z\u00ee Sessiz Harpler \/ H\u00fcseyin Ak\u0131n Ece Nazire \/ Selami Mete Seyir Esnas\u0131nda Zapta Ge\u00e7irilen \/ Cengizhan Orak\u00e7\u0131 K\u00e2\u015fgarl\u0131 Bir R\u00fczg\u00e2r\u0131n Elleri \/ Fatih Ak\u00e7a Devletl\u00fc Dertlere Abece \/ An\u0131l \u0130brahim Bak\u0131rc\u0131 Pardus \/ \u0130smail Orhan S\u00f6nmez U\u00e7urtma Dilerim \/ Ayy\u00fcce G\u00fclo\u011flu Kuyudan \/ Maide \u00d6ztosun G\u00fcm\u00fc\u015f Tezhipli Fahriye \/ Birdal Akar Kim Unudur, Unutsun Meni \/ Celil Cavan\u015fir Ho\u015fundu \/ \u0130brahim Da\u015f Kutadgu Bilig \/ \u0130smail Atakan \u00c7etiner G\u00fcz Tela\u015f\u0131 \/ Fatma Aksu \u201cSalk\u0131m\/Salk\u0131ml\u0131\u201d S\u00f6\u011f\u00fct A\u011fac\u0131 \/ Mehmet Ayc\u0131 Tarih\u00f6ncesi Akl\u0131n K\u00f6klerle Birlikteli\u011fi \/ Metin Sava\u015f Avrupa T\u00fcrkleri Ve Edebiyat\u0131 \/ Alaattin Diker \u00d6\u011fretmen \/ Orhan Aras \u0130smail Bey Gasp\u0131ral\u0131\u2019n\u0131n Hik\u00e2yelerinde Bilin\u00e7li Anne Rol\u00fc \/ \u00d6zge Ayd\u0131n S\u0131dk\u00ee Baba \/ Muaz Erg\u00fc Otizm \u00dczerine Otobiyografik Bir Roman: D\u00f6rt Ayakl\u0131 Mucize \/ Funda \u00d6zsoy E. Serg\u00fcze\u015ft-\u0130 \u0130ran: Acem Diy\u00e2r\u0131na Gecikmi\u015f Bir Seyahat \/ Sevgi K\u00fcbra Akdemirel <\/p>\n","protected":false},"excerpt":{"rendered":"<p>\u0130lk S\u00f6\u011f\u00fct\u2019ten Bug\u00fcne \/ Nevzat K\u00f6so\u011flu S\u00f6\u011f\u00fct Yeniden \u00c7\u0131karken \/ Ahmet \u0130yioldu Saz G\u00f6\u011fs\u00fcne Yaslananda \/ Mehmet Ali Kalkan Bir Ser\u00fcven Olarak Okuma Kalemin Yazd\u0131\u011f\u0131 Ve<span class=\"excerpt-hellip\"> [\u2026]<\/span><\/p>\n","protected":false},"featured_media":0,"template":"","meta":{"_monsterinsights_skip_tracking":false,"_monsterinsights_sitenote_active":false,"_monsterinsights_sitenote_note":"","_monsterinsights_sitenote_category":0},"product_brand":[],"product_cat":[30023,13527],"product_tag":[],"class_list":{"0":"post-723064","1":"product","2":"type-product","3":"status-publish","5":"product_cat-edebiyat-sureli-yayinlar","6":"product_cat-sureli-yayinlar","7":"pa_cilt-ciltsiz","8":"pa_tur-dergi","9":"pa_yayinevi-otuken-nesriyat","10":"pa_yazar-kolektif","12":"first","13":"instock","14":"sale","15":"shipping-taxable","16":"purchasable","17":"product-type-simple"},"_links":{"self":[{"href":"https:\/\/roveyayinevi.com.tr\/index.php\/wp-json\/wp\/v2\/product\/723064","targetHints":{"allow":["GET"]}}],"collection":[{"href":"https:\/\/roveyayinevi.com.tr\/index.php\/wp-json\/wp\/v2\/product"}],"about":[{"href":"https:\/\/roveyayinevi.com.tr\/index.php\/wp-json\/wp\/v2\/types\/product"}],"wp:attachment":[{"href":"https:\/\/roveyayinevi.com.tr\/index.php\/wp-json\/wp\/v2\/media?parent=723064"}],"wp:term":[{"taxonomy":"product_brand","embeddable":true,"href":"https:\/\/roveyayinevi.com.tr\/index.php\/wp-json\/wp\/v2\/product_brand?post=723064"},{"taxonomy":"product_cat","embeddable":true,"href":"https:\/\/roveyayinevi.com.tr\/index.php\/wp-json\/wp\/v2\/product_cat?post=723064"},{"taxonomy":"product_tag","embeddable":true,"href":"https:\/\/roveyayinevi.com.tr\/index.php\/wp-json\/wp\/v2\/product_tag?post=723064"}],"curies":[{"name":"wp","href":"https:\/\/api.w.org\/{rel}","templated":true}]}}

Söğüt &#8211; Türk Edebiyatı Dergisi Sayı 01 Ocak &#8211; Şubat 2020

<p>İlk Söğüt’ten Bugüne / Nevzat Kösoğlu Söğüt Yeniden Çıkarken / Ahmet İyioldu Saz Göğsüne Yaslananda / Mehmet Ali Kalkan Bir Serüven Olarak Okuma Kalemin Yazdığı Ve Kaderin Yazdığı / Tekin Şener Lisana Hükmedebilmek / Berna Güzey Belki / Necdet Subaşı Sabır / Hüseyin Kaya İstanbul’u Bulmak / Elif Sabır Bir Tutam Bahârât / Ayşe Sâmiha Soylama 2 Prof. Dr. Metin Ekici İle Dede Korkut Kitabı Üzerine / Cengizhan Orakçı Dedem Korkut’u Camekândan Kurtarmak / Cengizhan Orakçı Ejderhayı Öldürmek Üzerine / Süleyman Çobanoğlu Yeni Gelişmeler Işığında Dede Korkut Kitabı / Necati Demir Dedem Korkut / Mustafa Ruhi Şirin Dede Korkut Kitabı Böyle Böyle Sebepsiz / Bahtiyar Aslan Bu Bir Yaradır / Sema Bayar Bir Kuş Uçumu / Emine Altınkaynak Acı Lokma / Misli Baydoğan Gıybet Meclisleri / Caner Çaylak Elbruz’a Veda / Asuman Güzelce Sana Dair / Süheyla Ağan Eski Bir Radyo / Leyla Şerif Emin Hicaz’a Giden Kimdi? / Sinan Terzi Baharın Sırına Arttırılmış Sone / Ali Günvar Zamirler Manzumesi / Berat Demirci Eylül Öksüz / Mehmet S. Fidancı Dedim Dedi / Hâfız-I Şîrâzî Sessiz Harpler / Hüseyin Akın Ece Nazire / Selami Mete Seyir Esnasında Zapta Geçirilen / Cengizhan Orakçı Kâşgarlı Bir Rüzgârın Elleri / Fatih Akça Devletlü Dertlere Abece / Anıl İbrahim Bakırcı Pardus / İsmail Orhan Sönmez Uçurtma Dilerim / Ayyüce Güloğlu Kuyudan / Maide Öztosun Gümüş Tezhipli Fahriye / Birdal Akar Kim Unudur, Unutsun Meni / Celil Cavanşir Hoşundu / İbrahim Daş Kutadgu Bilig / İsmail Atakan Çetiner Güz Telaşı / Fatma Aksu “Salkım/Salkımlı” Söğüt Ağacı / Mehmet Aycı Tarihöncesi Aklın Köklerle Birlikteliği / Metin Savaş Avrupa Türkleri Ve Edebiyatı / Alaattin Diker Öğretmen / Orhan Aras İsmail Bey Gaspıralı’nın Hikâyelerinde Bilinçli Anne Rolü / Özge Aydın Sıdkî Baba / Muaz Ergü Otizm Üzerine Otobiyografik Bir Roman: Dört Ayaklı Mucize / Funda Özsoy E. Sergüzeşt-İ İran: Acem Diyârına Gecikmiş Bir Seyahat / Sevgi Kübra Akdemirel </p>

<p>İlk Söğüt’ten Bugüne / Nevzat Kösoğlu Söğüt Yeniden Çıkarken / Ahmet İyioldu Saz Göğsüne Yaslananda / Mehmet Ali Kalkan Bir Serüven Olarak Okuma Kalemin Yazdığı Ve<span class="excerpt-hellip"> […]</span></p>
