{"id":723063,"date":"2025-08-27T19:13:23","date_gmt":"2025-08-27T16:13:23","guid":{"rendered":"https:\/\/roveyayinevi.com.tr\/index.php\/urun\/national-geographic-kids-inanilmaz-surungenler-ciltli\/"},"modified":"2026-04-16T02:31:00","modified_gmt":"2026-04-15T23:31:00","slug":"national-geographic-kids-inanilmaz-surungenler-ciltli","status":"publish","type":"product","link":"https:\/\/roveyayinevi.com.tr\/index.php\/urun\/national-geographic-kids-inanilmaz-surungenler-ciltli\/","title":{"rendered":"National Geographic Kids &#8211; \u0130nan\u0131lmaz S\u00fcr\u00fcngenler (Ciltli)"},"content":{"rendered":"<p>\u015eimdiye Kadar Haz\u0131rlam\u0131\u015f En Kapsaml\u0131 S\u00fcr\u00fcngen Kitab\u0131 \u0130nan\u0131lmaz S\u00fcr\u00fcngenler!   Engereklerden zebra kuyruklu kertenkelelere kadar, \u0130nan\u0131lmaz S\u00fcr\u00fcngenler kitab\u0131 s\u00fcr\u00fcngenler hakk\u0131nda bilmek istedi\u011finiz her \u015feyi i\u00e7eren bir kaynak. Kertenkeleler, y\u0131lanlar, solucan kertenkeleleri, tuataralar ve timsahlar\u0131n hepsi bu kitapta bir araya geliyor. Her sayfa onlar\u0131n bilimsel isimlerini, ya\u015fam alanlar\u0131n\u0131, ne yediklerini, davran\u0131\u015flar\u0131n\u0131 ve en son bilimsel ke\u015fifleri i\u00e7eriyor. Dikenler, pullar ve di\u015fler hakk\u0131ndaki e\u011flenceli bilgileri ve tamam\u0131 renkli foto\u011fraflar\u0131yla \u0130nan\u0131lmaz S\u00fcr\u00fcngenler d\u00fcnyam\u0131zda ya\u015fayan en kaygan ve pullu hayvanlarla dolu! <\/p>\n","protected":false},"excerpt":{"rendered":"<p>\u015eimdiye Kadar Haz\u0131rlam\u0131\u015f En Kapsaml\u0131 S\u00fcr\u00fcngen Kitab\u0131 \u0130nan\u0131lmaz S\u00fcr\u00fcngenler! Engereklerden zebra kuyruklu kertenkelelere kadar, \u0130nan\u0131lmaz S\u00fcr\u00fcngenler kitab\u0131 s\u00fcr\u00fcngenler hakk\u0131nda bilmek istedi\u011finiz her \u015feyi i\u00e7eren bir kaynak.<span class=\"excerpt-hellip\"> [\u2026]<\/span><\/p>\n","protected":false},"featured_media":0,"template":"","meta":{"_monsterinsights_skip_tracking":false,"_monsterinsights_sitenote_active":false,"_monsterinsights_sitenote_note":"","_monsterinsights_sitenote_category":0},"product_brand":[],"product_cat":[13829,12274],"product_tag":[],"class_list":{"0":"post-723063","1":"product","2":"type-product","3":"status-publish","5":"product_cat-bilimsel-kitaplar","6":"product_cat-cocuk-ve-genclik-kitaplari","7":"pa_cilt-ciltli","8":"pa_tur-kitap","9":"pa_yayinevi-beta-kids","10":"pa_yazar-christina-wilsdon","12":"first","13":"instock","14":"sale","15":"shipping-taxable","16":"purchasable","17":"product-type-simple"},"_links":{"self":[{"href":"https:\/\/roveyayinevi.com.tr\/index.php\/wp-json\/wp\/v2\/product\/723063","targetHints":{"allow":["GET"]}}],"collection":[{"href":"https:\/\/roveyayinevi.com.tr\/index.php\/wp-json\/wp\/v2\/product"}],"about":[{"href":"https:\/\/roveyayinevi.com.tr\/index.php\/wp-json\/wp\/v2\/types\/product"}],"wp:attachment":[{"href":"https:\/\/roveyayinevi.com.tr\/index.php\/wp-json\/wp\/v2\/media?parent=723063"}],"wp:term":[{"taxonomy":"product_brand","embeddable":true,"href":"https:\/\/roveyayinevi.com.tr\/index.php\/wp-json\/wp\/v2\/product_brand?post=723063"},{"taxonomy":"product_cat","embeddable":true,"href":"https:\/\/roveyayinevi.com.tr\/index.php\/wp-json\/wp\/v2\/product_cat?post=723063"},{"taxonomy":"product_tag","embeddable":true,"href":"https:\/\/roveyayinevi.com.tr\/index.php\/wp-json\/wp\/v2\/product_tag?post=723063"}],"curies":[{"name":"wp","href":"https:\/\/api.w.org\/{rel}","templated":true}]}}