{"id":723060,"date":"2025-08-27T19:13:20","date_gmt":"2025-08-27T16:13:20","guid":{"rendered":"https:\/\/roveyayinevi.com.tr\/index.php\/urun\/sanal-alemin-de-bir-hukuku-var\/"},"modified":"2026-04-16T02:31:00","modified_gmt":"2026-04-15T23:31:00","slug":"sanal-alemin-de-bir-hukuku-var","status":"publish","type":"product","link":"https:\/\/roveyayinevi.com.tr\/index.php\/urun\/sanal-alemin-de-bir-hukuku-var\/","title":{"rendered":"Sanal Alemin De Bir Hukuku Var!"},"content":{"rendered":"<p>&#8211; Su\u00e7 ile ifade \u00f6zg\u00fcrl\u00fc\u011f\u00fc aras\u0131ndaki s\u0131n\u0131r nas\u0131l belirlenir?- Kimlerin a\u011f\u0131r ele\u015ftirilere katlanma y\u00fck\u00fcml\u00fcl\u00fc\u011f\u00fc var?- Bas\u0131n \u00f6zg\u00fcrl\u00fc\u011f\u00fc sosyal medya faaliyeti kapsam\u0131nda da ge\u00e7erli mi?- Su\u00e7 i\u00e7erikli bir payla\u015f\u0131m\u0131 yeniden payla\u015fmak ya da be\u011fenmek su\u00e7 mu?- Ba\u015fkas\u0131na ait olan sanatsal veya d\u00fc\u015f\u00fcnsel bir \u00fcr\u00fcn\u00fcn kayna\u011f\u0131 belirtilmeksizin sosyal medyada yay\u0131mlanmas\u0131 su\u00e7 mu?- Sosyal medyada i\u015flenen su\u00e7lar nas\u0131l soru\u015fturulur?- Hangi sosyal medya al\u0131\u015fkanl\u0131klar\u0131 hukuki sorun  do\u011furabilir?- Kimli\u011fi belirsiz kullan\u0131c\u0131larla etkile\u015fimin hukuki sak\u0131ncas\u0131 var m\u0131?- Sosyal medya profiline payla\u015f\u0131mlar\u0131n sorumluluk do\u011furmayaca\u011f\u0131na dair uyar\u0131 yaz\u0131s\u0131 koyman\u0131n hukuki \u00f6nemi var m\u0131?- Sosyal medyada s\u0131kl\u0131kla i\u015flenen su\u00e7lar\u0131n unsurlar\u0131 nelerdir?- Sosyal medya faaliyetinden \u00f6t\u00fcr\u00fc soru\u015fturulan ki\u015finin hak ve y\u00fck\u00fcml\u00fcl\u00fckleri nelerdir?Bunlar ve daha bir\u00e7ok sorunun do\u011fru cevab\u0131 bu kitapta&#8230;<\/p>\n","protected":false},"excerpt":{"rendered":"<p>&#8211; Su\u00e7 ile ifade \u00f6zg\u00fcrl\u00fc\u011f\u00fc aras\u0131ndaki s\u0131n\u0131r nas\u0131l belirlenir?- Kimlerin a\u011f\u0131r ele\u015ftirilere katlanma y\u00fck\u00fcml\u00fcl\u00fc\u011f\u00fc var?- Bas\u0131n \u00f6zg\u00fcrl\u00fc\u011f\u00fc sosyal medya faaliyeti kapsam\u0131nda da ge\u00e7erli mi?- Su\u00e7 i\u00e7erikli<span class=\"excerpt-hellip\"> [\u2026]<\/span><\/p>\n","protected":false},"featured_media":0,"template":"","meta":{"_monsterinsights_skip_tracking":false,"_monsterinsights_sitenote_active":false,"_monsterinsights_sitenote_note":"","_monsterinsights_sitenote_category":0},"product_brand":[],"product_cat":[13772,12364],"product_tag":[],"class_list":{"0":"post-723060","1":"product","2":"type-product","3":"status-publish","5":"product_cat-basvuru-kitaplari","6":"product_cat-genel-konular","7":"pa_cilt-ciltsiz","8":"pa_tur-kitap","9":"pa_yayinevi-inkilap-kitabevi","10":"pa_yazar-ahmet-aslan","12":"first","13":"instock","14":"sale","15":"shipping-taxable","16":"purchasable","17":"product-type-simple"},"_links":{"self":[{"href":"https:\/\/roveyayinevi.com.tr\/index.php\/wp-json\/wp\/v2\/product\/723060","targetHints":{"allow":["GET"]}}],"collection":[{"href":"https:\/\/roveyayinevi.com.tr\/index.php\/wp-json\/wp\/v2\/product"}],"about":[{"href":"https:\/\/roveyayinevi.com.tr\/index.php\/wp-json\/wp\/v2\/types\/product"}],"wp:attachment":[{"href":"https:\/\/roveyayinevi.com.tr\/index.php\/wp-json\/wp\/v2\/media?parent=723060"}],"wp:term":[{"taxonomy":"product_brand","embeddable":true,"href":"https:\/\/roveyayinevi.com.tr\/index.php\/wp-json\/wp\/v2\/product_brand?post=723060"},{"taxonomy":"product_cat","embeddable":true,"href":"https:\/\/roveyayinevi.com.tr\/index.php\/wp-json\/wp\/v2\/product_cat?post=723060"},{"taxonomy":"product_tag","embeddable":true,"href":"https:\/\/roveyayinevi.com.tr\/index.php\/wp-json\/wp\/v2\/product_tag?post=723060"}],"curies":[{"name":"wp","href":"https:\/\/api.w.org\/{rel}","templated":true}]}}

<p>&#8211; Suç ile ifade özgürlüğü arasındaki sınır nasıl belirlenir?- Kimlerin ağır eleştirilere katlanma yükümlülüğü var?- Basın özgürlüğü sosyal medya faaliyeti kapsamında da geçerli mi?- Suç içerikli bir paylaşımı yeniden paylaşmak ya da beğenmek suç mu?- Başkasına ait olan sanatsal veya düşünsel bir ürünün kaynağı belirtilmeksizin sosyal medyada yayımlanması suç mu?- Sosyal medyada işlenen suçlar nasıl soruşturulur?- Hangi sosyal medya alışkanlıkları hukuki sorun  doğurabilir?- Kimliği belirsiz kullanıcılarla etkileşimin hukuki sakıncası var mı?- Sosyal medya profiline paylaşımların sorumluluk doğurmayacağına dair uyarı yazısı koymanın hukuki önemi var mı?- Sosyal medyada sıklıkla işlenen suçların unsurları nelerdir?- Sosyal medya faaliyetinden ötürü soruşturulan kişinin hak ve yükümlülükleri nelerdir?Bunlar ve daha birçok sorunun doğru cevabı bu kitapta&#8230;</p>

<p>&#8211; Suç ile ifade özgürlüğü arasındaki sınır nasıl belirlenir?- Kimlerin ağır eleştirilere katlanma yükümlülüğü var?- Basın özgürlüğü sosyal medya faaliyeti kapsamında da geçerli mi?- Suç içerikli<span class="excerpt-hellip"> […]</span></p>
