{"id":723039,"date":"2025-08-27T19:13:02","date_gmt":"2025-08-27T16:13:02","guid":{"rendered":"https:\/\/roveyayinevi.com.tr\/index.php\/urun\/icimizdeki-insanlar\/"},"modified":"2026-04-16T02:30:59","modified_gmt":"2026-04-15T23:30:59","slug":"icimizdeki-insanlar","status":"publish","type":"product","link":"https:\/\/roveyayinevi.com.tr\/index.php\/urun\/icimizdeki-insanlar\/","title":{"rendered":"\u0130\u00e7imizdeki \u0130nsanlar"},"content":{"rendered":"<p>\u201cAh ke\u015fke \u015fu pencerede ku\u015f olsam da neler konu\u015fuluyor bir duysam\u2026\u201d Terapi odas\u0131 sadece i\u00e7 d\u00f6kme yeri de\u011fildir. Dan\u0131\u015fan\u0131n neyi bilemedi\u011fini, g\u00f6remedi\u011fini veya hissedemedi\u011fini ke\u015ffetti\u011fi yerdir. Ke\u015ffettikten sonra anlamland\u0131rma mek\u00e2n\u0131d\u0131r. Samimi, i\u00e7ten, farkl\u0131 duygular\u0131n\u0131 payla\u015ft\u0131\u011f\u0131 bir ortamd\u0131r\u2026 Son a\u015famada da karar verip bu karar\u0131 cesaretle uygulayabilmek i\u00e7in destek ald\u0131\u011f\u0131 yerdir. Terapist ise her dan\u0131\u015fanla farkl\u0131 bir role b\u00fcr\u00fcn\u00fcr, farkl\u0131 ili\u015fkiler kurar, her hik\u00e2yede farkl\u0131 beceriler sergiler. Bu kitapta ya\u015famlar\u0131ndan kesitler aktar\u0131lan dokuz ki\u015finin hik\u00e2yesi yer al\u0131yor. Her biri hem yeti\u015fkin, hem \u00e7ocuk, hem cahil hem de bilge ayn\u0131 zamanda\u2026 Bilin\u00e7altlar\u0131 arac\u0131l\u0131\u011f\u0131yla konu\u015fmay\u0131 tercih ettiler. Terapist, regresyon tekni\u011fini farkl\u0131 terapi ekolleriyle harmanlay\u0131p onlar\u0131 dinledi\u2026 Son derece \u015fa\u015f\u0131rt\u0131c\u0131, heyecanl\u0131, sevgi dolu, bazen k\u0131r\u0131lgan, bazen h\u00fcz\u00fcnl\u00fc ancak kesinlikle d\u00f6n\u00fc\u015ft\u00fcr\u00fcc\u00fc hik\u00e2yeler canland\u0131 psikoterapi odas\u0131nda\u2026<\/p>\n","protected":false},"excerpt":{"rendered":"<p>\u201cAh ke\u015fke \u015fu pencerede ku\u015f olsam da neler konu\u015fuluyor bir duysam\u2026\u201d Terapi odas\u0131 sadece i\u00e7 d\u00f6kme yeri de\u011fildir. Dan\u0131\u015fan\u0131n neyi bilemedi\u011fini, g\u00f6remedi\u011fini veya hissedemedi\u011fini ke\u015ffetti\u011fi yerdir.<span class=\"excerpt-hellip\"> [\u2026]<\/span><\/p>\n","protected":false},"featured_media":0,"template":"","meta":{"_monsterinsights_skip_tracking":false,"_monsterinsights_sitenote_active":false,"_monsterinsights_sitenote_note":"","_monsterinsights_sitenote_category":0},"product_brand":[],"product_cat":[12358,12357],"product_tag":[],"class_list":{"0":"post-723039","1":"product","2":"type-product","3":"status-publish","5":"product_cat-genel-psikoloji","6":"product_cat-psikoloji","7":"pa_cilt-ciltsiz","8":"pa_tur-kitap","9":"pa_yayinevi-remzi-kitabevi","10":"pa_yazar-seniz-unal","12":"first","13":"instock","14":"sale","15":"shipping-taxable","16":"purchasable","17":"product-type-simple"},"_links":{"self":[{"href":"https:\/\/roveyayinevi.com.tr\/index.php\/wp-json\/wp\/v2\/product\/723039","targetHints":{"allow":["GET"]}}],"collection":[{"href":"https:\/\/roveyayinevi.com.tr\/index.php\/wp-json\/wp\/v2\/product"}],"about":[{"href":"https:\/\/roveyayinevi.com.tr\/index.php\/wp-json\/wp\/v2\/types\/product"}],"wp:attachment":[{"href":"https:\/\/roveyayinevi.com.tr\/index.php\/wp-json\/wp\/v2\/media?parent=723039"}],"wp:term":[{"taxonomy":"product_brand","embeddable":true,"href":"https:\/\/roveyayinevi.com.tr\/index.php\/wp-json\/wp\/v2\/product_brand?post=723039"},{"taxonomy":"product_cat","embeddable":true,"href":"https:\/\/roveyayinevi.com.tr\/index.php\/wp-json\/wp\/v2\/product_cat?post=723039"},{"taxonomy":"product_tag","embeddable":true,"href":"https:\/\/roveyayinevi.com.tr\/index.php\/wp-json\/wp\/v2\/product_tag?post=723039"}],"curies":[{"name":"wp","href":"https:\/\/api.w.org\/{rel}","templated":true}]}}