{"id":723037,"date":"2025-08-27T19:13:00","date_gmt":"2025-08-27T16:13:00","guid":{"rendered":"https:\/\/roveyayinevi.com.tr\/index.php\/urun\/karanliktaki-kiz\/"},"modified":"2026-04-16T02:30:59","modified_gmt":"2026-04-15T23:30:59","slug":"karanliktaki-kiz","status":"publish","type":"product","link":"https:\/\/roveyayinevi.com.tr\/index.php\/urun\/karanliktaki-kiz\/","title":{"rendered":"Karanl\u0131ktaki K\u0131z"},"content":{"rendered":"<p>\u0130mk\u00e2ns\u0131z hayatlar ya\u015fayanlar,  tek bir umut k\u0131r\u0131nt\u0131s\u0131 i\u00e7in bile sabretmeyi bilir.   \u201c\u00c7\u00f6lde \u00f6lmek \u00fczere bir yolcu nas\u0131l h\u00e2l\u00e2 onu kurtarabilecek bir damla suyun par\u0131lt\u0131s\u0131n\u0131 g\u00f6rebilmeyi bekliyorsa, ben de tek bir \u0131\u015f\u0131k zerresinin bile olmad\u0131\u011f\u0131 bir yerin umuduyla yan\u0131p tutu\u015fuyorum. Sanki zaman\u0131n i\u00e7inde gizli bir kap\u0131 a\u00e7\u0131p kendimi karanl\u0131k bir ge\u00e7itte bulmu\u015fum ve \u015fimdi de \u00e7\u0131k\u0131\u015f\u0131 bulam\u0131yorum.\u201d   Karanl\u0131ktaki k\u0131z t\u0131pk\u0131 senin gibi, sadece o, \u00fczerine bir ev giymek zorunda. Peki, bu evin i\u00e7inde ya\u015fayan nedir? Sessizce hareket eden, bunalan ve arada bir odadan odaya gezen, g\u00fczelim d\u0131\u015f kap\u0131y\u0131 sonuna kadar a\u00e7\u0131k g\u00f6rd\u00fc\u011f\u00fcnde ya da \u0131\u015f\u0131klar\u0131n ne\u015feyle oyna\u015ft\u0131\u011f\u0131n\u0131 fark etti\u011finde deh\u015fetle ka\u00e7an bir insan.   En verimli \u00e7a\u011f\u0131nda, bir toplu i\u011fne ba\u015f\u0131 kadar \u0131\u015f\u0131\u011f\u0131n bile s\u0131zmad\u0131\u011f\u0131 bir odada ya\u015famak zorunda oldu\u011funu \u00f6\u011frendi. Kendine ya karanl\u0131kta bir d\u00fcnya kuracakt\u0131 ya da karanl\u0131\u011fa yenilecek, ya\u015famaktan vazge\u00e7ecekti. Hastal\u0131klar, s\u0131radan gaddarl\u0131klar\u0131yla bize irademizin s\u0131n\u0131rlar\u0131n\u0131 hat\u0131rlat\u0131r ve eninde sonunda, tek bir se\u00e7im yapman\u0131z gerekir: Ist\u0131rap \u00e7ekerken iyi olmak ya da k\u00f6t\u00fc olmak.   \u0130mk\u00e2ns\u0131z hayatlar ya\u015fayanlar, tek bir umut k\u0131r\u0131nt\u0131s\u0131 i\u00e7in bile sabretmeyi bilir.   Ger\u00e7ek bir hik\u00e2ye. <\/p>\n","protected":false},"excerpt":{"rendered":"<p>\u0130mk\u00e2ns\u0131z hayatlar ya\u015fayanlar, tek bir umut k\u0131r\u0131nt\u0131s\u0131 i\u00e7in bile sabretmeyi bilir. \u201c\u00c7\u00f6lde \u00f6lmek \u00fczere bir yolcu nas\u0131l h\u00e2l\u00e2 onu kurtarabilecek bir damla suyun par\u0131lt\u0131s\u0131n\u0131 g\u00f6rebilmeyi bekliyorsa,<span class=\"excerpt-hellip\"> [\u2026]<\/span><\/p>\n","protected":false},"featured_media":0,"template":"","meta":{"_monsterinsights_skip_tracking":false,"_monsterinsights_sitenote_active":false,"_monsterinsights_sitenote_note":"","_monsterinsights_sitenote_category":0},"product_brand":[],"product_cat":[12291,12711],"product_tag":[],"class_list":{"0":"post-723037","1":"product","2":"type-product","3":"status-publish","5":"product_cat-edebiyat","6":"product_cat-roman-oyku","7":"pa_cilt-ciltsiz","8":"pa_tur-kitap","9":"pa_yayinevi-hayykitap","10":"pa_yazar-anna-lyndsey","12":"first","13":"instock","14":"sale","15":"shipping-taxable","16":"purchasable","17":"product-type-simple"},"_links":{"self":[{"href":"https:\/\/roveyayinevi.com.tr\/index.php\/wp-json\/wp\/v2\/product\/723037","targetHints":{"allow":["GET"]}}],"collection":[{"href":"https:\/\/roveyayinevi.com.tr\/index.php\/wp-json\/wp\/v2\/product"}],"about":[{"href":"https:\/\/roveyayinevi.com.tr\/index.php\/wp-json\/wp\/v2\/types\/product"}],"wp:attachment":[{"href":"https:\/\/roveyayinevi.com.tr\/index.php\/wp-json\/wp\/v2\/media?parent=723037"}],"wp:term":[{"taxonomy":"product_brand","embeddable":true,"href":"https:\/\/roveyayinevi.com.tr\/index.php\/wp-json\/wp\/v2\/product_brand?post=723037"},{"taxonomy":"product_cat","embeddable":true,"href":"https:\/\/roveyayinevi.com.tr\/index.php\/wp-json\/wp\/v2\/product_cat?post=723037"},{"taxonomy":"product_tag","embeddable":true,"href":"https:\/\/roveyayinevi.com.tr\/index.php\/wp-json\/wp\/v2\/product_tag?post=723037"}],"curies":[{"name":"wp","href":"https:\/\/api.w.org\/{rel}","templated":true}]}}