{"id":723031,"date":"2025-08-27T19:12:56","date_gmt":"2025-08-27T16:12:56","guid":{"rendered":"https:\/\/roveyayinevi.com.tr\/index.php\/urun\/turlerin-kokeni-ciltli\/"},"modified":"2026-04-16T02:30:59","modified_gmt":"2026-04-15T23:30:59","slug":"turlerin-kokeni-ciltli","status":"publish","type":"product","link":"https:\/\/roveyayinevi.com.tr\/index.php\/urun\/turlerin-kokeni-ciltli\/","title":{"rendered":"T\u00fcrlerin K\u00f6keni (Ciltli)"},"content":{"rendered":"<p>2019 Waterstones Y\u0131l\u0131n Kitab\u0131 \u00d6d\u00fcl\u00fc Finalisti 2019 North Somerset Teachers Kitap \u00d6d\u00fcl\u00fc Aday\u0131   T\u00fcrlerin g\u00f6z al\u0131c\u0131 \u00e7e\u015fitlili\u011finden hayatta kalma m\u00fccadelelerine, en k\u00fc\u00e7\u00fck bakteriden ulu Ya\u015fam A\u011fac\u0131\u2019na: Charles Darwin&#8217;in \u00fcnl\u00fc eserinin bu ola\u011fan\u00fcst\u00fc uyarlamas\u0131yla, d\u00fcnyay\u0131 tamamen de\u011fi\u015ftirmi\u015f devrim niteli\u011findeki bir kuram\u0131, Evrim\u2019i her y\u00f6n\u00fcyle anlayacaks\u0131n\u0131z.   \u201cDarwin\u2019in \u00fcnl\u00fc eseri T\u00fcrlerin K\u00f6keni\u2019ni harika bir sunum ve \u00e7izimler e\u015fli\u011finde yeniden anlatan b\u00fcy\u00fcleyici bir resimli kitap.\u201d Guardian   &#8220;Hayat dolu\u2026Her okulda, her k\u00fct\u00fcphanede bulunmal\u0131.\u201d Bookseller   &#8220;Sabina\u2019n\u0131n bilim ve \u00e7izime olan tutkusu, bu kar\u015f\u0131 konulmaz g\u00fczellikteki kitapta bir araya geliyor. \u00d6nce Darwin&#8217;in \u00e7al\u0131\u015fmalar\u0131n\u0131 s\u00fcz\u00fcyor, sonra onlar\u0131 inan\u0131lmaz bir anla\u015f\u0131l\u0131rl\u0131\u011fa ve sunuma kavu\u015fturuyor.&#8221; Sophy Henn    &#8220;Olabilecek en g\u00fczel \u015fekilde ortaya konmu\u015f \u00e7ok \u00f6nemli bir \u00e7al\u0131\u015fma.&#8221; Emma Darwin, yazar, Charles Darwin\u2019in torununun torunu <\/p>\n","protected":false},"excerpt":{"rendered":"<p>2019 Waterstones Y\u0131l\u0131n Kitab\u0131 \u00d6d\u00fcl\u00fc Finalisti 2019 North Somerset Teachers Kitap \u00d6d\u00fcl\u00fc Aday\u0131 T\u00fcrlerin g\u00f6z al\u0131c\u0131 \u00e7e\u015fitlili\u011finden hayatta kalma m\u00fccadelelerine, en k\u00fc\u00e7\u00fck bakteriden ulu Ya\u015fam A\u011fac\u0131\u2019na:<span class=\"excerpt-hellip\"> [\u2026]<\/span><\/p>\n","protected":false},"featured_media":0,"template":"","meta":{"_monsterinsights_skip_tracking":false,"_monsterinsights_sitenote_active":false,"_monsterinsights_sitenote_note":"","_monsterinsights_sitenote_category":0},"product_brand":[],"product_cat":[13829,12274],"product_tag":[],"class_list":{"0":"post-723031","1":"product","2":"type-product","3":"status-publish","5":"product_cat-bilimsel-kitaplar","6":"product_cat-cocuk-ve-genclik-kitaplari","7":"pa_cilt-ciltli","8":"pa_tur-kitap","9":"pa_yayinevi-domingo-yayinevi","10":"pa_yazar-charles-darwin","12":"first","13":"instock","14":"sale","15":"shipping-taxable","16":"purchasable","17":"product-type-simple"},"_links":{"self":[{"href":"https:\/\/roveyayinevi.com.tr\/index.php\/wp-json\/wp\/v2\/product\/723031","targetHints":{"allow":["GET"]}}],"collection":[{"href":"https:\/\/roveyayinevi.com.tr\/index.php\/wp-json\/wp\/v2\/product"}],"about":[{"href":"https:\/\/roveyayinevi.com.tr\/index.php\/wp-json\/wp\/v2\/types\/product"}],"wp:attachment":[{"href":"https:\/\/roveyayinevi.com.tr\/index.php\/wp-json\/wp\/v2\/media?parent=723031"}],"wp:term":[{"taxonomy":"product_brand","embeddable":true,"href":"https:\/\/roveyayinevi.com.tr\/index.php\/wp-json\/wp\/v2\/product_brand?post=723031"},{"taxonomy":"product_cat","embeddable":true,"href":"https:\/\/roveyayinevi.com.tr\/index.php\/wp-json\/wp\/v2\/product_cat?post=723031"},{"taxonomy":"product_tag","embeddable":true,"href":"https:\/\/roveyayinevi.com.tr\/index.php\/wp-json\/wp\/v2\/product_tag?post=723031"}],"curies":[{"name":"wp","href":"https:\/\/api.w.org\/{rel}","templated":true}]}}