{"id":723030,"date":"2025-08-27T19:12:55","date_gmt":"2025-08-27T16:12:55","guid":{"rendered":"https:\/\/roveyayinevi.com.tr\/index.php\/urun\/ulug-turkistandan-anadoluya-turk-destanlari-1\/"},"modified":"2026-04-16T02:30:59","modified_gmt":"2026-04-15T23:30:59","slug":"ulug-turkistandan-anadoluya-turk-destanlari-1","status":"publish","type":"product","link":"https:\/\/roveyayinevi.com.tr\/index.php\/urun\/ulug-turkistandan-anadoluya-turk-destanlari-1\/","title":{"rendered":"Ulu\u011f T\u00fcrkistan\u2019dan Anadolu\u2019ya T\u00fcrk Destanlar\u0131 &#8211; 1"},"content":{"rendered":"<p>Milletleri derinden etkileyen tarih\u00ee ve sosyal olaylar\u0131 anlatan \u00e7o\u011funlukla manzum \u015fekilde olan edeb\u00ee eserlere \u201cdestan\u201d denir. Biz T\u00fcrk milleti olarak \u201cDestan\u0131 \u00f6ks\u00fcz, s\u00fck\u00fbtu derin\u201d bir milletiz. Yunan mitolojisinin en ince ayr\u0131nt\u0131lar\u0131na kadar edebiyat\u0131m\u0131zda ve sanat\u0131m\u0131zda yer vermeyi \u201cBat\u0131\u2019y\u0131 taklidi g\u0131pta ile yerine getirirken T\u00fcrk destanlar\u0131ndaki yi\u011fitlik sembol\u00fc Alplerin, \u0131\u015f\u0131ktan yarat\u0131lm\u0131\u015f iffet timsali kad\u0131nlar\u0131n, insani karakter kazanm\u0131\u015f atlar\u0131n, efsunlu pusatlar\u0131n, a\u011fa\u00e7, su, \u0131\u015f\u0131k, toprak, da\u011f\u2026\u201d gibi tabiat varl\u0131klar\u0131n\u0131n T\u00fcrk d\u00fcnya g\u00f6r\u00fc\u015f\u00fc ve esatirindeki fevkalade konumlar\u0131n\u0131, hepsinden \u00f6te T\u00fcrk\u00e7enin asil sadeli\u011fi i\u00e7inde gizlenmi\u015f heybetli g\u00fczelli\u011fini ve g\u00fcc\u00fcn\u00fc ne kadar ihmal ediyoruz! \u201cUlu\u011f T\u00fcrkistan\u2019dan Anadolu\u2019ya T\u00fcrk Destanlar\u0131-1\u201d adl\u0131 bu eser, sanat ve edebiyat\u0131m\u0131zdaki bu s\u00fck\u00fbtu bozmam\u0131z gerekti\u011fine dair yap\u0131lm\u0131\u015f bir tahlil \u00e7al\u0131\u015fmas\u0131d\u0131r. Amac\u0131m\u0131z, d\u00fcnyan\u0131n her taraf\u0131na da\u011f\u0131lm\u0131\u015f ve bir\u00e7oklar\u0131 unutulmaya y\u00fcz tutmu\u015f T\u00fcrk destanlar\u0131m\u0131z\u0131 \u00f6ks\u00fczl\u00fckten kurtarmak, T\u00fcrk insan\u0131na \u00f6z\u00fcm\u00fcz\u00fc, yani destanlar\u0131m\u0131z\u0131 anlatmakt\u0131r.<\/p>\n","protected":false},"excerpt":{"rendered":"<p>Milletleri derinden etkileyen tarih\u00ee ve sosyal olaylar\u0131 anlatan \u00e7o\u011funlukla manzum \u015fekilde olan edeb\u00ee eserlere \u201cdestan\u201d denir. Biz T\u00fcrk milleti olarak \u201cDestan\u0131 \u00f6ks\u00fcz, s\u00fck\u00fbtu derin\u201d bir milletiz.<span class=\"excerpt-hellip\"> [\u2026]<\/span><\/p>\n","protected":false},"featured_media":0,"template":"","meta":{"_monsterinsights_skip_tracking":false,"_monsterinsights_sitenote_active":false,"_monsterinsights_sitenote_note":"","_monsterinsights_sitenote_category":0},"product_brand":[],"product_cat":[12291,13706],"product_tag":[],"class_list":{"0":"post-723030","1":"product","2":"type-product","3":"status-publish","5":"product_cat-edebiyat","6":"product_cat-efsane-destan-masal","7":"pa_cilt-ciltsiz","8":"pa_tur-kitap","9":"pa_yayinevi-sinova-yayincilik","10":"pa_yazar-selcuk-silsupur","12":"first","13":"instock","14":"sale","15":"shipping-taxable","16":"purchasable","17":"product-type-simple"},"_links":{"self":[{"href":"https:\/\/roveyayinevi.com.tr\/index.php\/wp-json\/wp\/v2\/product\/723030","targetHints":{"allow":["GET"]}}],"collection":[{"href":"https:\/\/roveyayinevi.com.tr\/index.php\/wp-json\/wp\/v2\/product"}],"about":[{"href":"https:\/\/roveyayinevi.com.tr\/index.php\/wp-json\/wp\/v2\/types\/product"}],"wp:attachment":[{"href":"https:\/\/roveyayinevi.com.tr\/index.php\/wp-json\/wp\/v2\/media?parent=723030"}],"wp:term":[{"taxonomy":"product_brand","embeddable":true,"href":"https:\/\/roveyayinevi.com.tr\/index.php\/wp-json\/wp\/v2\/product_brand?post=723030"},{"taxonomy":"product_cat","embeddable":true,"href":"https:\/\/roveyayinevi.com.tr\/index.php\/wp-json\/wp\/v2\/product_cat?post=723030"},{"taxonomy":"product_tag","embeddable":true,"href":"https:\/\/roveyayinevi.com.tr\/index.php\/wp-json\/wp\/v2\/product_tag?post=723030"}],"curies":[{"name":"wp","href":"https:\/\/api.w.org\/{rel}","templated":true}]}}