{"id":723011,"date":"2025-08-27T19:12:07","date_gmt":"2025-08-27T16:12:07","guid":{"rendered":"https:\/\/roveyayinevi.com.tr\/index.php\/urun\/evlenmeden-once-boyle-degildin\/"},"modified":"2026-04-16T02:30:58","modified_gmt":"2026-04-15T23:30:58","slug":"evlenmeden-once-boyle-degildin","status":"publish","type":"product","link":"https:\/\/roveyayinevi.com.tr\/index.php\/urun\/evlenmeden-once-boyle-degildin\/","title":{"rendered":"Evlenmeden \u00d6nce B\u00f6yle De\u011fildin"},"content":{"rendered":"<p>&#8220;Evlenmeden \u00f6nceki sevgilimi, e\u015fimi ar\u0131yorum.&#8221; &#8220;Acaba ben yanl\u0131\u015f insanla m\u0131 evlendim? &#8220;Hayal mi g\u00f6r\u00fcyorum!&#8221; &#8220;Hay\u0131r, nas\u0131l olur? Sen kimsin?&#8221; &#8220;Ben mi yan\u0131l\u0131yorum, r\u00fcya m\u0131 g\u00f6r\u00fcyorum?&#8221; \u015feklindeki hayretle, \u015fa\u015fk\u0131nl\u0131kla kar\u0131\u015f\u0131k ifadeleri bir\u00e7ok evli insandan duydum ve b\u00f6yle bir \u00e7al\u0131\u015fman\u0131n ihtiyac\u0131n\u0131 hissettim. &#8230; \u0130yi g\u00fcnde, k\u00f6t\u00fc g\u00fcnde yan\u0131nda olaca\u011f\u0131m\u0131z e\u015fimizle aram\u0131zda setler olu\u015fmu\u015fsa, bunun nedenlerini, n&#8217;i\u00e7inlerini \u00f6nce kendimizi sorgulayarak, kendimizi onun yerine koyarak ara\u015ft\u0131rmal\u0131y\u0131z. Elinizdeki kitapta, evlilikte ya\u015fanan sorunlar, nedenleri ve \u00e7\u0131k\u0131\u015f yollar\u0131 konusunda mesleki birikimlerimin sonu\u00e7lar\u0131n\u0131 okuyacaks\u0131n\u0131z. Kendinizle y\u00fczle\u015fecek ve duygusal dilinizi devreye sokarak nas\u0131l \u00e7\u00f6z\u00fcmler bulabildi\u011finizi g\u00f6receksiniz.<\/p>\n","protected":false},"excerpt":{"rendered":"<p>&#8220;Evlenmeden \u00f6nceki sevgilimi, e\u015fimi ar\u0131yorum.&#8221; &#8220;Acaba ben yanl\u0131\u015f insanla m\u0131 evlendim? &#8220;Hayal mi g\u00f6r\u00fcyorum!&#8221; &#8220;Hay\u0131r, nas\u0131l olur? Sen kimsin?&#8221; &#8220;Ben mi yan\u0131l\u0131yorum, r\u00fcya m\u0131 g\u00f6r\u00fcyorum?&#8221; \u015feklindeki<span class=\"excerpt-hellip\"> [\u2026]<\/span><\/p>\n","protected":false},"featured_media":0,"template":"","meta":{"_monsterinsights_skip_tracking":false,"_monsterinsights_sitenote_active":false,"_monsterinsights_sitenote_note":"","_monsterinsights_sitenote_category":0},"product_brand":[],"product_cat":[12831,12324],"product_tag":[],"class_list":{"0":"post-723011","1":"product","2":"type-product","3":"status-publish","5":"product_cat-aile-ve-cocuk","6":"product_cat-sosyoloji","7":"pa_cilt-ciltsiz","8":"pa_tur-kitap","9":"pa_yayinevi-nesil-yayinlari","10":"pa_yazar-nihat-kaya","12":"first","13":"instock","14":"sale","15":"shipping-taxable","16":"purchasable","17":"product-type-simple"},"_links":{"self":[{"href":"https:\/\/roveyayinevi.com.tr\/index.php\/wp-json\/wp\/v2\/product\/723011","targetHints":{"allow":["GET"]}}],"collection":[{"href":"https:\/\/roveyayinevi.com.tr\/index.php\/wp-json\/wp\/v2\/product"}],"about":[{"href":"https:\/\/roveyayinevi.com.tr\/index.php\/wp-json\/wp\/v2\/types\/product"}],"wp:attachment":[{"href":"https:\/\/roveyayinevi.com.tr\/index.php\/wp-json\/wp\/v2\/media?parent=723011"}],"wp:term":[{"taxonomy":"product_brand","embeddable":true,"href":"https:\/\/roveyayinevi.com.tr\/index.php\/wp-json\/wp\/v2\/product_brand?post=723011"},{"taxonomy":"product_cat","embeddable":true,"href":"https:\/\/roveyayinevi.com.tr\/index.php\/wp-json\/wp\/v2\/product_cat?post=723011"},{"taxonomy":"product_tag","embeddable":true,"href":"https:\/\/roveyayinevi.com.tr\/index.php\/wp-json\/wp\/v2\/product_tag?post=723011"}],"curies":[{"name":"wp","href":"https:\/\/api.w.org\/{rel}","templated":true}]}}