{"id":723009,"date":"2025-08-27T19:12:05","date_gmt":"2025-08-27T16:12:05","guid":{"rendered":"https:\/\/roveyayinevi.com.tr\/index.php\/urun\/sol-yanim-aciyor-anne\/"},"modified":"2026-04-16T02:30:58","modified_gmt":"2026-04-15T23:30:58","slug":"sol-yanim-aciyor-anne","status":"publish","type":"product","link":"https:\/\/roveyayinevi.com.tr\/index.php\/urun\/sol-yanim-aciyor-anne\/","title":{"rendered":"Sol Yan\u0131m Ac\u0131yor Anne"},"content":{"rendered":"<p>Sol Yan\u0131m Ac\u0131yor Anne T\u00fcrkiye\u2019de insanlar\u0131n \u00e7ocuk d\u00fcnyas\u0131na seslenmi\u015f ve ac\u0131n\u0131n \u00e7ocuk \u00fczerinden seslendirildi\u011finde nas\u0131l bir yara \u00fcst\u00fc yara oldu\u011funa her dinleyende, g\u00f6zya\u015flar\u0131 \u015fahitlik etmi\u015ftir.\u015eimdi, benim seslendirerek y\u00fcrek verdi\u011fim Ayla Aydemir karde\u015fime, siz de okuyarak destek verdiniz.Bedirhan G\u00f6k\u00e7eAyla Aydemir\u2019in \u015fiiri \u201ci\u00e7inden geldi\u011fi gibi\u201d bir \u015fiir. Beni ve \u00e7ok say\u0131da \u015fiir severi san\u0131r\u0131m bunun i\u00e7in etkiliyor. Hangi t\u00fcrde olursa olsun, sanatta \u201chakikilik\u201d meselesi hep k\u0131ymetli olmu\u015ftur.\u0130brahim SadriKimi insan k\u00f6hne, virane ve kimi \u015fairse g\u00f6rkemli bir k\u00f6\u015fk kurar kelimelerden&#8230; Selam olsun h\u00fcz\u00fcnden saraylar in\u015fa eden Ayla Aydemir karde\u015fime.Aykut Ku\u015fkayaSol yan\u0131m\u0131zda heyecan dolu bir ku\u015f \u00e7\u0131rp\u0131n\u0131r da, i\u015f g\u00fc\u00e7 me\u015fgale derken duymaz oluruz onun sesini, unuturuz hayat\u0131n inceliklerini. \u0130\u015fte tam da o anda Ayla Aydemir\u2019in \u015fiirleri yeti\u015fir imdada&#8230;\u0130kbal G\u00fcrp\u0131nar<\/p>\n","protected":false},"excerpt":{"rendered":"<p>Sol Yan\u0131m Ac\u0131yor Anne T\u00fcrkiye\u2019de insanlar\u0131n \u00e7ocuk d\u00fcnyas\u0131na seslenmi\u015f ve ac\u0131n\u0131n \u00e7ocuk \u00fczerinden seslendirildi\u011finde nas\u0131l bir yara \u00fcst\u00fc yara oldu\u011funa her dinleyende, g\u00f6zya\u015flar\u0131 \u015fahitlik etmi\u015ftir.\u015eimdi, benim<span class=\"excerpt-hellip\"> [\u2026]<\/span><\/p>\n","protected":false},"featured_media":0,"template":"","meta":{"_monsterinsights_skip_tracking":false,"_monsterinsights_sitenote_active":false,"_monsterinsights_sitenote_note":"","_monsterinsights_sitenote_category":0},"product_brand":[],"product_cat":[12291,12509],"product_tag":[],"class_list":{"0":"post-723009","1":"product","2":"type-product","3":"status-publish","5":"product_cat-edebiyat","6":"product_cat-siir","7":"pa_cilt-ciltsiz","8":"pa_tur-kitap","9":"pa_yayinevi-nesil-yayinlari","10":"pa_yazar-ayla-aydemir","12":"first","13":"instock","14":"sale","15":"shipping-taxable","16":"purchasable","17":"product-type-simple"},"_links":{"self":[{"href":"https:\/\/roveyayinevi.com.tr\/index.php\/wp-json\/wp\/v2\/product\/723009","targetHints":{"allow":["GET"]}}],"collection":[{"href":"https:\/\/roveyayinevi.com.tr\/index.php\/wp-json\/wp\/v2\/product"}],"about":[{"href":"https:\/\/roveyayinevi.com.tr\/index.php\/wp-json\/wp\/v2\/types\/product"}],"wp:attachment":[{"href":"https:\/\/roveyayinevi.com.tr\/index.php\/wp-json\/wp\/v2\/media?parent=723009"}],"wp:term":[{"taxonomy":"product_brand","embeddable":true,"href":"https:\/\/roveyayinevi.com.tr\/index.php\/wp-json\/wp\/v2\/product_brand?post=723009"},{"taxonomy":"product_cat","embeddable":true,"href":"https:\/\/roveyayinevi.com.tr\/index.php\/wp-json\/wp\/v2\/product_cat?post=723009"},{"taxonomy":"product_tag","embeddable":true,"href":"https:\/\/roveyayinevi.com.tr\/index.php\/wp-json\/wp\/v2\/product_tag?post=723009"}],"curies":[{"name":"wp","href":"https:\/\/api.w.org\/{rel}","templated":true}]}}