{"id":722953,"date":"2025-08-27T19:11:18","date_gmt":"2025-08-27T16:11:18","guid":{"rendered":"https:\/\/roveyayinevi.com.tr\/index.php\/urun\/kacakci\/"},"modified":"2026-04-16T02:30:57","modified_gmt":"2026-04-15T23:30:57","slug":"kacakci","status":"publish","type":"product","link":"https:\/\/roveyayinevi.com.tr\/index.php\/urun\/kacakci\/","title":{"rendered":"Ka\u00e7ak\u00e7\u0131"},"content":{"rendered":"<p>Herkes onun vicdan\u0131n\u0131 yitirmi\u015f, g\u00f6z\u00fc d\u00f6nm\u00fc\u015f bir adam oldu\u011funu s\u00f6yledi. Beni kulland\u0131\u011f\u0131n\u0131, s\u0131rf g\u00fc\u00e7 u\u011fruna beni harcayaca\u011f\u0131n\u0131 s\u00f6yledi. Kimseye inanmad\u0131m. Onu sevdim, \u00e7ocuklu\u011fum da d\u00e2hil, asla onun s\u00f6ylendi\u011fi gibi bir adam oldu\u011funu kabullenemedik. Tutunacak bir dal buldu\u011fumu sand\u0131m ama yan\u0131ld\u0131m; dal k\u0131r\u0131ld\u0131, k\u0131r\u0131lan par\u00e7a g\u00f6\u011f\u00fcs kafesime sapland\u0131. Sonra bir adam tan\u0131d\u0131m; Teni yang\u0131n, Ruhu k\u00fcl, G\u00f6zleri cehennem, G\u00fcl\u00fc\u015f\u00fc araft\u0131. O g\u00fcnden sonra zaman sanki tersine d\u00f6nd\u00fc, akrep ve yelkovan birbirini katletti. G\u00f6z\u00fcmde b\u00fcy\u00fctt\u00fc\u011f\u00fcm herkes, g\u00f6zlerimde ki ya\u015f\u0131 ak\u0131ta ak\u0131ta gitti. Ve ben,\u00f6z\u00fc g\u00f6vdesinden \u00e7ekilmi\u015f bir a\u011faca d\u00f6nd\u00fcm; Kurudum, b\u00fck\u00fcld\u00fcm, k\u0131r\u0131ld\u0131m\u2026<\/p>\n","protected":false},"excerpt":{"rendered":"<p>Herkes onun vicdan\u0131n\u0131 yitirmi\u015f, g\u00f6z\u00fc d\u00f6nm\u00fc\u015f bir adam oldu\u011funu s\u00f6yledi. Beni kulland\u0131\u011f\u0131n\u0131, s\u0131rf g\u00fc\u00e7 u\u011fruna beni harcayaca\u011f\u0131n\u0131 s\u00f6yledi. Kimseye inanmad\u0131m. Onu sevdim, \u00e7ocuklu\u011fum da d\u00e2hil, asla<span class=\"excerpt-hellip\"> [\u2026]<\/span><\/p>\n","protected":false},"featured_media":0,"template":"","meta":{"_monsterinsights_skip_tracking":false,"_monsterinsights_sitenote_active":false,"_monsterinsights_sitenote_note":"","_monsterinsights_sitenote_category":0},"product_brand":[],"product_cat":[12291,12711],"product_tag":[],"class_list":{"0":"post-722953","1":"product","2":"type-product","3":"status-publish","5":"product_cat-edebiyat","6":"product_cat-roman-oyku","7":"pa_cilt-ciltsiz","8":"pa_tur-kitap","9":"pa_yayinevi-herdem-kitap","10":"pa_yazar-gonca-ince-genis","12":"first","13":"instock","14":"sale","15":"shipping-taxable","16":"purchasable","17":"product-type-simple"},"_links":{"self":[{"href":"https:\/\/roveyayinevi.com.tr\/index.php\/wp-json\/wp\/v2\/product\/722953","targetHints":{"allow":["GET"]}}],"collection":[{"href":"https:\/\/roveyayinevi.com.tr\/index.php\/wp-json\/wp\/v2\/product"}],"about":[{"href":"https:\/\/roveyayinevi.com.tr\/index.php\/wp-json\/wp\/v2\/types\/product"}],"wp:attachment":[{"href":"https:\/\/roveyayinevi.com.tr\/index.php\/wp-json\/wp\/v2\/media?parent=722953"}],"wp:term":[{"taxonomy":"product_brand","embeddable":true,"href":"https:\/\/roveyayinevi.com.tr\/index.php\/wp-json\/wp\/v2\/product_brand?post=722953"},{"taxonomy":"product_cat","embeddable":true,"href":"https:\/\/roveyayinevi.com.tr\/index.php\/wp-json\/wp\/v2\/product_cat?post=722953"},{"taxonomy":"product_tag","embeddable":true,"href":"https:\/\/roveyayinevi.com.tr\/index.php\/wp-json\/wp\/v2\/product_tag?post=722953"}],"curies":[{"name":"wp","href":"https:\/\/api.w.org\/{rel}","templated":true}]}}