{"id":722920,"date":"2025-08-27T19:10:51","date_gmt":"2025-08-27T16:10:51","guid":{"rendered":"https:\/\/roveyayinevi.com.tr\/index.php\/urun\/sherlock-holmes-10-mezarligin-sirri\/"},"modified":"2026-04-12T02:36:42","modified_gmt":"2026-04-11T23:36:42","slug":"sherlock-holmes-10-mezarligin-sirri","status":"publish","type":"product","link":"https:\/\/roveyayinevi.com.tr\/index.php\/urun\/sherlock-holmes-10-mezarligin-sirri\/","title":{"rendered":"Sherlock Holmes 10- Mezarl\u0131\u011f\u0131n S\u0131rr\u0131"},"content":{"rendered":"<p>Baker Soka\u011f\u0131\u2019ndaki 221 B numaral\u0131 evindeki \u00fcnl\u00fc kirac\u0131 Sherlock HolmesZek\u00e2s\u0131, karizmas\u0131 ve \u00e7ok\u00e7a huysuzlu\u011fuyla bilinen, \u00e7\u00f6z\u00fclemeyen t\u00fcm olaylar\u0131n i\u00e7inden aln\u0131n\u0131n ak\u0131yla \u00e7\u0131kan ba\u015far\u0131l\u0131 dedektifin aksiyon, e\u011flence ve heyecan dolu maceralar\u0131 yeniden okurlarla bulu\u015fuyor!\u00dcnl\u00fc d*land\u0131r\u0131c\u0131 Charles Milverton, Sherlock Holmes&#8217;\u00fc neden ziyaret ediyor? Londra&#8217;daki Napolyon b\u00fcstleri neden k\u0131r\u0131l\u0131yor? \u00d6ld\u00fc\u011f\u00fc gece Bayan Gibson&#8217;la bulu\u015fan Bayan Dunbar ger\u00e7ekten katil mi? On ya\u015f\u0131ndaki Lord Saltire ve \u00f6\u011fretmeni neden ortadan kayboldu? K\u0131z\u0131l \u00c7ember&#8217;in \u00fcnl\u00fc katili Londra&#8217;da ne yap\u0131yor? \u00dc\u00e7\u00fcnc\u00fc Garrideb&#8217;i arayan Nathan Garrideb&#8217;in as\u0131l amac\u0131 ne?Sherlock Holmes ve biricik orta\u011f\u0131 Doktor Watson&#8217;\u0131n maceralar\u0131, kald\u0131\u011f\u0131 yerden devam ediyor.Polisiye tarihine damgas\u0131n\u0131 vuran Sir Arthur Conan Doyle&#8217;un kaleminden&#8230;<\/p>\n","protected":false},"excerpt":{"rendered":"<p>Baker Soka\u011f\u0131\u2019ndaki 221 B numaral\u0131 evindeki \u00fcnl\u00fc kirac\u0131 Sherlock HolmesZek\u00e2s\u0131, karizmas\u0131 ve \u00e7ok\u00e7a huysuzlu\u011fuyla bilinen, \u00e7\u00f6z\u00fclemeyen t\u00fcm olaylar\u0131n i\u00e7inden aln\u0131n\u0131n ak\u0131yla \u00e7\u0131kan ba\u015far\u0131l\u0131 dedektifin aksiyon, e\u011flence<span class=\"excerpt-hellip\"> [\u2026]<\/span><\/p>\n","protected":false},"featured_media":0,"template":"","meta":{"_monsterinsights_skip_tracking":false,"_monsterinsights_sitenote_active":false,"_monsterinsights_sitenote_note":"","_monsterinsights_sitenote_category":0},"product_brand":[],"product_cat":[12291,15445],"product_tag":[],"class_list":{"0":"post-722920","1":"product","2":"type-product","3":"status-publish","5":"product_cat-edebiyat","6":"product_cat-polisiye","7":"pa_cilt-ciltsiz","8":"pa_tur-kitap","9":"pa_yayinevi-portakal-kitap","10":"pa_yazar-sir-arthur-conan-doyle","12":"first","13":"instock","14":"sale","15":"shipping-taxable","16":"purchasable","17":"product-type-simple"},"_links":{"self":[{"href":"https:\/\/roveyayinevi.com.tr\/index.php\/wp-json\/wp\/v2\/product\/722920","targetHints":{"allow":["GET"]}}],"collection":[{"href":"https:\/\/roveyayinevi.com.tr\/index.php\/wp-json\/wp\/v2\/product"}],"about":[{"href":"https:\/\/roveyayinevi.com.tr\/index.php\/wp-json\/wp\/v2\/types\/product"}],"wp:attachment":[{"href":"https:\/\/roveyayinevi.com.tr\/index.php\/wp-json\/wp\/v2\/media?parent=722920"}],"wp:term":[{"taxonomy":"product_brand","embeddable":true,"href":"https:\/\/roveyayinevi.com.tr\/index.php\/wp-json\/wp\/v2\/product_brand?post=722920"},{"taxonomy":"product_cat","embeddable":true,"href":"https:\/\/roveyayinevi.com.tr\/index.php\/wp-json\/wp\/v2\/product_cat?post=722920"},{"taxonomy":"product_tag","embeddable":true,"href":"https:\/\/roveyayinevi.com.tr\/index.php\/wp-json\/wp\/v2\/product_tag?post=722920"}],"curies":[{"name":"wp","href":"https:\/\/api.w.org\/{rel}","templated":true}]}}