{"id":722905,"date":"2025-08-27T19:10:38","date_gmt":"2025-08-27T16:10:38","guid":{"rendered":"https:\/\/roveyayinevi.com.tr\/index.php\/urun\/ben-yuz-cicekten-yanayim\/"},"modified":"2026-04-16T02:30:41","modified_gmt":"2026-04-15T23:30:41","slug":"ben-yuz-cicekten-yanayim","status":"publish","type":"product","link":"https:\/\/roveyayinevi.com.tr\/index.php\/urun\/ben-yuz-cicekten-yanayim\/","title":{"rendered":"Ben Y\u00fcz \u00c7i\u00e7ekten Yanay\u0131m&#8230;"},"content":{"rendered":"<p>N\u00e2z\u0131m Hikmet \u015fiirinin benzersizli\u011fi, dramatik ve performatif y\u00f6n\u00fcn\u00fcn kuvveti, oyunlar\u0131n\u0131n uzun y\u0131llar g\u00f6lgede kalmas\u0131na sebep olmu\u015ftur. Oysa bi\u00e7imsel \u00e7o\u011fulculu\u011fu, \u00e7a\u011f\u0131n\u0131n neredeyse her meselesine a\u00e7\u0131lan kap\u0131lar\u0131, devrimci ve enternasyonel dramaturjisiyle N\u00e2z\u0131m Hikmet tiyatrosu hem N\u00e2z\u0131m Hikmet\u2019in sanat\u0131n\u0131n hem de tiyatro t\u00fcr\u00fcn\u00fcn tarihinin kavranmas\u0131nda okurlar\u0131na \u00f6nemli bir yol sunmaktad\u0131r.   Sevda \u015eener, S\u00fcreyya Karacabey gibi tiyatro ara\u015ft\u0131rmac\u0131lar\u0131m\u0131z\u0131n bu alandaki \u00f6nc\u00fc \u00e7al\u0131\u015fmalar\u0131n\u0131n yan\u0131nda k\u0131ymetli yerini alan bu kitap, N\u00e2z\u0131m Hikmet tiyatrosunun b\u00fct\u00fcn\u00fcn\u00fc yenidenyaz\u0131m izle\u011finde ve \u00e7a\u011fda\u015f sanat kuramlar\u0131n\u0131n izinde kapsamak gibi zorlu bir i\u015fe giri\u015fiyor. N\u00e2z\u0131m Hikmet tiyatrosunun en dikkat \u00e7eken \u00f6zelli\u011fini, pek \u00e7ok farkl\u0131 bi\u00e7imin, diyalektik materyalist felsefenin harc\u0131yla birbirine nas\u0131l ba\u011fland\u0131\u011f\u0131n\u0131 ara\u015ft\u0131r\u0131yor. Oyunlar\u0131n \u201cyaz\u0131nsal pratiklerinin a\u00e7\u0131klanmas\u0131, eserlerinin kendisinden \u00f6nceki yaz\u0131nsal birikim ile farkl\u0131 bi\u00e7imlerde kurulan metinleraras\u0131 ba\u011flant\u0131lar\u0131n\u0131n incelenmesi, eserlerin t\u00fcrsel konumlan\u0131\u015flar\u0131, i\u00e7erdi\u011fi s\u00f6ylem t\u00fcrleri, al\u0131mlama s\u00fcre\u00e7leri, zaman-mek\u00e2nsal ba\u011flan\u0131mlar\u0131, farkl\u0131 dil ve s\u00f6ylemlerle nas\u0131l hesapla\u015ft\u0131\u011f\u0131, diyalektik materyalist esteti\u011fin nas\u0131l bi\u00e7imlendi\u011fi gibi pek \u00e7ok a\u00e7\u0131dan yap\u0131lacak okumalara ufak bir katk\u0131 sunmu\u015f olmay\u0131 umuyor.\u201d <\/p>\n","protected":false},"excerpt":{"rendered":"<p>N\u00e2z\u0131m Hikmet \u015fiirinin benzersizli\u011fi, dramatik ve performatif y\u00f6n\u00fcn\u00fcn kuvveti, oyunlar\u0131n\u0131n uzun y\u0131llar g\u00f6lgede kalmas\u0131na sebep olmu\u015ftur. Oysa bi\u00e7imsel \u00e7o\u011fulculu\u011fu, \u00e7a\u011f\u0131n\u0131n neredeyse her meselesine a\u00e7\u0131lan kap\u0131lar\u0131, devrimci<span class=\"excerpt-hellip\"> [\u2026]<\/span><\/p>\n","protected":false},"featured_media":0,"template":"","meta":{"_monsterinsights_skip_tracking":false,"_monsterinsights_sitenote_active":false,"_monsterinsights_sitenote_note":"","_monsterinsights_sitenote_category":0},"product_brand":[],"product_cat":[12291,12292],"product_tag":[],"class_list":{"0":"post-722905","1":"product","2":"type-product","3":"status-publish","5":"product_cat-edebiyat","6":"product_cat-turk-edebiyati","7":"pa_cilt-ciltsiz","8":"pa_tur-kitap","9":"pa_yayinevi-imge-kitabevi-yayinlari","10":"pa_yazar-esra-dicle-basbug","12":"first","13":"instock","14":"sale","15":"shipping-taxable","16":"purchasable","17":"product-type-simple"},"_links":{"self":[{"href":"https:\/\/roveyayinevi.com.tr\/index.php\/wp-json\/wp\/v2\/product\/722905","targetHints":{"allow":["GET"]}}],"collection":[{"href":"https:\/\/roveyayinevi.com.tr\/index.php\/wp-json\/wp\/v2\/product"}],"about":[{"href":"https:\/\/roveyayinevi.com.tr\/index.php\/wp-json\/wp\/v2\/types\/product"}],"wp:attachment":[{"href":"https:\/\/roveyayinevi.com.tr\/index.php\/wp-json\/wp\/v2\/media?parent=722905"}],"wp:term":[{"taxonomy":"product_brand","embeddable":true,"href":"https:\/\/roveyayinevi.com.tr\/index.php\/wp-json\/wp\/v2\/product_brand?post=722905"},{"taxonomy":"product_cat","embeddable":true,"href":"https:\/\/roveyayinevi.com.tr\/index.php\/wp-json\/wp\/v2\/product_cat?post=722905"},{"taxonomy":"product_tag","embeddable":true,"href":"https:\/\/roveyayinevi.com.tr\/index.php\/wp-json\/wp\/v2\/product_tag?post=722905"}],"curies":[{"name":"wp","href":"https:\/\/api.w.org\/{rel}","templated":true}]}}