{"id":722903,"date":"2025-08-27T19:10:37","date_gmt":"2025-08-27T16:10:37","guid":{"rendered":"https:\/\/roveyayinevi.com.tr\/index.php\/urun\/giyinmenin-kisa-tarihi\/"},"modified":"2026-04-16T02:30:41","modified_gmt":"2026-04-15T23:30:41","slug":"giyinmenin-kisa-tarihi","status":"publish","type":"product","link":"https:\/\/roveyayinevi.com.tr\/index.php\/urun\/giyinmenin-kisa-tarihi\/","title":{"rendered":"Giyinmenin K\u0131sa Tarihi"},"content":{"rendered":"<p>\u00c7\u0131plak insan neden giyinme ihtiyac\u0131 duydu?\u0130lk atalar\u0131m\u0131z \u00c2dem ile Havva cennet bah\u00e7esinde \u00e7\u0131plakt\u0131. Ancak bu ilk iki insan, ne\u015fe i\u00e7inde g\u00fcl\u00fcp oynayarak, \u00e7o\u011fu zaman kayg\u0131s\u0131zca cennette dola\u015f\u0131rken Tanr\u0131\u2019n\u0131n emrine kar\u015f\u0131 geldiler ve masumiyetleri bir anda sona erdi. \u0130\u015fte o g\u00fcnden bu yana semavi dinlerde ve pek \u00e7ok gelenekte \u00e7\u0131plakl\u0131k g\u00fcnah say\u0131l\u0131r oldu.\u0130nsan\u0131n kapanma s\u00fcreci, b\u00fcy\u00fck \u00f6l\u00e7\u00fcde, ba\u015fkalar\u0131na kar\u015f\u0131 duydu\u011fu g\u00fcvensizlik ve korkular taraf\u0131ndan belirlenmi\u015f.\u0130nsano\u011flu d\u00fcnyaya \u00e7\u0131plak geldi\u011fi halde neden ve nas\u0131l \u00f6rt\u00fcn\u00fcr oldu?\u0130nsanl\u0131k neden gitgide karma\u015f\u0131k bir ahlak a\u011f\u0131n\u0131n giyim kurallar\u0131yla s\u0131n\u0131rland\u0131?Konuyla ilgili sorular \u00e7ok ama cevaplar\u0131 da hayli ilgin\u00e7&#8230;Giyinmenin K\u0131sa Tarihi, insanl\u0131\u011f\u0131n \u00e7\u0131plakl\u0131kla me\u015fgul olmas\u0131n\u0131n hik\u00e2yesiyle birlikte \u00e7ok de\u011fi\u015fken \u00e7\u0131plakl\u0131k tan\u0131mlar\u0131 hakk\u0131nda devam eden \u00e7e\u015fitli tart\u0131\u015fmalar\u0131 ve bedenin hangi b\u00f6l\u00fcmlerinin toplumsal alanda kapat\u0131lmas\u0131 gerekti\u011fini dayatan kurallar\u0131n nedenlerini anlat\u0131yor.Bedenin g\u00f6r\u00fcn\u00fcrl\u00fc\u011f\u00fcn\u00fcn s\u0131n\u0131rlar\u0131n\u0131 haritalayan bu kitap, tarih boyunca, insan tenine y\u00f6nelik giderek farkl\u0131la\u015fan bak\u0131\u015f a\u00e7\u0131lar\u0131n\u0131, \u00f6ng\u00f6r\u00fclemeyen etkileriyle birlikte ke\u015ffetme imk\u00e2n\u0131 sunuyor.<\/p>\n","protected":false},"excerpt":{"rendered":"<p>\u00c7\u0131plak insan neden giyinme ihtiyac\u0131 duydu?\u0130lk atalar\u0131m\u0131z \u00c2dem ile Havva cennet bah\u00e7esinde \u00e7\u0131plakt\u0131. Ancak bu ilk iki insan, ne\u015fe i\u00e7inde g\u00fcl\u00fcp oynayarak, \u00e7o\u011fu zaman kayg\u0131s\u0131zca cennette<span class=\"excerpt-hellip\"> [\u2026]<\/span><\/p>\n","protected":false},"featured_media":0,"template":"","meta":{"_monsterinsights_skip_tracking":false,"_monsterinsights_sitenote_active":false,"_monsterinsights_sitenote_note":"","_monsterinsights_sitenote_category":0},"product_brand":[],"product_cat":[12370,12304],"product_tag":[],"class_list":{"0":"post-722903","1":"product","2":"type-product","3":"status-publish","5":"product_cat-arastirma-inceleme","6":"product_cat-tarih","7":"pa_cilt-ciltsiz","8":"pa_tur-kitap","9":"pa_yayinevi-destek-yayinlari","10":"pa_yazar-mineke-schipper","12":"first","13":"instock","14":"sale","15":"shipping-taxable","16":"purchasable","17":"product-type-simple"},"_links":{"self":[{"href":"https:\/\/roveyayinevi.com.tr\/index.php\/wp-json\/wp\/v2\/product\/722903","targetHints":{"allow":["GET"]}}],"collection":[{"href":"https:\/\/roveyayinevi.com.tr\/index.php\/wp-json\/wp\/v2\/product"}],"about":[{"href":"https:\/\/roveyayinevi.com.tr\/index.php\/wp-json\/wp\/v2\/types\/product"}],"wp:attachment":[{"href":"https:\/\/roveyayinevi.com.tr\/index.php\/wp-json\/wp\/v2\/media?parent=722903"}],"wp:term":[{"taxonomy":"product_brand","embeddable":true,"href":"https:\/\/roveyayinevi.com.tr\/index.php\/wp-json\/wp\/v2\/product_brand?post=722903"},{"taxonomy":"product_cat","embeddable":true,"href":"https:\/\/roveyayinevi.com.tr\/index.php\/wp-json\/wp\/v2\/product_cat?post=722903"},{"taxonomy":"product_tag","embeddable":true,"href":"https:\/\/roveyayinevi.com.tr\/index.php\/wp-json\/wp\/v2\/product_tag?post=722903"}],"curies":[{"name":"wp","href":"https:\/\/api.w.org\/{rel}","templated":true}]}}