{"id":722901,"date":"2025-08-27T19:10:36","date_gmt":"2025-08-27T16:10:36","guid":{"rendered":"https:\/\/roveyayinevi.com.tr\/index.php\/urun\/keine-begegnung-in-unserem-leben-ist-ein-zufall\/"},"modified":"2026-04-16T02:30:41","modified_gmt":"2026-04-15T23:30:41","slug":"keine-begegnung-in-unserem-leben-ist-ein-zufall","status":"publish","type":"product","link":"https:\/\/roveyayinevi.com.tr\/index.php\/urun\/keine-begegnung-in-unserem-leben-ist-ein-zufall\/","title":{"rendered":"Keine Begegnung in unserem Leben ist ein Zufall"},"content":{"rendered":"<p>Das Schicksal, es l\u00e4sst von niemandem ab. Es wird jeden Augenblick neu geschrieben. Manchmal geschehen solche Dinge, dass du Sachen tust, die du dir niemals h\u00e4ttest vorstellen k\u00f6nnen. Dass du Dinge ertr\u00e4gst, die du dir niemals h\u00e4ttest ausmalen k\u00f6nnen. Dass du liebst, was du niemals gedacht h\u00e4ttest lieben zu k\u00f6nnen. Dass du einfach gehst, obwohl du dir das niemals h\u00e4ttest denken k\u00f6nnen. Und, dass du sagst, dass du gestorben bist, aber trotzdem lebst.Ein Sufi, der sich selbst finden will und ein junges M\u00e4dchen, das versucht, den Lebenssinn zu finden, begeben sich auf einen langen Weg, ohne zu wissen, was auf sie treffen k\u00f6nnte. Sie haben nichts, dem sie vertrauen k\u00f6nnen, au\u00dfer ihrem Schicksal.Die jungen Zwei begeben sich auf eine siebent\u00e4gige Reise, ohne auch nur Geld, eine Kreditkarte oder Essen mitzunehmen. Die au\u00dfergew\u00f6hnlichen Geschehnisse, die sich auf der Reise ereignen, ver\u00e4ndern sie vollkommen.Konnte sich denn ein Mensch innerhalb von nur sieben Tagen \u00e4ndern?Konnte das Schicksal neu geschrieben werden?Nat\u00fcrlich konnte sich alles innerhalb von sieben Tagen \u00e4ndern.Wie ein Schilfrohr im Schilfdickicht, das nach den sieben Etappen zu einer Ney wird, die gef\u00fchlsvolle T\u00f6ne von sich geben kann.Der Schriftsteller, Musiker und Redner Hakan Meng\u00fc\u00e7, der der breiten Masse bekannt ist, konnte mit seinen B\u00fcchern, die bislang in sechs verschiedene Sprachen \u00fcbersetzt wurden, hunderttausende Leser mit sich rei\u00dfen. Meng\u00fc\u00e7 ist ebenfalls Vorsitzender und Studierender der Sufi Akademie, die unter dem Dach der AmerikanischenUniversit\u00e4t Girne (GAU) gegr\u00fcndet wurde.Au\u00dferdem ist er ein Virtuose auf der Ney.<\/p>\n","protected":false},"excerpt":{"rendered":"<p>Das Schicksal, es l\u00e4sst von niemandem ab. Es wird jeden Augenblick neu geschrieben. Manchmal geschehen solche Dinge, dass du Sachen tust, die du dir niemals h\u00e4ttest<span class=\"excerpt-hellip\"> [\u2026]<\/span><\/p>\n","protected":false},"featured_media":0,"template":"","meta":{"_monsterinsights_skip_tracking":false,"_monsterinsights_sitenote_active":false,"_monsterinsights_sitenote_note":"","_monsterinsights_sitenote_category":0},"product_brand":[],"product_cat":[12291,12711],"product_tag":[],"class_list":{"0":"post-722901","1":"product","2":"type-product","3":"status-publish","5":"product_cat-edebiyat","6":"product_cat-roman-oyku","7":"pa_cilt-ciltsiz","8":"pa_tur-kitap","9":"pa_yayinevi-destek-yayinlari","10":"pa_yazar-hakan-menguc","12":"first","13":"instock","14":"sale","15":"shipping-taxable","16":"purchasable","17":"product-type-simple"},"_links":{"self":[{"href":"https:\/\/roveyayinevi.com.tr\/index.php\/wp-json\/wp\/v2\/product\/722901","targetHints":{"allow":["GET"]}}],"collection":[{"href":"https:\/\/roveyayinevi.com.tr\/index.php\/wp-json\/wp\/v2\/product"}],"about":[{"href":"https:\/\/roveyayinevi.com.tr\/index.php\/wp-json\/wp\/v2\/types\/product"}],"wp:attachment":[{"href":"https:\/\/roveyayinevi.com.tr\/index.php\/wp-json\/wp\/v2\/media?parent=722901"}],"wp:term":[{"taxonomy":"product_brand","embeddable":true,"href":"https:\/\/roveyayinevi.com.tr\/index.php\/wp-json\/wp\/v2\/product_brand?post=722901"},{"taxonomy":"product_cat","embeddable":true,"href":"https:\/\/roveyayinevi.com.tr\/index.php\/wp-json\/wp\/v2\/product_cat?post=722901"},{"taxonomy":"product_tag","embeddable":true,"href":"https:\/\/roveyayinevi.com.tr\/index.php\/wp-json\/wp\/v2\/product_tag?post=722901"}],"curies":[{"name":"wp","href":"https:\/\/api.w.org\/{rel}","templated":true}]}}