{"id":722900,"date":"2025-08-27T19:10:35","date_gmt":"2025-08-27T16:10:35","guid":{"rendered":"https:\/\/roveyayinevi.com.tr\/index.php\/urun\/kasif-kozinoglunun-mezara-goturmedigi-sirlar\/"},"modified":"2026-04-16T02:30:41","modified_gmt":"2026-04-15T23:30:41","slug":"kasif-kozinoglunun-mezara-goturmedigi-sirlar","status":"publish","type":"product","link":"https:\/\/roveyayinevi.com.tr\/index.php\/urun\/kasif-kozinoglunun-mezara-goturmedigi-sirlar\/","title":{"rendered":"Ka\u015fif Kozino\u011flu&#8217;nun Mezara G\u00f6t\u00fcrmedi\u011fi S\u0131rlar"},"content":{"rendered":"<p>M\u0130T Asya B\u00f6lgesi Ba\u015fm\u00fc\u015faviri Ka\u015fif Kozino\u011flu&#8217;nun \u00d6l\u00fcm\u00fcnden K\u0131sa S\u00fcre \u00d6nce Ayd\u0131nl\u0131k&#8217;a G\u00f6nderdi\u011fi El Yaz\u0131lar\u0131, T\u0131pk\u0131bas\u0131m&#8230; AKP&#8217;yi Kapatma Davas\u0131 ve Serdar \u00d6zg\u00fcld\u00fcr Olay\u0131&#8230;Hikmet Yar-Tayyip Erdo\u011fan \u0130li\u015fkisi ve Usame Bin Laden&#8230; &#8220;Bizi Hapsederken Mahvettikleri Yarg\u0131 Bizim Yarg\u0131m\u0131zd\u0131r&#8221;&#8230; Fe*thullah G\u00fclen ve Okullar\u0131&#8230; Tayyip Erdo\u011fan-Abdullah G\u00fcl ve Fe*thullah G\u00fclen&#8230;Tayyip Erdo\u011fan ve Abdullah G\u00fcl&#8217;\u00fcn ABD ve \u0130srail \u0130li\u015fkileri&#8230; M\u0130T M\u00fcste\u015far\u0131 Hakan Fidan&#8217;\u0131n Yapt\u0131\u011f\u0131 Atamalar ve B\u00fcy\u00fckan\u0131t&#8217;\u0131n Bildi\u011fi RTE S\u0131rlar\u0131&#8230; AKP, P*KK ve K\u00fcrt Sorunu&#8230;AKP \u0130ktidar\u0131n\u0131n \u0130\u00e7 ve D\u0131\u015f Politikada Geldi\u011fi Yer&#8230; &#8220;\u00d6ld\u00fcrmek Dahil Her \u015eeyi Yapt\u0131rabilir&#8221;&#8230;Tayyip Erdogan&#8217;\u0131n \u0130svi\u00e7re&#8217;deki Gizli Hesaplar\u0131 ve K\u0131l\u0131\u00e7daro\u011flu&#8217;nun BND G\u00f6r\u00fc\u015fmesi&#8230;T\u00fcrkiye Cumhuriyeti Devletini AKP Nas\u0131l Ele Ge\u00e7irdi&#8230;<\/p>\n","protected":false},"excerpt":{"rendered":"<p>M\u0130T Asya B\u00f6lgesi Ba\u015fm\u00fc\u015faviri Ka\u015fif Kozino\u011flu&#8217;nun \u00d6l\u00fcm\u00fcnden K\u0131sa S\u00fcre \u00d6nce Ayd\u0131nl\u0131k&#8217;a G\u00f6nderdi\u011fi El Yaz\u0131lar\u0131, T\u0131pk\u0131bas\u0131m&#8230; AKP&#8217;yi Kapatma Davas\u0131 ve Serdar \u00d6zg\u00fcld\u00fcr Olay\u0131&#8230;Hikmet Yar-Tayyip Erdo\u011fan \u0130li\u015fkisi ve<span class=\"excerpt-hellip\"> [\u2026]<\/span><\/p>\n","protected":false},"featured_media":0,"template":"","meta":{"_monsterinsights_skip_tracking":false,"_monsterinsights_sitenote_active":false,"_monsterinsights_sitenote_note":"","_monsterinsights_sitenote_category":0},"product_brand":[],"product_cat":[12346,12337],"product_tag":[],"class_list":{"0":"post-722900","1":"product","2":"type-product","3":"status-publish","5":"product_cat-derin-siyaset-komplo-teorileri","6":"product_cat-politika-siyaset","7":"pa_cilt-ciltsiz","8":"pa_tur-kitap","9":"pa_yayinevi-kaynak-yayinlari","10":"pa_yazar-ergun-gedek","12":"first","13":"instock","14":"sale","15":"shipping-taxable","16":"purchasable","17":"product-type-simple"},"_links":{"self":[{"href":"https:\/\/roveyayinevi.com.tr\/index.php\/wp-json\/wp\/v2\/product\/722900","targetHints":{"allow":["GET"]}}],"collection":[{"href":"https:\/\/roveyayinevi.com.tr\/index.php\/wp-json\/wp\/v2\/product"}],"about":[{"href":"https:\/\/roveyayinevi.com.tr\/index.php\/wp-json\/wp\/v2\/types\/product"}],"wp:attachment":[{"href":"https:\/\/roveyayinevi.com.tr\/index.php\/wp-json\/wp\/v2\/media?parent=722900"}],"wp:term":[{"taxonomy":"product_brand","embeddable":true,"href":"https:\/\/roveyayinevi.com.tr\/index.php\/wp-json\/wp\/v2\/product_brand?post=722900"},{"taxonomy":"product_cat","embeddable":true,"href":"https:\/\/roveyayinevi.com.tr\/index.php\/wp-json\/wp\/v2\/product_cat?post=722900"},{"taxonomy":"product_tag","embeddable":true,"href":"https:\/\/roveyayinevi.com.tr\/index.php\/wp-json\/wp\/v2\/product_tag?post=722900"}],"curies":[{"name":"wp","href":"https:\/\/api.w.org\/{rel}","templated":true}]}}

Kaşif Kozinoğlu&#8217;nun Mezara Götürmediği Sırlar

<p>MİT Asya Bölgesi Başmüşaviri Kaşif Kozinoğlu&#8217;nun Ölümünden Kısa Süre Önce Aydınlık&#8217;a Gönderdiği El Yazıları, Tıpkıbasım&#8230; AKP&#8217;yi Kapatma Davası ve Serdar Özgüldür Olayı&#8230;Hikmet Yar-Tayyip Erdoğan İlişkisi ve Usame Bin Laden&#8230; &#8220;Bizi Hapsederken Mahvettikleri Yargı Bizim Yargımızdır&#8221;&#8230; Fe*thullah Gülen ve Okulları&#8230; Tayyip Erdoğan-Abdullah Gül ve Fe*thullah Gülen&#8230;Tayyip Erdoğan ve Abdullah Gül&#8217;ün ABD ve İsrail İlişkileri&#8230; MİT Müsteşarı Hakan Fidan&#8217;ın Yaptığı Atamalar ve Büyükanıt&#8217;ın Bildiği RTE Sırları&#8230; AKP, P*KK ve Kürt Sorunu&#8230;AKP İktidarının İç ve Dış Politikada Geldiği Yer&#8230; &#8220;Öldürmek Dahil Her Şeyi Yaptırabilir&#8221;&#8230;Tayyip Erdogan&#8217;ın İsviçre&#8217;deki Gizli Hesapları ve Kılıçdaroğlu&#8217;nun BND Görüşmesi&#8230;Türkiye Cumhuriyeti Devletini AKP Nasıl Ele Geçirdi&#8230;</p>

<p>MİT Asya Bölgesi Başmüşaviri Kaşif Kozinoğlu&#8217;nun Ölümünden Kısa Süre Önce Aydınlık&#8217;a Gönderdiği El Yazıları, Tıpkıbasım&#8230; AKP&#8217;yi Kapatma Davası ve Serdar Özgüldür Olayı&#8230;Hikmet Yar-Tayyip Erdoğan İlişkisi ve<span class="excerpt-hellip"> […]</span></p>
