{"id":722897,"date":"2025-08-27T19:10:33","date_gmt":"2025-08-27T16:10:33","guid":{"rendered":"https:\/\/roveyayinevi.com.tr\/index.php\/urun\/yeryuzu-misafiri\/"},"modified":"2026-04-16T02:30:41","modified_gmt":"2026-04-15T23:30:41","slug":"yeryuzu-misafiri","status":"publish","type":"product","link":"https:\/\/roveyayinevi.com.tr\/index.php\/urun\/yeryuzu-misafiri\/","title":{"rendered":"Yery\u00fcz\u00fc Misafiri"},"content":{"rendered":"<p>Ey insan. Misafirsin. K\u0131ymetini bil zaman\u0131n\u0131n, her \u015feyin. \u00c7ok sev, \u00e2\u015f\u0131k ol; \u00f6\u011fren okumay\u0131 k\u00e2inat kitab\u0131n\u0131.   Tanr\u0131\u2019n\u0131n Ya\u015fam K\u0131lavuzu kitab\u0131yla bizi g\u00f6lgemiz gibi takip eden kaderimizle ili\u015fkimizi g\u00fczelle\u015ftirmeye davet eden \u00dcnal Ers\u00f6zl\u00fc, bu kez yery\u00fcz\u00fcnde bir misafir olan insan\u0131 kendine d\u00f6nmeye \u00e7a\u011f\u0131r\u0131yor. \u015eeyh Galip\u2019in \u201cKendine iyi bak \u00e7\u00fcnk\u00fc \u00e2lemin \u00f6z\u00fcs\u00fcn sen\u201d s\u00f6zleriyle a\u00e7\u0131lan Yery\u00fcz\u00fc Misafiri, \u00e2lemin \u00f6z\u00fc olan insan\u0131n kendini bilmekle neler yapabilece\u011fine dair bir kitap. \u0130nsan, hayat\u0131n gelip ge\u00e7icili\u011finde bir mana bulmak hem de bu yery\u00fcz\u00fc misafirli\u011fini en dolu \u015fekilde ya\u015famak i\u00e7in ne yapmal\u0131? \u00dcnal Ers\u00f6zl\u00fc tarihten filozoflar\u0131n, sufilerin, sanat\u00e7\u0131lar\u0131n ve bilgelerin anlat\u0131lar\u0131ndan ald\u0131\u011f\u0131 r\u00fczg\u00e2r\u0131 insan\u0131n ya\u015fam\u0131n\u0131 daha iyi yapma \u00e7abas\u0131 i\u00e7in kullan\u0131yor. <\/p>\n","protected":false},"excerpt":{"rendered":"<p>Ey insan. Misafirsin. K\u0131ymetini bil zaman\u0131n\u0131n, her \u015feyin. \u00c7ok sev, \u00e2\u015f\u0131k ol; \u00f6\u011fren okumay\u0131 k\u00e2inat kitab\u0131n\u0131. Tanr\u0131\u2019n\u0131n Ya\u015fam K\u0131lavuzu kitab\u0131yla bizi g\u00f6lgemiz gibi takip eden kaderimizle<span class=\"excerpt-hellip\"> [\u2026]<\/span><\/p>\n","protected":false},"featured_media":0,"template":"","meta":{"_monsterinsights_skip_tracking":false,"_monsterinsights_sitenote_active":false,"_monsterinsights_sitenote_note":"","_monsterinsights_sitenote_category":0},"product_brand":[],"product_cat":[12364,12376],"product_tag":[],"class_list":{"0":"post-722897","1":"product","2":"type-product","3":"status-publish","5":"product_cat-genel-konular","6":"product_cat-kisisel-gelisim","7":"pa_cilt-ciltsiz","8":"pa_tur-kitap","9":"pa_yayinevi-kara-karga-yayinlari","10":"pa_yazar-unal-ersozlu","12":"first","13":"instock","14":"sale","15":"shipping-taxable","16":"purchasable","17":"product-type-simple"},"_links":{"self":[{"href":"https:\/\/roveyayinevi.com.tr\/index.php\/wp-json\/wp\/v2\/product\/722897","targetHints":{"allow":["GET"]}}],"collection":[{"href":"https:\/\/roveyayinevi.com.tr\/index.php\/wp-json\/wp\/v2\/product"}],"about":[{"href":"https:\/\/roveyayinevi.com.tr\/index.php\/wp-json\/wp\/v2\/types\/product"}],"wp:attachment":[{"href":"https:\/\/roveyayinevi.com.tr\/index.php\/wp-json\/wp\/v2\/media?parent=722897"}],"wp:term":[{"taxonomy":"product_brand","embeddable":true,"href":"https:\/\/roveyayinevi.com.tr\/index.php\/wp-json\/wp\/v2\/product_brand?post=722897"},{"taxonomy":"product_cat","embeddable":true,"href":"https:\/\/roveyayinevi.com.tr\/index.php\/wp-json\/wp\/v2\/product_cat?post=722897"},{"taxonomy":"product_tag","embeddable":true,"href":"https:\/\/roveyayinevi.com.tr\/index.php\/wp-json\/wp\/v2\/product_tag?post=722897"}],"curies":[{"name":"wp","href":"https:\/\/api.w.org\/{rel}","templated":true}]}}