{"id":722885,"date":"2025-08-27T19:10:25","date_gmt":"2025-08-27T16:10:25","guid":{"rendered":"https:\/\/roveyayinevi.com.tr\/index.php\/urun\/annayi-goren-var-mi\/"},"modified":"2026-04-16T02:30:40","modified_gmt":"2026-04-15T23:30:40","slug":"annayi-goren-var-mi","status":"publish","type":"product","link":"https:\/\/roveyayinevi.com.tr\/index.php\/urun\/annayi-goren-var-mi\/","title":{"rendered":"Anna\u2019y\u0131 G\u00f6ren Var m\u0131?"},"content":{"rendered":"<p>Anna t\u0131pk\u0131 di\u011fer k\u0131z \u00e7ocuklar\u0131 gibi g\u00f6ru\u0308nebilir ama ayn\u0131 zamanda t\u0131pk\u0131 di\u011fer tu\u0308m k\u0131z \u00e7ocuklar\u0131 gibi o da \u00f6zel ve biriciktir. Bazen yumu\u015fac\u0131k ve sakindir, bazen de serttir, dikenlerini \u00e7\u0131kar\u0131r. \u00c7ok bu\u0308yu\u0308ktu\u0308r, kocamand\u0131r Anna ama bazen bir kutuya s\u0131\u011fabilecek kadar ku\u0308\u00e7u\u0308lu\u0308r\u2026 Onun gibisi sadece bir tanedir. Onu bulmam\u0131za yard\u0131m eder misin?<\/p>\n","protected":false},"excerpt":{"rendered":"<p>Anna t\u0131pk\u0131 di\u011fer k\u0131z \u00e7ocuklar\u0131 gibi g\u00f6ru\u0308nebilir ama ayn\u0131 zamanda t\u0131pk\u0131 di\u011fer tu\u0308m k\u0131z \u00e7ocuklar\u0131 gibi o da \u00f6zel ve biriciktir. Bazen yumu\u015fac\u0131k ve sakindir, bazen<span class=\"excerpt-hellip\"> [\u2026]<\/span><\/p>\n","protected":false},"featured_media":0,"template":"","meta":{"_monsterinsights_skip_tracking":false,"_monsterinsights_sitenote_active":false,"_monsterinsights_sitenote_note":"","_monsterinsights_sitenote_category":0},"product_brand":[],"product_cat":[12274,12284],"product_tag":[],"class_list":{"0":"post-722885","1":"product","2":"type-product","3":"status-publish","5":"product_cat-cocuk-ve-genclik-kitaplari","6":"product_cat-hikayeler","7":"pa_cilt-ciltsiz","8":"pa_tur-kitap","9":"pa_yayinevi-cinar-yayinlari","10":"pa_yazar-susanna-mattiangeli","12":"first","13":"instock","14":"sale","15":"shipping-taxable","16":"purchasable","17":"product-type-simple"},"_links":{"self":[{"href":"https:\/\/roveyayinevi.com.tr\/index.php\/wp-json\/wp\/v2\/product\/722885","targetHints":{"allow":["GET"]}}],"collection":[{"href":"https:\/\/roveyayinevi.com.tr\/index.php\/wp-json\/wp\/v2\/product"}],"about":[{"href":"https:\/\/roveyayinevi.com.tr\/index.php\/wp-json\/wp\/v2\/types\/product"}],"wp:attachment":[{"href":"https:\/\/roveyayinevi.com.tr\/index.php\/wp-json\/wp\/v2\/media?parent=722885"}],"wp:term":[{"taxonomy":"product_brand","embeddable":true,"href":"https:\/\/roveyayinevi.com.tr\/index.php\/wp-json\/wp\/v2\/product_brand?post=722885"},{"taxonomy":"product_cat","embeddable":true,"href":"https:\/\/roveyayinevi.com.tr\/index.php\/wp-json\/wp\/v2\/product_cat?post=722885"},{"taxonomy":"product_tag","embeddable":true,"href":"https:\/\/roveyayinevi.com.tr\/index.php\/wp-json\/wp\/v2\/product_tag?post=722885"}],"curies":[{"name":"wp","href":"https:\/\/api.w.org\/{rel}","templated":true}]}}