{"id":722871,"date":"2025-08-27T19:10:13","date_gmt":"2025-08-27T16:10:13","guid":{"rendered":"https:\/\/roveyayinevi.com.tr\/index.php\/urun\/eger-bir-farecigi-okula-goturursen\/"},"modified":"2026-04-16T02:30:40","modified_gmt":"2026-04-15T23:30:40","slug":"eger-bir-farecigi-okula-goturursen","status":"publish","type":"product","link":"https:\/\/roveyayinevi.com.tr\/index.php\/urun\/eger-bir-farecigi-okula-goturursen\/","title":{"rendered":"E\u011fer Bir Fareci\u011fi Okula G\u00f6t\u00fcr\u00fcrsen"},"content":{"rendered":"<p>E\u011fer bir fareci\u011fi okula g\u00f6t\u00fcr\u00fcrsen senden beslenme \u00e7antan\u0131 isteyecek. Beslenme \u00e7antan\u0131 verdi\u011finde i\u00e7ine bir de sandvi\u00e7 koyman\u0131 isteyecek. Ard\u0131ndan not defteriyle kalemlere ihtiyac\u0131 olacak. Muhtemelen s\u0131rt \u00e7antan\u0131 da payla\u015fmak isteyecek\u2026 New York Times\u2019\u0131n bir numaral\u0131 en \u00e7ok satanlar kitab\u0131 E\u011fer Bir Fareci\u011fe Kurabiye Verirsen\u2019in \u00fcnl\u00fc faresi okulun ilk g\u00fcn\u00fc i\u00e7in tekrar kar\u015f\u0131n\u0131zda! Yaln\u0131zca Laura Numeroff\u2019la Felicia Bond okulun ilk g\u00fcn\u00fcn\u00fc b\u00f6ylesine e\u011flenceli k\u0131labilirdi! <\/p>\n","protected":false},"excerpt":{"rendered":"<p>E\u011fer bir fareci\u011fi okula g\u00f6t\u00fcr\u00fcrsen senden beslenme \u00e7antan\u0131 isteyecek. Beslenme \u00e7antan\u0131 verdi\u011finde i\u00e7ine bir de sandvi\u00e7 koyman\u0131 isteyecek. Ard\u0131ndan not defteriyle kalemlere ihtiyac\u0131 olacak. Muhtemelen s\u0131rt<span class=\"excerpt-hellip\"> [\u2026]<\/span><\/p>\n","protected":false},"featured_media":0,"template":"","meta":{"_monsterinsights_skip_tracking":false,"_monsterinsights_sitenote_active":false,"_monsterinsights_sitenote_note":"","_monsterinsights_sitenote_category":0},"product_brand":[],"product_cat":[12274,12518],"product_tag":[],"class_list":{"0":"post-722871","1":"product","2":"type-product","3":"status-publish","5":"product_cat-cocuk-ve-genclik-kitaplari","6":"product_cat-okul-oncesi-kitaplar","7":"pa_cilt-ciltsiz","8":"pa_tur-kitap","9":"pa_yayinevi-bilgi-yayinevi-cocuk","10":"pa_yazar-laura-numeroff","12":"first","13":"instock","14":"sale","15":"shipping-taxable","16":"purchasable","17":"product-type-simple"},"_links":{"self":[{"href":"https:\/\/roveyayinevi.com.tr\/index.php\/wp-json\/wp\/v2\/product\/722871","targetHints":{"allow":["GET"]}}],"collection":[{"href":"https:\/\/roveyayinevi.com.tr\/index.php\/wp-json\/wp\/v2\/product"}],"about":[{"href":"https:\/\/roveyayinevi.com.tr\/index.php\/wp-json\/wp\/v2\/types\/product"}],"wp:attachment":[{"href":"https:\/\/roveyayinevi.com.tr\/index.php\/wp-json\/wp\/v2\/media?parent=722871"}],"wp:term":[{"taxonomy":"product_brand","embeddable":true,"href":"https:\/\/roveyayinevi.com.tr\/index.php\/wp-json\/wp\/v2\/product_brand?post=722871"},{"taxonomy":"product_cat","embeddable":true,"href":"https:\/\/roveyayinevi.com.tr\/index.php\/wp-json\/wp\/v2\/product_cat?post=722871"},{"taxonomy":"product_tag","embeddable":true,"href":"https:\/\/roveyayinevi.com.tr\/index.php\/wp-json\/wp\/v2\/product_tag?post=722871"}],"curies":[{"name":"wp","href":"https:\/\/api.w.org\/{rel}","templated":true}]}}