{"id":722856,"date":"2025-08-27T19:10:01","date_gmt":"2025-08-27T16:10:01","guid":{"rendered":"https:\/\/roveyayinevi.com.tr\/index.php\/urun\/kafada-kalmasin-schopenhauerin-askerleriyiz\/"},"modified":"2026-04-16T02:30:40","modified_gmt":"2026-04-15T23:30:40","slug":"kafada-kalmasin-schopenhauerin-askerleriyiz","status":"publish","type":"product","link":"https:\/\/roveyayinevi.com.tr\/index.php\/urun\/kafada-kalmasin-schopenhauerin-askerleriyiz\/","title":{"rendered":"Kafada Kalmas\u0131n &#8211; Schopenhauer&#8217;\u0131n Askerleriyiz!"},"content":{"rendered":"<p>Cemil abi k\u0131yt\u0131r\u0131k bavulunu \u00e7eki\u015ftirip kap\u0131n\u0131n a\u011fz\u0131na geldi, daha bir hafta evvel sevdi\u011fi kad\u0131nla beraber bin bir pazarl\u0131k ile ald\u0131\u011f\u0131 ayakkab\u0131lar\u0131 ge\u00e7irdi aya\u011f\u0131na, \u201cTolstoy\u2019 da seksen k\u00fcsur ya\u015f\u0131ndayd\u0131 evini b\u0131rak\u0131p gitti\u011finde\u201d dedi, belli belirsiz\u2026 Ye\u015fil g\u00f6zl\u00fc kad\u0131n g\u00fcld\u00fc, \u201cO arkas\u0131nda Sava\u015f ve Bar\u0131\u015f\u2019\u0131 b\u0131rakt\u0131 sen, elektrik faturas\u0131n\u0131\u2026\u201d   &#8212;  Can Y\u0131lmaz, Kli\u015fe Hayatlar Matbaas\u0131, Yap Bi Babal\u0131k, Bilinmeyen Numaralar ve Hayat\u0131m Roman kitaplar\u0131n\u0131n ard\u0131ndan, KAFA\u2019da Kalmas\u0131n serisine \u201cSchopenhauer\u2019\u0131n Askerleriyiz\u201d kitab\u0131yla devam ediyor&#8230; <\/p>\n","protected":false},"excerpt":{"rendered":"<p>Cemil abi k\u0131yt\u0131r\u0131k bavulunu \u00e7eki\u015ftirip kap\u0131n\u0131n a\u011fz\u0131na geldi, daha bir hafta evvel sevdi\u011fi kad\u0131nla beraber bin bir pazarl\u0131k ile ald\u0131\u011f\u0131 ayakkab\u0131lar\u0131 ge\u00e7irdi aya\u011f\u0131na, \u201cTolstoy\u2019 da seksen<span class=\"excerpt-hellip\"> [\u2026]<\/span><\/p>\n","protected":false},"featured_media":0,"template":"","meta":{"_monsterinsights_skip_tracking":false,"_monsterinsights_sitenote_active":false,"_monsterinsights_sitenote_note":"","_monsterinsights_sitenote_category":0},"product_brand":[],"product_cat":[12291,12711],"product_tag":[],"class_list":{"0":"post-722856","1":"product","2":"type-product","3":"status-publish","5":"product_cat-edebiyat","6":"product_cat-roman-oyku","7":"pa_cilt-ciltsiz","8":"pa_tur-kitap","9":"pa_yayinevi-inkilap-kitabevi","10":"pa_yazar-can-yilmaz","12":"first","13":"instock","14":"sale","15":"shipping-taxable","16":"purchasable","17":"product-type-simple"},"_links":{"self":[{"href":"https:\/\/roveyayinevi.com.tr\/index.php\/wp-json\/wp\/v2\/product\/722856","targetHints":{"allow":["GET"]}}],"collection":[{"href":"https:\/\/roveyayinevi.com.tr\/index.php\/wp-json\/wp\/v2\/product"}],"about":[{"href":"https:\/\/roveyayinevi.com.tr\/index.php\/wp-json\/wp\/v2\/types\/product"}],"wp:attachment":[{"href":"https:\/\/roveyayinevi.com.tr\/index.php\/wp-json\/wp\/v2\/media?parent=722856"}],"wp:term":[{"taxonomy":"product_brand","embeddable":true,"href":"https:\/\/roveyayinevi.com.tr\/index.php\/wp-json\/wp\/v2\/product_brand?post=722856"},{"taxonomy":"product_cat","embeddable":true,"href":"https:\/\/roveyayinevi.com.tr\/index.php\/wp-json\/wp\/v2\/product_cat?post=722856"},{"taxonomy":"product_tag","embeddable":true,"href":"https:\/\/roveyayinevi.com.tr\/index.php\/wp-json\/wp\/v2\/product_tag?post=722856"}],"curies":[{"name":"wp","href":"https:\/\/api.w.org\/{rel}","templated":true}]}}