{"id":722855,"date":"2025-08-27T19:10:00","date_gmt":"2025-08-27T16:10:00","guid":{"rendered":"https:\/\/roveyayinevi.com.tr\/index.php\/urun\/ay-isigim\/"},"modified":"2026-04-16T02:30:40","modified_gmt":"2026-04-15T23:30:40","slug":"ay-isigim","status":"publish","type":"product","link":"https:\/\/roveyayinevi.com.tr\/index.php\/urun\/ay-isigim\/","title":{"rendered":"Ay \u0131\u015f\u0131\u011f\u0131m"},"content":{"rendered":"<p>\u201cBu d\u00fcnyaya s\u0131k\u0131\u015ft\u0131r\u0131ld\u0131k biz. Ya \u00f6ncesinde daha mutluysak? \u00d6l\u00fcnce nereye gidecek bu ruh dedi\u011fimiz. B\u00f6cekler kemirirken o bakmalara doyulmayan y\u00fcz\u00fcn\u00fc, ne hissedeceksin E\u015fref? Hi\u00e7bir \u015fey ha, nereden biliyorsun? Ya buras\u0131 ba\u015fka t\u00fcrl\u00fc bir yerse? Hi\u00e7 d\u00fc\u015f\u00fcnmedi\u011fimiz ve d\u00fc\u015f\u00fcnmek bile istemeyece\u011fimiz bir yerse. Do\u011fumla \u00f6l\u00fcm aras\u0131na s\u0131k\u0131\u015ft\u0131r\u0131lm\u0131\u015f kendi cehennemini ya\u015fayan zavall\u0131larsak. Ac\u0131 i\u00e7in, \u0131st\u0131rap i\u00e7in g\u00f6nderildiysek buraya? Altm\u0131\u015f-yetmi\u015f senelik bir \u00f6m\u00fcr i\u00e7in \u00e7ok de\u011fil mi bu kadar eziyet. Ve ya\u015fl\u0131l\u0131k ne \u00e7abuk gelip ne uzun s\u00fcr\u00fcyor da, gen\u00e7lik ne k\u0131sa. B\u00f6yle olmaz E\u015fref. Peki, ben bir daha gelecek miyim bu d\u00fcnyaya? Ona da yok dersiniz siz de\u011fil mi?\u201d        \u00d6zlem Binel, safl\u0131\u011f\u0131n g\u00f6lgesinde a\u015fk\u0131 ve tutkuyu anlat\u0131rken Kurtulu\u015f Sava\u015f\u0131 m\u00fccadelesini de roman\u0131n\u0131n arka plan\u0131na koyuyor. Binel, Ay I\u015f\u0131\u011f\u0131m roman\u0131yla a\u015fk\u0131n ve m\u00fccadelenin b\u00fcy\u00fctt\u00fc\u011f\u00fc hayatlara dokunuyor. <\/p>\n","protected":false},"excerpt":{"rendered":"<p>\u201cBu d\u00fcnyaya s\u0131k\u0131\u015ft\u0131r\u0131ld\u0131k biz. Ya \u00f6ncesinde daha mutluysak? \u00d6l\u00fcnce nereye gidecek bu ruh dedi\u011fimiz. B\u00f6cekler kemirirken o bakmalara doyulmayan y\u00fcz\u00fcn\u00fc, ne hissedeceksin E\u015fref? Hi\u00e7bir \u015fey ha,<span class=\"excerpt-hellip\"> [\u2026]<\/span><\/p>\n","protected":false},"featured_media":0,"template":"","meta":{"_monsterinsights_skip_tracking":false,"_monsterinsights_sitenote_active":false,"_monsterinsights_sitenote_note":"","_monsterinsights_sitenote_category":0},"product_brand":[],"product_cat":[12291,12711],"product_tag":[],"class_list":{"0":"post-722855","1":"product","2":"type-product","3":"status-publish","5":"product_cat-edebiyat","6":"product_cat-roman-oyku","7":"pa_cilt-ciltsiz","8":"pa_tur-kitap","9":"pa_yayinevi-inkilap-kitabevi","10":"pa_yazar-ozlem-binel","12":"first","13":"instock","14":"sale","15":"shipping-taxable","16":"purchasable","17":"product-type-simple"},"_links":{"self":[{"href":"https:\/\/roveyayinevi.com.tr\/index.php\/wp-json\/wp\/v2\/product\/722855","targetHints":{"allow":["GET"]}}],"collection":[{"href":"https:\/\/roveyayinevi.com.tr\/index.php\/wp-json\/wp\/v2\/product"}],"about":[{"href":"https:\/\/roveyayinevi.com.tr\/index.php\/wp-json\/wp\/v2\/types\/product"}],"wp:attachment":[{"href":"https:\/\/roveyayinevi.com.tr\/index.php\/wp-json\/wp\/v2\/media?parent=722855"}],"wp:term":[{"taxonomy":"product_brand","embeddable":true,"href":"https:\/\/roveyayinevi.com.tr\/index.php\/wp-json\/wp\/v2\/product_brand?post=722855"},{"taxonomy":"product_cat","embeddable":true,"href":"https:\/\/roveyayinevi.com.tr\/index.php\/wp-json\/wp\/v2\/product_cat?post=722855"},{"taxonomy":"product_tag","embeddable":true,"href":"https:\/\/roveyayinevi.com.tr\/index.php\/wp-json\/wp\/v2\/product_tag?post=722855"}],"curies":[{"name":"wp","href":"https:\/\/api.w.org\/{rel}","templated":true}]}}