{"id":722845,"date":"2025-08-27T19:09:52","date_gmt":"2025-08-27T16:09:52","guid":{"rendered":"https:\/\/roveyayinevi.com.tr\/index.php\/urun\/ruh-esin-nerede\/"},"modified":"2026-04-16T02:30:40","modified_gmt":"2026-04-15T23:30:40","slug":"ruh-esin-nerede","status":"publish","type":"product","link":"https:\/\/roveyayinevi.com.tr\/index.php\/urun\/ruh-esin-nerede\/","title":{"rendered":"Ruh E\u015fin Nerede?"},"content":{"rendered":"<p>D\u00fcnyada her nerede olursan ol, seninle bulu\u015fmak istiyorum\u2026 Bu ya\u015famda \u00f6mr\u00fcm\u00fcz\u00fcn yetti\u011fi kadar beraber olmak \u00fczere seni \u00e7a\u011f\u0131r\u0131yorum\u2026   Sizi her anlamda mutlu edecek ve tamamlayacak insan\u0131\u2026 Ruh e\u015finizi hayat\u0131n\u0131za \u00e7ekmeye haz\u0131r m\u0131s\u0131n\u0131z?   S\u00fcrekli ayn\u0131 yanl\u0131\u015flara d\u00fc\u015fmekten, yanl\u0131\u015f insanlar\u0131 hayat\u0131n\u0131za \u00e7ekmekten b\u0131kt\u0131n\u0131z m\u0131?   E\u015finizle veya sevgilinizle daha mutlu olmak, a\u015fk ili\u015fkinizle ilgili fark\u0131ndal\u0131\u011f\u0131n\u0131z\u0131 art\u0131rmak, tekrar etti\u011finiz hatalar\u0131n ard\u0131nda yatan sebepleri \u00f6\u011frenip \u00e7\u00f6zmek mi istiyorsunuz? Ruh E\u015fin Nerede? sayesinde b\u00fct\u00fcn bunlar i\u00e7in uygulaman\u0131z gereken rit\u00fcelleri ve teknikleri ke\u015ffedebileceksiniz.   Dahas\u0131, nihayet fark\u0131ndal\u0131\u011fa ula\u015f\u0131p ruh e\u015finize kavu\u015ftuktan sonra \u00f6zg\u00fcrle\u015fecek ve ayd\u0131nlanma yolunda ilerleyerek hayat\u0131n\u0131zda mucizelere tan\u0131k olacaks\u0131n\u0131z! <\/p>\n","protected":false},"excerpt":{"rendered":"<p>D\u00fcnyada her nerede olursan ol, seninle bulu\u015fmak istiyorum\u2026 Bu ya\u015famda \u00f6mr\u00fcm\u00fcz\u00fcn yetti\u011fi kadar beraber olmak \u00fczere seni \u00e7a\u011f\u0131r\u0131yorum\u2026 Sizi her anlamda mutlu edecek ve tamamlayacak insan\u0131\u2026<span class=\"excerpt-hellip\"> [\u2026]<\/span><\/p>\n","protected":false},"featured_media":0,"template":"","meta":{"_monsterinsights_skip_tracking":false,"_monsterinsights_sitenote_active":false,"_monsterinsights_sitenote_note":"","_monsterinsights_sitenote_category":0},"product_brand":[],"product_cat":[12364,12376],"product_tag":[],"class_list":{"0":"post-722845","1":"product","2":"type-product","3":"status-publish","5":"product_cat-genel-konular","6":"product_cat-kisisel-gelisim","7":"pa_cilt-ciltsiz","8":"pa_tur-kitap","9":"pa_yayinevi-indigo-kitap","10":"pa_yazar-can-aydogmus","12":"first","13":"instock","14":"sale","15":"shipping-taxable","16":"purchasable","17":"product-type-simple"},"_links":{"self":[{"href":"https:\/\/roveyayinevi.com.tr\/index.php\/wp-json\/wp\/v2\/product\/722845","targetHints":{"allow":["GET"]}}],"collection":[{"href":"https:\/\/roveyayinevi.com.tr\/index.php\/wp-json\/wp\/v2\/product"}],"about":[{"href":"https:\/\/roveyayinevi.com.tr\/index.php\/wp-json\/wp\/v2\/types\/product"}],"wp:attachment":[{"href":"https:\/\/roveyayinevi.com.tr\/index.php\/wp-json\/wp\/v2\/media?parent=722845"}],"wp:term":[{"taxonomy":"product_brand","embeddable":true,"href":"https:\/\/roveyayinevi.com.tr\/index.php\/wp-json\/wp\/v2\/product_brand?post=722845"},{"taxonomy":"product_cat","embeddable":true,"href":"https:\/\/roveyayinevi.com.tr\/index.php\/wp-json\/wp\/v2\/product_cat?post=722845"},{"taxonomy":"product_tag","embeddable":true,"href":"https:\/\/roveyayinevi.com.tr\/index.php\/wp-json\/wp\/v2\/product_tag?post=722845"}],"curies":[{"name":"wp","href":"https:\/\/api.w.org\/{rel}","templated":true}]}}