{"id":722829,"date":"2025-08-27T19:09:31","date_gmt":"2025-08-27T16:09:31","guid":{"rendered":"https:\/\/roveyayinevi.com.tr\/index.php\/urun\/her-an-yeniden\/"},"modified":"2026-04-16T02:30:39","modified_gmt":"2026-04-15T23:30:39","slug":"her-an-yeniden","status":"publish","type":"product","link":"https:\/\/roveyayinevi.com.tr\/index.php\/urun\/her-an-yeniden\/","title":{"rendered":"Her An Yeniden"},"content":{"rendered":"<p>\u201cSeni g\u00f6r\u00fcyorum. Seni, her an yeniden, ilk kez, g\u00f6r\u00fcyorum.\u201dR. Berin Tuncel Her An Yeniden\u2019de duygular, ili\u015fkiler, kad\u0131n olmak ve kendini bulmak \u00fczerinden modern insan\u0131n yaralar\u0131na \u015fefkatle dokunuyor.Yaral\u0131 \u00e7ocukluklar\u0131n, olgun yeti\u015fkin olma sanc\u0131lar\u0131na\u2026 Anne babadan al\u0131namayanlar\u0131 kitaplarla, terapilerle telafi etme \u00e7abam\u0131za\u2026 Ger\u00e7ek ve tam bir sevgi ve kabul\u00fc, nerede bulursak oradan alabilme tela\u015flar\u0131m\u0131za merhametle bakan bir g\u00f6z olarak bize insan olma hallerini g\u00f6steriyor.Selen, Adem, Ebru Han\u0131m, \u00c7etin, Berrak ve Merve\u2019nin birbiriyle kesi\u015fen, i\u00e7 i\u00e7e ge\u00e7en hik\u00e2yeleriyle kurdu\u011fu k\u00fc\u00e7\u00fck bir evrende ili\u015fkilerle yaralanan, ili\u015fkilerle iyile\u015fen insan\u0131n yolculu\u011funa \u015fahit k\u0131l\u0131yor okuru.Ve adeta Yunus\u2019un \u201cHer dem yeniden do\u011far\u0131z, bizden kim usanas\u0131\u201d deyi\u015findeki gibi varolu\u015fun her an yeniden do\u011fmaya ayarl\u0131 yap\u0131s\u0131n\u0131 ke\u015ffetmenin hissettirdi\u011fi \u0131l\u0131k \u00fcmidi ta\u015f\u0131yor sat\u0131r aralar\u0131nda. <\/p>\n","protected":false},"excerpt":{"rendered":"<p>\u201cSeni g\u00f6r\u00fcyorum. Seni, her an yeniden, ilk kez, g\u00f6r\u00fcyorum.\u201dR. Berin Tuncel Her An Yeniden\u2019de duygular, ili\u015fkiler, kad\u0131n olmak ve kendini bulmak \u00fczerinden modern insan\u0131n yaralar\u0131na \u015fefkatle<span class=\"excerpt-hellip\"> [\u2026]<\/span><\/p>\n","protected":false},"featured_media":0,"template":"","meta":{"_monsterinsights_skip_tracking":false,"_monsterinsights_sitenote_active":false,"_monsterinsights_sitenote_note":"","_monsterinsights_sitenote_category":0},"product_brand":[],"product_cat":[12291,12711],"product_tag":[],"class_list":{"0":"post-722829","1":"product","2":"type-product","3":"status-publish","5":"product_cat-edebiyat","6":"product_cat-roman-oyku","7":"pa_cilt-ciltsiz","8":"pa_tur-kitap","9":"pa_yayinevi-timas-yayinlari","10":"pa_yazar-r-berin-tuncel","12":"first","13":"instock","14":"sale","15":"shipping-taxable","16":"purchasable","17":"product-type-simple"},"_links":{"self":[{"href":"https:\/\/roveyayinevi.com.tr\/index.php\/wp-json\/wp\/v2\/product\/722829","targetHints":{"allow":["GET"]}}],"collection":[{"href":"https:\/\/roveyayinevi.com.tr\/index.php\/wp-json\/wp\/v2\/product"}],"about":[{"href":"https:\/\/roveyayinevi.com.tr\/index.php\/wp-json\/wp\/v2\/types\/product"}],"wp:attachment":[{"href":"https:\/\/roveyayinevi.com.tr\/index.php\/wp-json\/wp\/v2\/media?parent=722829"}],"wp:term":[{"taxonomy":"product_brand","embeddable":true,"href":"https:\/\/roveyayinevi.com.tr\/index.php\/wp-json\/wp\/v2\/product_brand?post=722829"},{"taxonomy":"product_cat","embeddable":true,"href":"https:\/\/roveyayinevi.com.tr\/index.php\/wp-json\/wp\/v2\/product_cat?post=722829"},{"taxonomy":"product_tag","embeddable":true,"href":"https:\/\/roveyayinevi.com.tr\/index.php\/wp-json\/wp\/v2\/product_tag?post=722829"}],"curies":[{"name":"wp","href":"https:\/\/api.w.org\/{rel}","templated":true}]}}