{"id":722801,"date":"2025-08-27T19:09:10","date_gmt":"2025-08-27T16:09:10","guid":{"rendered":"https:\/\/roveyayinevi.com.tr\/index.php\/urun\/ayin-cevresinde-yolculuk\/"},"modified":"2026-04-16T02:30:39","modified_gmt":"2026-04-15T23:30:39","slug":"ayin-cevresinde-yolculuk","status":"publish","type":"product","link":"https:\/\/roveyayinevi.com.tr\/index.php\/urun\/ayin-cevresinde-yolculuk\/","title":{"rendered":"Ay\u2019\u0131n \u00c7evresinde Yolculuk"},"content":{"rendered":"<p>Ser\u00fcven devam ediyor\u2026Barbicane, Michel ve Nicholl\u2019\u00fcn Ay\u2019a yolculuklar\u0131 s\u00fcrpriz geli\u015fmelerle s\u00fcr\u00fcyor. Kahramanlar\u0131m\u0131z Ay\u2019a ula\u015fabilecek mi? Yery\u00fcz\u00fcn\u00fc bir daha g\u00f6rebilecekler mi? Yoksa sonsuza kadar Ay\u2019\u0131n \u00e7evresinde bir uydu mu olacaklar?Jules Verne, Ay\u2019a Yolculuk eserinin devam\u0131 olan Ay\u2019\u0131n \u00c7evresinde Yolculuk\u2019ta okuyucular\u0131n\u0131 muhte\u015fem bir ser\u00fcvene davet ediyor.<\/p>\n","protected":false},"excerpt":{"rendered":"<p>Ser\u00fcven devam ediyor\u2026Barbicane, Michel ve Nicholl\u2019\u00fcn Ay\u2019a yolculuklar\u0131 s\u00fcrpriz geli\u015fmelerle s\u00fcr\u00fcyor. Kahramanlar\u0131m\u0131z Ay\u2019a ula\u015fabilecek mi? Yery\u00fcz\u00fcn\u00fc bir daha g\u00f6rebilecekler mi? Yoksa sonsuza kadar Ay\u2019\u0131n \u00e7evresinde bir<span class=\"excerpt-hellip\"> [\u2026]<\/span><\/p>\n","protected":false},"featured_media":0,"template":"","meta":{"_monsterinsights_skip_tracking":false,"_monsterinsights_sitenote_active":false,"_monsterinsights_sitenote_note":"","_monsterinsights_sitenote_category":0},"product_brand":[],"product_cat":[12274,12284],"product_tag":[],"class_list":{"0":"post-722801","1":"product","2":"type-product","3":"status-publish","5":"product_cat-cocuk-ve-genclik-kitaplari","6":"product_cat-hikayeler","7":"pa_cilt-ciltsiz","8":"pa_tur-kitap","9":"pa_yayinevi-bilgi-yayinevi","10":"pa_yazar-jules-verne","12":"first","13":"instock","14":"sale","15":"shipping-taxable","16":"purchasable","17":"product-type-simple"},"_links":{"self":[{"href":"https:\/\/roveyayinevi.com.tr\/index.php\/wp-json\/wp\/v2\/product\/722801","targetHints":{"allow":["GET"]}}],"collection":[{"href":"https:\/\/roveyayinevi.com.tr\/index.php\/wp-json\/wp\/v2\/product"}],"about":[{"href":"https:\/\/roveyayinevi.com.tr\/index.php\/wp-json\/wp\/v2\/types\/product"}],"wp:attachment":[{"href":"https:\/\/roveyayinevi.com.tr\/index.php\/wp-json\/wp\/v2\/media?parent=722801"}],"wp:term":[{"taxonomy":"product_brand","embeddable":true,"href":"https:\/\/roveyayinevi.com.tr\/index.php\/wp-json\/wp\/v2\/product_brand?post=722801"},{"taxonomy":"product_cat","embeddable":true,"href":"https:\/\/roveyayinevi.com.tr\/index.php\/wp-json\/wp\/v2\/product_cat?post=722801"},{"taxonomy":"product_tag","embeddable":true,"href":"https:\/\/roveyayinevi.com.tr\/index.php\/wp-json\/wp\/v2\/product_tag?post=722801"}],"curies":[{"name":"wp","href":"https:\/\/api.w.org\/{rel}","templated":true}]}}