{"id":722800,"date":"2025-08-27T19:09:09","date_gmt":"2025-08-27T16:09:09","guid":{"rendered":"https:\/\/roveyayinevi.com.tr\/index.php\/urun\/turkiye-folkloru-el-kitabi\/"},"modified":"2026-04-16T02:30:39","modified_gmt":"2026-04-15T23:30:39","slug":"turkiye-folkloru-el-kitabi","status":"publish","type":"product","link":"https:\/\/roveyayinevi.com.tr\/index.php\/urun\/turkiye-folkloru-el-kitabi\/","title":{"rendered":"T\u00fcrkiye Folkloru El Kitab\u0131"},"content":{"rendered":"<p>Tahir Alangu (1915-1973), her \u015feyden \u00f6nce g\u00fc\u00e7 be\u011fenir bir ele\u015ftirmen, \u00e7ok y\u00f6nl\u00fc bir edebiyat insan\u0131. T\u00fcrk folklor ve halk edebiyat\u0131n\u0131n \u00f6nc\u00fc, yol ve y\u00f6n g\u00f6sterici ara\u015ft\u0131rmac\u0131s\u0131. Destanlar, masallar (\u00f6zellikle T\u00fcrk masallar\u0131), k\u00fclhanbeyi edebiyat\u0131, mitoloji, Karag\u00f6z gibi konular\u0131n ara\u015ft\u0131r\u0131c\u0131s\u0131, T\u00fcrkiye folkloru teriminin savunucusu ve uygulay\u0131c\u0131s\u0131. Kurtulu\u015f Kayal\u0131\u2019n\u0131n \u201cFarkl\u0131 Bir Sesle Konu\u015fan Bir Ele\u015ftirmen: Tahir Alangu\u201d nitelemesiyle yerli yerine oturan ve bir\u00e7o\u011fu alan\u0131nda ilk olma \u00f6zelli\u011fi ta\u015f\u0131yan yaz\u0131lar\u0131, kitaplar\u0131 ve dersleriyle bir d\u00f6nemin gen\u00e7lerini etkilemi\u015f usta bir yazar.Folklorun bir bilim dal\u0131 olarak tarihinin ara\u015ft\u0131r\u0131lmas\u0131, Beh\u00e7et Necatigil ve Aziz Nesin\u2019in eserlerinde folklor izlerinin irdelenmesi, genel anlamda g\u00f6\u00e7men folkloru ve T\u00fcrkiye\u2019deki Balkan g\u00f6\u00e7menlerin folklorunun ara\u015ft\u0131r\u0131l\u0131p derlenmesi konular\u0131n\u0131n \u00f6nc\u00fcs\u00fc Alangu\u2019nun da\u011f\u0131n\u0131k halde kalm\u0131\u015f \u00e7al\u0131\u015fmalar\u0131ndan olu\u015fan T\u00fcrkiye Folkloru El Kitab\u0131 1983\u2019te derlenip yay\u0131mland\u0131ktan sonra ve aradan ge\u00e7en y\u0131llar i\u00e7inde bir sahafiye kitap oldu. \u0130smail G\u00f6rkem\u2019in y\u0131llar s\u00fcren sab\u0131rl\u0131 ara\u015ft\u0131rma, derleme ve bekleyi\u015fi ile g\u00fcn y\u00fcz\u00fcne \u00e7\u0131kan bir ikinci bask\u0131 olarak neredeyse ilkinin \u00fc\u00e7 kat\u0131 geni\u015fli\u011fe ula\u015ft\u0131.Folklor ve halk edebiyat\u0131 ara\u015ft\u0131rmac\u0131lar\u0131 yan\u0131nda merakl\u0131 okurlar i\u00e7in de bulunmaz bir kaynak eser olarak y\u0131llar sonra yeniden T\u00fcrkiye Folkloru El Kitab\u0131.<\/p>\n","protected":false},"excerpt":{"rendered":"<p>Tahir Alangu (1915-1973), her \u015feyden \u00f6nce g\u00fc\u00e7 be\u011fenir bir ele\u015ftirmen, \u00e7ok y\u00f6nl\u00fc bir edebiyat insan\u0131. T\u00fcrk folklor ve halk edebiyat\u0131n\u0131n \u00f6nc\u00fc, yol ve y\u00f6n g\u00f6sterici ara\u015ft\u0131rmac\u0131s\u0131.<span class=\"excerpt-hellip\"> [\u2026]<\/span><\/p>\n","protected":false},"featured_media":0,"template":"","meta":{"_monsterinsights_skip_tracking":false,"_monsterinsights_sitenote_active":false,"_monsterinsights_sitenote_note":"","_monsterinsights_sitenote_category":0},"product_brand":[],"product_cat":[16169,12408],"product_tag":[],"class_list":{"0":"post-722800","1":"product","2":"type-product","3":"status-publish","5":"product_cat-geleneksel-sanatlar","6":"product_cat-sanat","7":"pa_cilt-ciltsiz","8":"pa_tur-kitap","9":"pa_yayinevi-yapi-kredi-yayinlari","10":"pa_yazar-tahir-alangu","12":"first","13":"instock","14":"sale","15":"shipping-taxable","16":"purchasable","17":"product-type-simple"},"_links":{"self":[{"href":"https:\/\/roveyayinevi.com.tr\/index.php\/wp-json\/wp\/v2\/product\/722800","targetHints":{"allow":["GET"]}}],"collection":[{"href":"https:\/\/roveyayinevi.com.tr\/index.php\/wp-json\/wp\/v2\/product"}],"about":[{"href":"https:\/\/roveyayinevi.com.tr\/index.php\/wp-json\/wp\/v2\/types\/product"}],"wp:attachment":[{"href":"https:\/\/roveyayinevi.com.tr\/index.php\/wp-json\/wp\/v2\/media?parent=722800"}],"wp:term":[{"taxonomy":"product_brand","embeddable":true,"href":"https:\/\/roveyayinevi.com.tr\/index.php\/wp-json\/wp\/v2\/product_brand?post=722800"},{"taxonomy":"product_cat","embeddable":true,"href":"https:\/\/roveyayinevi.com.tr\/index.php\/wp-json\/wp\/v2\/product_cat?post=722800"},{"taxonomy":"product_tag","embeddable":true,"href":"https:\/\/roveyayinevi.com.tr\/index.php\/wp-json\/wp\/v2\/product_tag?post=722800"}],"curies":[{"name":"wp","href":"https:\/\/api.w.org\/{rel}","templated":true}]}}