{"id":722781,"date":"2025-08-27T19:08:54","date_gmt":"2025-08-27T16:08:54","guid":{"rendered":"https:\/\/roveyayinevi.com.tr\/index.php\/urun\/cagdas-liberal-devlette-guc-ve-adalet-problemi\/"},"modified":"2026-04-16T02:30:38","modified_gmt":"2026-04-15T23:30:38","slug":"cagdas-liberal-devlette-guc-ve-adalet-problemi","status":"publish","type":"product","link":"https:\/\/roveyayinevi.com.tr\/index.php\/urun\/cagdas-liberal-devlette-guc-ve-adalet-problemi\/","title":{"rendered":"\u00c7a\u011fda\u015f Liberal Devlette G\u00fc\u00e7 ve Adalet Problemi"},"content":{"rendered":"<p>Siyaset ve hukuk felsefeleri ile sosyolojilerinden ba\u015fka, dil, bilim, din ve tarih felsefelerinden de psikoloji, siyas\u00ee tarih, iktisat, fizik ve din\u00ee bilimler gibi disiplinlerden de konuyla ilgili yeterli bilgiler bulunan bu kitapta, Bat\u0131 modernitesinin sosyo-politik de\u011ferleriyle hesapla\u015f\u0131lmaktad\u0131r. Giri\u015fte, \u201cadalet\u201d kavram\u0131 \u00fczerinde antik d\u00f6nemdeki tart\u0131\u015fmalara yer verilirken, ilk b\u00f6l\u00fcmden itibaren liberalizmin ba\u015flang\u0131c\u0131ndan g\u00fcn\u00fcm\u00fcze kadarki geli\u015fimi, Bat\u0131\u2019daki tepkilerden, \u00f6teki ideolojilerden ve tabiat bilimlerindeki teorilerden etkilenmesiyle birlikte konu edilmektedir. \u00d6zellikle fizik ve biyolojiden adalet teorileri \u00fcretilmi\u015f olmas\u0131 \u00e7ok ilgin\u00e7tir. Klasik Liberalizmdeki bireysel h\u00fcrriyet\u00e7ili\u011fin sadece kapitalist bireyin ekonomideki faaliyetleri i\u00e7in d\u00fc\u015f\u00fcn\u00fcld\u00fc\u011f\u00fc, toplumun bir ger\u00e7ek olarak kabullenilmedi\u011fi, devlete, demokrasiye ve dine alabildi\u011fine m\u00fcdahale edildi\u011fi; Sosyal Liberalizmde ise topluma, devlete ve Hristiyanl\u0131\u011fa daha olumlu bak\u0131ld\u0131\u011f\u0131, hatta sisteme \u201cHristiyan ahlak\u0131\u201d katmak istendi\u011fi fakat genellikle \u0130slamiyet\u2019e muhalif olundu\u011fu, buna kar\u015f\u0131l\u0131k incelemi\u015f olanlarca farkl\u0131lar\u0131n birlikte ya\u015famas\u0131na yeg\u00e2ne \u00f6rne\u011fin \u0130slam devletlerinden verildi\u011fi g\u00f6sterilmektedir. Bu y\u00fczden Hristiyanl\u0131kla \u0130slamiyet\u2019in adalet anlay\u0131\u015flar\u0131 da kar\u015f\u0131la\u015ft\u0131r\u0131lmaktad\u0131r. Yazar, b\u00fct\u00fcn bunlar\u0131 yaparken, ideolojilerden kiminin devlete kiminin bireye kiminin bir s\u0131n\u0131fa kiminin bir topluma \u00fcst\u00fcnl\u00fck verdi\u011fi i\u00e7in adil bir denge tutturamad\u0131\u011f\u0131n\u0131 g\u00f6sterip, felsef\u00ee gerek\u00e7eleriyle birlikte bir\u00e7ok \u00f6nemli teklifte de bulunmaktad\u0131r.<\/p>\n","protected":false},"excerpt":{"rendered":"<p>Siyaset ve hukuk felsefeleri ile sosyolojilerinden ba\u015fka, dil, bilim, din ve tarih felsefelerinden de psikoloji, siyas\u00ee tarih, iktisat, fizik ve din\u00ee bilimler gibi disiplinlerden de konuyla<span class=\"excerpt-hellip\"> [\u2026]<\/span><\/p>\n","protected":false},"featured_media":0,"template":"","meta":{"_monsterinsights_skip_tracking":false,"_monsterinsights_sitenote_active":false,"_monsterinsights_sitenote_note":"","_monsterinsights_sitenote_category":0},"product_brand":[],"product_cat":[12388,15536],"product_tag":[],"class_list":{"0":"post-722781","1":"product","2":"type-product","3":"status-publish","5":"product_cat-felsefe","6":"product_cat-siyaset-felsefesi","7":"pa_cilt-ciltsiz","8":"pa_tur-kitap","9":"pa_yayinevi-ketebe-yayinlari","10":"pa_yazar-huseyin-dayi","12":"first","13":"instock","14":"sale","15":"shipping-taxable","16":"purchasable","17":"product-type-simple"},"_links":{"self":[{"href":"https:\/\/roveyayinevi.com.tr\/index.php\/wp-json\/wp\/v2\/product\/722781","targetHints":{"allow":["GET"]}}],"collection":[{"href":"https:\/\/roveyayinevi.com.tr\/index.php\/wp-json\/wp\/v2\/product"}],"about":[{"href":"https:\/\/roveyayinevi.com.tr\/index.php\/wp-json\/wp\/v2\/types\/product"}],"wp:attachment":[{"href":"https:\/\/roveyayinevi.com.tr\/index.php\/wp-json\/wp\/v2\/media?parent=722781"}],"wp:term":[{"taxonomy":"product_brand","embeddable":true,"href":"https:\/\/roveyayinevi.com.tr\/index.php\/wp-json\/wp\/v2\/product_brand?post=722781"},{"taxonomy":"product_cat","embeddable":true,"href":"https:\/\/roveyayinevi.com.tr\/index.php\/wp-json\/wp\/v2\/product_cat?post=722781"},{"taxonomy":"product_tag","embeddable":true,"href":"https:\/\/roveyayinevi.com.tr\/index.php\/wp-json\/wp\/v2\/product_tag?post=722781"}],"curies":[{"name":"wp","href":"https:\/\/api.w.org\/{rel}","templated":true}]}}