{"id":722780,"date":"2025-08-27T19:08:54","date_gmt":"2025-08-27T16:08:54","guid":{"rendered":"https:\/\/roveyayinevi.com.tr\/index.php\/urun\/derin-rusya\/"},"modified":"2026-04-16T02:30:38","modified_gmt":"2026-04-15T23:30:38","slug":"derin-rusya","status":"publish","type":"product","link":"https:\/\/roveyayinevi.com.tr\/index.php\/urun\/derin-rusya\/","title":{"rendered":"Derin Rusya"},"content":{"rendered":"<p>Rusya\u2019n\u0131n derin \u015fifreleriPrensler, aristokratlar, devlet elitleri, yabanc\u0131 g\u00fc\u00e7 odaklar\u0131 ve kilise ekseninde Rusya\u2019n\u0131n i\u00e7 dinamiklerini de\u015fifre etmek i\u00e7in referans bir eser.Romanovlar \u00f6ncesinde Rus devletinin yabanc\u0131 devletlerin m\u00fcdahalesi ile yok olma tehlikesiyle kar\u015f\u0131 kar\u015f\u0131ya kalmas\u0131, bizzat \u00e7arlar\u0131n arac\u0131l\u0131\u011f\u0131yla bir derin devlet olu\u015fturulmas\u0131n\u0131 zorunlu k\u0131ld\u0131. Her \u00e7ar, i\u00e7 dinamikleri kontrol alt\u0131na almak, isyanlar\u0131 \u00f6nlemek ve devletin devaml\u0131l\u0131\u011f\u0131n\u0131 sa\u011flamak ad\u0131na kendi istihbarat \u00f6rg\u00fctlerini kurdu. Bu gelenek KGB\u2019ye kadar geli\u015ferek devam etti. Derin Rusya, Rusya\u2019n\u0131n devlet erkan\u0131n\u0131n bile \u00fczerinde bir yetkiyi elinde bulunduran gizli te\u015fkilatlar\u0131yla, g\u00fc\u00e7 dengeleriyle, k\u00fclt\u00fcrel ve dini kodlar\u0131yla birlikte i\u00e7 dinamiklerini de\u015fifre ediyor. \u00c7arlar, yalanc\u0131 \u00e7arlar, \u00e7ari\u00e7eler, knezler, boyarlar, darbeci \u00f6rg\u00fctler, dekabristler, masonlar, serfler, Bol\u015fevikler, sosyalist tiranl\u0131\u011f\u0131n yeni \u00e7arlar\u0131 ve k\u00fcllerinden yeniden do\u011fan bug\u00fcnk\u00fc Putin Rusya\u2019s\u0131\u2026 Patlama enerjisiyle eyleme ge\u00e7en Ruslar\u0131n var olmakla bir d\u00fcnya g\u00fcc\u00fc olmak aras\u0131ndaki zikzakl\u0131 m\u00fccadelesi ate\u015fli bir a\u015fk roman\u0131 gibi.<\/p>\n","protected":false},"excerpt":{"rendered":"<p>Rusya\u2019n\u0131n derin \u015fifreleriPrensler, aristokratlar, devlet elitleri, yabanc\u0131 g\u00fc\u00e7 odaklar\u0131 ve kilise ekseninde Rusya\u2019n\u0131n i\u00e7 dinamiklerini de\u015fifre etmek i\u00e7in referans bir eser.Romanovlar \u00f6ncesinde Rus devletinin yabanc\u0131 devletlerin<span class=\"excerpt-hellip\"> [\u2026]<\/span><\/p>\n","protected":false},"featured_media":0,"template":"","meta":{"_monsterinsights_skip_tracking":false,"_monsterinsights_sitenote_active":false,"_monsterinsights_sitenote_note":"","_monsterinsights_sitenote_category":0},"product_brand":[],"product_cat":[12305,12304],"product_tag":[],"class_list":{"0":"post-722780","1":"product","2":"type-product","3":"status-publish","5":"product_cat-dunya-tarihi","6":"product_cat-tarih","7":"pa_cilt-ciltsiz","8":"pa_tur-kitap","9":"pa_yayinevi-ketebe-yayinlari","10":"pa_yazar-telman-nusretoglu","12":"first","13":"instock","14":"sale","15":"shipping-taxable","16":"purchasable","17":"product-type-simple"},"_links":{"self":[{"href":"https:\/\/roveyayinevi.com.tr\/index.php\/wp-json\/wp\/v2\/product\/722780","targetHints":{"allow":["GET"]}}],"collection":[{"href":"https:\/\/roveyayinevi.com.tr\/index.php\/wp-json\/wp\/v2\/product"}],"about":[{"href":"https:\/\/roveyayinevi.com.tr\/index.php\/wp-json\/wp\/v2\/types\/product"}],"wp:attachment":[{"href":"https:\/\/roveyayinevi.com.tr\/index.php\/wp-json\/wp\/v2\/media?parent=722780"}],"wp:term":[{"taxonomy":"product_brand","embeddable":true,"href":"https:\/\/roveyayinevi.com.tr\/index.php\/wp-json\/wp\/v2\/product_brand?post=722780"},{"taxonomy":"product_cat","embeddable":true,"href":"https:\/\/roveyayinevi.com.tr\/index.php\/wp-json\/wp\/v2\/product_cat?post=722780"},{"taxonomy":"product_tag","embeddable":true,"href":"https:\/\/roveyayinevi.com.tr\/index.php\/wp-json\/wp\/v2\/product_tag?post=722780"}],"curies":[{"name":"wp","href":"https:\/\/api.w.org\/{rel}","templated":true}]}}