{"id":722775,"date":"2025-08-27T19:08:50","date_gmt":"2025-08-27T16:08:50","guid":{"rendered":"https:\/\/roveyayinevi.com.tr\/index.php\/urun\/kalu-beladan-sonraki-gunler\/"},"modified":"2026-04-16T02:30:38","modified_gmt":"2026-04-15T23:30:38","slug":"kalu-beladan-sonraki-gunler","status":"publish","type":"product","link":"https:\/\/roveyayinevi.com.tr\/index.php\/urun\/kalu-beladan-sonraki-gunler\/","title":{"rendered":"Kalu Bela\u2019dan Sonraki G\u00fcnler"},"content":{"rendered":"<p>Bunlar\u0131 diyorum ama kafamda ba\u015flay\u0131p ayak parmaku\u00e7lar\u0131mda bitiyorum sizler de \u00f6yle bir bilgi patlam\u0131\u015f kan yok b\u00f6\u011fr\u00fcmde bir kavray\u0131\u015f\u0131n ortas\u0131nda elimi bana uzatm\u0131\u015flar elimi k\u0131rm\u0131\u015f\u0131m, kahve uzatm\u0131\u015flar i\u00e7mi\u015fim art\u0131k ta\u015f\u0131n\u0131 ta\u015f olarak anlam\u0131\u015f\u0131m \u0130stanbul\u2019un sava\u015f esnas\u0131nda insanlar nas\u0131l ya\u015farlarm\u0131\u015f merak etmi\u015fim bu yava\u015f sava\u015fta esnas\u0131z oldu\u011fumuzun<\/p>\n","protected":false},"excerpt":{"rendered":"<p>Bunlar\u0131 diyorum ama kafamda ba\u015flay\u0131p ayak parmaku\u00e7lar\u0131mda bitiyorum sizler de \u00f6yle bir bilgi patlam\u0131\u015f kan yok b\u00f6\u011fr\u00fcmde bir kavray\u0131\u015f\u0131n ortas\u0131nda elimi bana uzatm\u0131\u015flar elimi k\u0131rm\u0131\u015f\u0131m, kahve<span class=\"excerpt-hellip\"> [\u2026]<\/span><\/p>\n","protected":false},"featured_media":0,"template":"","meta":{"_monsterinsights_skip_tracking":false,"_monsterinsights_sitenote_active":false,"_monsterinsights_sitenote_note":"","_monsterinsights_sitenote_category":0},"product_brand":[],"product_cat":[12291,12509],"product_tag":[],"class_list":{"0":"post-722775","1":"product","2":"type-product","3":"status-publish","5":"product_cat-edebiyat","6":"product_cat-siir","7":"pa_cilt-ciltsiz","8":"pa_tur-kitap","9":"pa_yayinevi-ketebe-yayinlari","10":"pa_yazar-samed-karatas","12":"first","13":"instock","14":"sale","15":"shipping-taxable","16":"purchasable","17":"product-type-simple"},"_links":{"self":[{"href":"https:\/\/roveyayinevi.com.tr\/index.php\/wp-json\/wp\/v2\/product\/722775","targetHints":{"allow":["GET"]}}],"collection":[{"href":"https:\/\/roveyayinevi.com.tr\/index.php\/wp-json\/wp\/v2\/product"}],"about":[{"href":"https:\/\/roveyayinevi.com.tr\/index.php\/wp-json\/wp\/v2\/types\/product"}],"wp:attachment":[{"href":"https:\/\/roveyayinevi.com.tr\/index.php\/wp-json\/wp\/v2\/media?parent=722775"}],"wp:term":[{"taxonomy":"product_brand","embeddable":true,"href":"https:\/\/roveyayinevi.com.tr\/index.php\/wp-json\/wp\/v2\/product_brand?post=722775"},{"taxonomy":"product_cat","embeddable":true,"href":"https:\/\/roveyayinevi.com.tr\/index.php\/wp-json\/wp\/v2\/product_cat?post=722775"},{"taxonomy":"product_tag","embeddable":true,"href":"https:\/\/roveyayinevi.com.tr\/index.php\/wp-json\/wp\/v2\/product_tag?post=722775"}],"curies":[{"name":"wp","href":"https:\/\/api.w.org\/{rel}","templated":true}]}}