{"id":722755,"date":"2025-08-27T19:08:34","date_gmt":"2025-08-27T16:08:34","guid":{"rendered":"https:\/\/roveyayinevi.com.tr\/index.php\/urun\/devlet-dini\/"},"modified":"2026-04-16T02:30:37","modified_gmt":"2026-04-15T23:30:37","slug":"devlet-dini","status":"publish","type":"product","link":"https:\/\/roveyayinevi.com.tr\/index.php\/urun\/devlet-dini\/","title":{"rendered":"Devlet Dini"},"content":{"rendered":"<p>Bu kitap, T\u00fcrk toplumlar\u0131nda dinin tarih boyunca egemen s\u0131n\u0131fla ili\u015fkisinin ve S\u00fcnni \u0130slam\u0131n \u00e7a\u011flar boyunca devlet dini olarak tesis edili\u015finin \u00f6yk\u00fcs\u00fcn\u00fc anlat\u0131yor.T\u00fcrklerin din tarihinden felsefi sonu\u00e7lar \u00e7\u0131kararak yol alan bu \u00f6yk\u00fc, \u0130slama ge\u00e7i\u015f s\u00fcrecinden, Sel\u00e7ukluya; Osmanl\u0131dan Cumhuriyete T\u00fcrklerin dine yakla\u015f\u0131m\u0131n\u0131 sergiliyor.Devlet dini ba\u011flam\u0131nda Diyanet \u0130\u015fleri Ba\u015fkanl\u0131\u011f\u0131n\u0131n i\u015flevi; mill\u00ee din yaratma \u00e7abalar\u0131; Kom\u00fcnizmle M\u00fccadele Dernekleri ile \u2018din d\u00fc\u015fman\u0131 kom\u00fcnist\u2019 alg\u0131s\u0131n\u0131 in\u015fa \u00e7abalar\u0131 ele al\u0131nan di\u011fer konulard\u0131r.Bu de\u011ferli \u00e7al\u0131\u015fmay\u0131 H\u00fcr Sinan \u00d6zbek\u2019in kalemiyle sunuyoruz.<\/p>\n","protected":false},"excerpt":{"rendered":"<p>Bu kitap, T\u00fcrk toplumlar\u0131nda dinin tarih boyunca egemen s\u0131n\u0131fla ili\u015fkisinin ve S\u00fcnni \u0130slam\u0131n \u00e7a\u011flar boyunca devlet dini olarak tesis edili\u015finin \u00f6yk\u00fcs\u00fcn\u00fc anlat\u0131yor.T\u00fcrklerin din tarihinden felsefi sonu\u00e7lar<span class=\"excerpt-hellip\"> [\u2026]<\/span><\/p>\n","protected":false},"featured_media":0,"template":"","meta":{"_monsterinsights_skip_tracking":false,"_monsterinsights_sitenote_active":false,"_monsterinsights_sitenote_note":"","_monsterinsights_sitenote_category":0},"product_brand":[],"product_cat":[12370,12304],"product_tag":[],"class_list":{"0":"post-722755","1":"product","2":"type-product","3":"status-publish","5":"product_cat-arastirma-inceleme","6":"product_cat-tarih","7":"pa_cilt-ciltsiz","8":"pa_tur-kitap","9":"pa_yayinevi-fol-kitap","10":"pa_yazar-hur-sinan-ozbek","12":"first","13":"instock","14":"sale","15":"shipping-taxable","16":"purchasable","17":"product-type-simple"},"_links":{"self":[{"href":"https:\/\/roveyayinevi.com.tr\/index.php\/wp-json\/wp\/v2\/product\/722755","targetHints":{"allow":["GET"]}}],"collection":[{"href":"https:\/\/roveyayinevi.com.tr\/index.php\/wp-json\/wp\/v2\/product"}],"about":[{"href":"https:\/\/roveyayinevi.com.tr\/index.php\/wp-json\/wp\/v2\/types\/product"}],"wp:attachment":[{"href":"https:\/\/roveyayinevi.com.tr\/index.php\/wp-json\/wp\/v2\/media?parent=722755"}],"wp:term":[{"taxonomy":"product_brand","embeddable":true,"href":"https:\/\/roveyayinevi.com.tr\/index.php\/wp-json\/wp\/v2\/product_brand?post=722755"},{"taxonomy":"product_cat","embeddable":true,"href":"https:\/\/roveyayinevi.com.tr\/index.php\/wp-json\/wp\/v2\/product_cat?post=722755"},{"taxonomy":"product_tag","embeddable":true,"href":"https:\/\/roveyayinevi.com.tr\/index.php\/wp-json\/wp\/v2\/product_tag?post=722755"}],"curies":[{"name":"wp","href":"https:\/\/api.w.org\/{rel}","templated":true}]}}