{"id":722751,"date":"2025-08-27T19:08:31","date_gmt":"2025-08-27T16:08:31","guid":{"rendered":"https:\/\/roveyayinevi.com.tr\/index.php\/urun\/kisisel-gelisim-cilginliginda-kendiniz-kalabilmek\/"},"modified":"2026-04-12T02:36:38","modified_gmt":"2026-04-11T23:36:38","slug":"kisisel-gelisim-cilginliginda-kendiniz-kalabilmek","status":"publish","type":"product","link":"https:\/\/roveyayinevi.com.tr\/index.php\/urun\/kisisel-gelisim-cilginliginda-kendiniz-kalabilmek\/","title":{"rendered":"Ki\u015fisel Geli\u015fim \u00c7\u0131lg\u0131nl\u0131\u011f\u0131nda Kendiniz Kalabilmek"},"content":{"rendered":"<p>Modern hayat\u0131n temposu her ge\u00e7en g\u00fcn h\u0131zlan\u0131yor. Bu de\u011fi\u015fime ayak uydurabilmek i\u00e7in bizim de s\u00fcrekli olarak hareket halinde olmam\u0131z ve pe\u015fi s\u0131ra gelen yeniliklere uyum g\u00f6stermemiz bekleniyor. Fakat bu bitimsiz devingenli\u011fin stres, yorgunluk, depresyon gibi a\u011f\u0131r bedelleri var. Ger\u00e7ekten \u00e7a\u011f\u0131n h\u0131z\u0131na ayak uydurmaktan ba\u015fka se\u00e7ene\u011fimiz yok mu? \u0130\u00e7inde ya\u015fad\u0131\u011f\u0131m\u0131z h\u0131z k\u00fclt\u00fcr\u00fc, bir yandan zaman\u0131 ak\u0131\u015fkan hale getirirken di\u011fer yandan sosyal s\u0131n\u0131rlar\u0131 siliyor ve sabit tan\u0131mlar\u0131n yerine esnek ve de\u011fi\u015febilir de\u011ferler koyuyor. Bireyi yolundan \u015fa\u015f\u0131rtan, \u015f\u00fcpheye s\u00fcr\u00fckleyen, yaln\u0131zla\u015ft\u0131ran bir s\u00fcre\u00e7 bu ayn\u0131 zamanda. Kendimizi bu y\u0131prat\u0131c\u0131 s\u00fcre\u00e7ten korumak i\u00e7in ne yapmal\u0131y\u0131z? Arad\u0131\u011f\u0131m\u0131z b\u00fct\u00fcn yan\u0131tlar i\u00e7imizde midir? Kendini ger\u00e7ekle\u015ftirmek ne demektir? Birey kendi kaderinden sorumlu mudur? Anlaml\u0131 bir varolu\u015f kurmak nas\u0131l m\u00fcmk\u00fcn olabilir? Ba\u015fkalar\u0131yla etkile\u015fimimiz ki\u015fisel mutlulu\u011fumuzun neresinde durur? Benli\u011fin ve ki\u015fisel b\u00fct\u00fcnl\u00fc\u011f\u00fcn ki\u015finin i\u00e7 huzurundaki rol\u00fc nedir? Neden bu kadar \u00e7ok ki\u015fisel geli\u015fim kitab\u0131 yaz\u0131l\u0131yor ve yay\u0131mlan\u0131yor? Edebiyat kendimizi ve hayat\u0131 anlama \u00e7abam\u0131zda bize nas\u0131l yard\u0131mc\u0131 olabilir? Danimarkal\u0131 psikolog ve felsefeci Svend Brinkmann yay\u0131mland\u0131\u011f\u0131 ilk g\u00fcnden itibaren b\u00fcy\u00fck ilgi g\u00f6ren ve pek \u00e7ok \u00fclkede \u00e7oksatanlar listesinin \u00fcst s\u0131ralar\u0131na yerle\u015fen bu kitab\u0131nda, ki\u015fisel geli\u015fim \u00e7\u0131lg\u0131nl\u0131\u011f\u0131na direnmenin gereklili\u011fini hat\u0131rlat\u0131yor. Yazar her \u015feyi m\u00fcmk\u00fcn gibi g\u00f6steren i\u00e7e d\u00f6nme, pozitif d\u00fc\u015f\u00fcnme, kendini yeniden yaratma gibi moda trendlere odaklanmak yerine, kendimiz olarak kalarak belli bir y\u00f6n ve ama\u00e7 do\u011frultusunda \u00f6m\u00fcr s\u00fcrmenin \u00f6nemine vurgu yap\u0131yor<\/p>\n","protected":false},"excerpt":{"rendered":"<p>Modern hayat\u0131n temposu her ge\u00e7en g\u00fcn h\u0131zlan\u0131yor. Bu de\u011fi\u015fime ayak uydurabilmek i\u00e7in bizim de s\u00fcrekli olarak hareket halinde olmam\u0131z ve pe\u015fi s\u0131ra gelen yeniliklere uyum g\u00f6stermemiz<span class=\"excerpt-hellip\"> [\u2026]<\/span><\/p>\n","protected":false},"featured_media":0,"template":"","meta":{"_monsterinsights_skip_tracking":false,"_monsterinsights_sitenote_active":false,"_monsterinsights_sitenote_note":"","_monsterinsights_sitenote_category":0},"product_brand":[],"product_cat":[12364,12376],"product_tag":[],"class_list":{"0":"post-722751","1":"product","2":"type-product","3":"status-publish","5":"product_cat-genel-konular","6":"product_cat-kisisel-gelisim","7":"pa_cilt-ciltsiz","8":"pa_tur-kitap","9":"pa_yayinevi-iletisim-yayinlari","10":"pa_yazar-svend-brinkmann","12":"first","13":"instock","14":"sale","15":"shipping-taxable","16":"purchasable","17":"product-type-simple"},"_links":{"self":[{"href":"https:\/\/roveyayinevi.com.tr\/index.php\/wp-json\/wp\/v2\/product\/722751","targetHints":{"allow":["GET"]}}],"collection":[{"href":"https:\/\/roveyayinevi.com.tr\/index.php\/wp-json\/wp\/v2\/product"}],"about":[{"href":"https:\/\/roveyayinevi.com.tr\/index.php\/wp-json\/wp\/v2\/types\/product"}],"wp:attachment":[{"href":"https:\/\/roveyayinevi.com.tr\/index.php\/wp-json\/wp\/v2\/media?parent=722751"}],"wp:term":[{"taxonomy":"product_brand","embeddable":true,"href":"https:\/\/roveyayinevi.com.tr\/index.php\/wp-json\/wp\/v2\/product_brand?post=722751"},{"taxonomy":"product_cat","embeddable":true,"href":"https:\/\/roveyayinevi.com.tr\/index.php\/wp-json\/wp\/v2\/product_cat?post=722751"},{"taxonomy":"product_tag","embeddable":true,"href":"https:\/\/roveyayinevi.com.tr\/index.php\/wp-json\/wp\/v2\/product_tag?post=722751"}],"curies":[{"name":"wp","href":"https:\/\/api.w.org\/{rel}","templated":true}]}}