{"id":722747,"date":"2025-08-27T19:08:28","date_gmt":"2025-08-27T16:08:28","guid":{"rendered":"https:\/\/roveyayinevi.com.tr\/index.php\/urun\/gezegenimizi-ziyaret-eden-dunya-disi-irklar-bir-kgb-dosyasi\/"},"modified":"2026-04-16T02:30:37","modified_gmt":"2026-04-15T23:30:37","slug":"gezegenimizi-ziyaret-eden-dunya-disi-irklar-bir-kgb-dosyasi","status":"publish","type":"product","link":"https:\/\/roveyayinevi.com.tr\/index.php\/urun\/gezegenimizi-ziyaret-eden-dunya-disi-irklar-bir-kgb-dosyasi\/","title":{"rendered":"Gezegenimizi Ziyaret Eden D\u00fcnya D\u0131\u015f\u0131 Irklar &#8211; Bir KGB Dosyas\u0131"},"content":{"rendered":"<p>UFO\u2019lar insano\u011flu taraf\u0131ndan y\u0131llar boyunca merak edilen ve tart\u0131\u015f\u0131lan bir konu oldu. Evren hakk\u0131nda en \u00e7ok merak etti\u011fimiz ve zihnimizden \u00e7\u0131kmayan sorulardan bir tanesi de \u201cEvrende yaln\u0131z m\u0131y\u0131z?\u201d sorusudur. Bir\u00e7ok devlet h\u00fck\u00fcmetleri taraf\u0131ndan bu bilgiler gizlenmektedir. Son zamanlarda d\u00fcnya d\u0131\u015f\u0131 t\u00fcrler ile kurulan temaslarla ilgili \u015fa\u015f\u0131rt\u0131c\u0131 itiraflar duymaktay\u0131z\u2026 \u00dcstelik bu \u00fclkelerin yetkili mercilerinden&#8230;Ayr\u0131ca biz insanlar\u0131n ve d\u00fcnya d\u0131\u015f\u0131 \u0131rklar\u0131n D\u00fcnya\u2019da bir arada ya\u015famaya ba\u015flad\u0131\u011f\u0131ndan beri cevap arad\u0131\u011f\u0131 bir konu da \u201cEvreni ve hepimizi kim yaratt\u0131\u201d sorusu olmu\u015ftur.SMER\u015e (Rus Kar\u015f\u0131 Casusluk Servisi) taraf\u0131ndan haz\u0131rlanan ve SMER\u015e ajanlar\u0131 taraf\u0131ndan k\u0131lavuz olarak kullan\u0131lan bu kitapta arad\u0131\u011f\u0131n\u0131z t\u00fcm cevaplar\u0131 bulacaks\u0131n\u0131z.SSCB d\u00f6neminde istihbarat \u00f6rg\u00fctleri taraf\u0131ndan d\u00fcnya d\u0131\u015f\u0131 \u0131rklar ile kurulan temaslar neticesinde 1947 y\u0131l\u0131nda olu\u015fturulan ve g\u00fcn\u00fcm\u00fcze kadar g\u00fcncellenerek gelen bu kitapta gezegenimizi ziyaret eden tam 58 ayr\u0131 \u0131rk\u0131, bu \u0131rklar\u0131 anlatan bilgileri ve insanl\u0131\u011fa ilettikleri mesajlar\u0131 g\u00f6receksiniz\u2026\u201cD\u00fcnya D\u0131\u015f\u0131 Irklar\u201d Rus gizli kitab\u0131 \u015fu an sizin elinizde\u2026 Bu kitapta yer alan bilgileri g\u00fcncelleme g\u00f6revi art\u0131k sizin\u2026<\/p>\n","protected":false},"excerpt":{"rendered":"<p>UFO\u2019lar insano\u011flu taraf\u0131ndan y\u0131llar boyunca merak edilen ve tart\u0131\u015f\u0131lan bir konu oldu. Evren hakk\u0131nda en \u00e7ok merak etti\u011fimiz ve zihnimizden \u00e7\u0131kmayan sorulardan bir tanesi de \u201cEvrende<span class=\"excerpt-hellip\"> [\u2026]<\/span><\/p>\n","protected":false},"featured_media":0,"template":"","meta":{"_monsterinsights_skip_tracking":false,"_monsterinsights_sitenote_active":false,"_monsterinsights_sitenote_note":"","_monsterinsights_sitenote_category":0},"product_brand":[],"product_cat":[12370,12304],"product_tag":[],"class_list":{"0":"post-722747","1":"product","2":"type-product","3":"status-publish","5":"product_cat-arastirma-inceleme","6":"product_cat-tarih","7":"pa_cilt-ciltsiz","8":"pa_tur-kitap","9":"pa_yayinevi-elpis-yayinlari","10":"pa_yazar-dante-santori-mustafa-yurttepe","12":"first","13":"instock","14":"sale","15":"shipping-taxable","16":"purchasable","17":"product-type-simple"},"_links":{"self":[{"href":"https:\/\/roveyayinevi.com.tr\/index.php\/wp-json\/wp\/v2\/product\/722747","targetHints":{"allow":["GET"]}}],"collection":[{"href":"https:\/\/roveyayinevi.com.tr\/index.php\/wp-json\/wp\/v2\/product"}],"about":[{"href":"https:\/\/roveyayinevi.com.tr\/index.php\/wp-json\/wp\/v2\/types\/product"}],"wp:attachment":[{"href":"https:\/\/roveyayinevi.com.tr\/index.php\/wp-json\/wp\/v2\/media?parent=722747"}],"wp:term":[{"taxonomy":"product_brand","embeddable":true,"href":"https:\/\/roveyayinevi.com.tr\/index.php\/wp-json\/wp\/v2\/product_brand?post=722747"},{"taxonomy":"product_cat","embeddable":true,"href":"https:\/\/roveyayinevi.com.tr\/index.php\/wp-json\/wp\/v2\/product_cat?post=722747"},{"taxonomy":"product_tag","embeddable":true,"href":"https:\/\/roveyayinevi.com.tr\/index.php\/wp-json\/wp\/v2\/product_tag?post=722747"}],"curies":[{"name":"wp","href":"https:\/\/api.w.org\/{rel}","templated":true}]}}