{"id":722736,"date":"2025-08-27T19:08:20","date_gmt":"2025-08-27T16:08:20","guid":{"rendered":"https:\/\/roveyayinevi.com.tr\/index.php\/urun\/cagdas-iktisadi-dusunceler-perspektifinden-sosyal-refah-devleti\/"},"modified":"2026-04-16T02:30:37","modified_gmt":"2026-04-15T23:30:37","slug":"cagdas-iktisadi-dusunceler-perspektifinden-sosyal-refah-devleti","status":"publish","type":"product","link":"https:\/\/roveyayinevi.com.tr\/index.php\/urun\/cagdas-iktisadi-dusunceler-perspektifinden-sosyal-refah-devleti\/","title":{"rendered":"\u00c7a\u011fda\u015f \u0130ktisadi D\u00fc\u015f\u00fcnceler Perspektifinden Sosyal Refah Devleti"},"content":{"rendered":"<p>Bu kitap i\u00e7erisinde T\u00fcrk\u00e7e literat\u00fcrde &#8220;sosyal devlet&#8221; ve &#8220;refah devleti&#8221; olarak da kar\u015f\u0131m\u0131za \u00e7\u0131kan, \u0130ngilizce literat\u00fcrde ise &#8220;welfare state&#8221; olarak nitelendirilen sosyal refah devletini inceleyen muhtelif ara\u015ft\u0131rmalar yer almaktad\u0131r.  \u00c7al\u0131\u015fmam\u0131zda ilk olarak genel anlamda sosyal refah devleti ele al\u0131nmakta, sosyal refah devletinin ama\u00e7 ve ara\u00e7lar\u0131n\u0131n bir incelemesi yap\u0131lmaktad\u0131r.  \u00c7al\u0131\u015fmam\u0131zda ayr\u0131ca Avusturya \u0130ktisat Okulu, Freiburg \u0130ktisat Okulu, Chicago \u0130ktisat Okulu, Virginia Politik \u0130ktisat Okulu, Hukuk ve \u0130ktisat Yakla\u015f\u0131m\u0131 ad\u0131 verilen d\u00fc\u015f\u00fcnce ak\u0131m\u0131 i\u00e7erisinde \u015fekillenen m\u00fclkiyet haklar\u0131 iktisad\u0131, kurumsal iktisat, i\u015flem maliyetleri iktisad\u0131, sosyal sermaye iktisad\u0131, evrimsel iktisat, davran\u0131\u015fsal iktisat, deneysel iktisat vb. \u00e7a\u011fda\u015f iktisadi d\u00fc\u015f\u00fcnceler perspektifinden sosyal refah devletinin iktisadi analizi yap\u0131lmaktad\u0131r. \u00c7al\u0131\u015fmam\u0131zda daha sonra sosyal refah devleti olarak \u00f6n plana \u00e7\u0131km\u0131\u015f d\u00fcnya \u00fclkeleri ile birlikte T\u00fcrkiye&#8217;de sosyal refah devleti uygulamalar\u0131n\u0131 ele alan ve sosyal yard\u0131m alan\u0131na dahil muhtelif konularda \u00e7al\u0131\u015fmalar\u0131m\u0131z yer almaktad\u0131r.  Son olarak, \u00e7al\u0131\u015fmam\u0131zda son y\u0131llarda \u00f6nem kazanmaya ba\u015flayan sosyal belediyecilik konusu da teorik anlamda de\u011ferlendirilmektedir.  <\/p>\n","protected":false},"excerpt":{"rendered":"<p>Bu kitap i\u00e7erisinde T\u00fcrk\u00e7e literat\u00fcrde &#8220;sosyal devlet&#8221; ve &#8220;refah devleti&#8221; olarak da kar\u015f\u0131m\u0131za \u00e7\u0131kan, \u0130ngilizce literat\u00fcrde ise &#8220;welfare state&#8221; olarak nitelendirilen sosyal refah devletini inceleyen muhtelif<span class=\"excerpt-hellip\"> [\u2026]<\/span><\/p>\n","protected":false},"featured_media":0,"template":"","meta":{"_monsterinsights_skip_tracking":false,"_monsterinsights_sitenote_active":false,"_monsterinsights_sitenote_note":"","_monsterinsights_sitenote_category":0},"product_brand":[],"product_cat":[13044,13043],"product_tag":[],"class_list":{"0":"post-722736","1":"product","2":"type-product","3":"status-publish","5":"product_cat-dunya-ekonomisi","6":"product_cat-ekonomi","7":"pa_cilt-ciltsiz","8":"pa_tur-kitap","9":"pa_yayinevi-astana-yayinlari","10":"pa_yazar-serdar-yay","12":"first","13":"instock","14":"sale","15":"shipping-taxable","16":"purchasable","17":"product-type-simple"},"_links":{"self":[{"href":"https:\/\/roveyayinevi.com.tr\/index.php\/wp-json\/wp\/v2\/product\/722736","targetHints":{"allow":["GET"]}}],"collection":[{"href":"https:\/\/roveyayinevi.com.tr\/index.php\/wp-json\/wp\/v2\/product"}],"about":[{"href":"https:\/\/roveyayinevi.com.tr\/index.php\/wp-json\/wp\/v2\/types\/product"}],"wp:attachment":[{"href":"https:\/\/roveyayinevi.com.tr\/index.php\/wp-json\/wp\/v2\/media?parent=722736"}],"wp:term":[{"taxonomy":"product_brand","embeddable":true,"href":"https:\/\/roveyayinevi.com.tr\/index.php\/wp-json\/wp\/v2\/product_brand?post=722736"},{"taxonomy":"product_cat","embeddable":true,"href":"https:\/\/roveyayinevi.com.tr\/index.php\/wp-json\/wp\/v2\/product_cat?post=722736"},{"taxonomy":"product_tag","embeddable":true,"href":"https:\/\/roveyayinevi.com.tr\/index.php\/wp-json\/wp\/v2\/product_tag?post=722736"}],"curies":[{"name":"wp","href":"https:\/\/api.w.org\/{rel}","templated":true}]}}