{"id":722721,"date":"2025-08-27T19:08:10","date_gmt":"2025-08-27T16:08:10","guid":{"rendered":"https:\/\/roveyayinevi.com.tr\/index.php\/urun\/korku-sal-cesur-desinler\/"},"modified":"2026-04-16T02:30:37","modified_gmt":"2026-04-15T23:30:37","slug":"korku-sal-cesur-desinler","status":"publish","type":"product","link":"https:\/\/roveyayinevi.com.tr\/index.php\/urun\/korku-sal-cesur-desinler\/","title":{"rendered":"Korku Sal Cesur Desinler"},"content":{"rendered":"<p>D\u00fcnyada ve \u00fclkede olup bitenlerin ana \u00e7izgileri: Korkutucu bir e\u015fitsizlik, yok olu\u015f kayg\u0131lar\u0131m\u0131z\u0131 tetikleyen iklim krizi, salg\u0131nlar\u0131 \u00f6nleyen a\u015f\u0131lara ve bilime d\u00fc\u015fmanl\u0131k, bireysel silahlanma, zorunlu g\u00f6\u00e7ler, boy boy zorbal\u0131k. Bunlar\u0131n insan \u00fczerindeki etkileri ve bu etkilere direnenler\u2026   Yank\u0131 Yazgan son on y\u0131l i\u00e7inde yazd\u0131\u011f\u0131 yaz\u0131lar\u0131 bir araya getirdi. \u0130nsan ruhundan d\u0131\u015f etkenlere, zorunlu g\u00f6\u00e7lerden zorbal\u0131\u011fa, korkulardan cesarete kadar pek \u00e7ok konuyu psikoloji ve beynin temel ilkeleriyle harmanl\u0131yor ve insan\u0131n g\u00fcnl\u00fck hayat\u0131na dokunuyor.   Elinizde tuttu\u011funuz bu kitap insan\u0131 ve hayat\u0131 anlamak ad\u0131na, bug\u00fcnden ge\u00e7mi\u015fe uzanan o uzun yolculukta kalbinize dokunacak\u2026 <\/p>\n","protected":false},"excerpt":{"rendered":"<p>D\u00fcnyada ve \u00fclkede olup bitenlerin ana \u00e7izgileri: Korkutucu bir e\u015fitsizlik, yok olu\u015f kayg\u0131lar\u0131m\u0131z\u0131 tetikleyen iklim krizi, salg\u0131nlar\u0131 \u00f6nleyen a\u015f\u0131lara ve bilime d\u00fc\u015fmanl\u0131k, bireysel silahlanma, zorunlu g\u00f6\u00e7ler,<span class=\"excerpt-hellip\"> [\u2026]<\/span><\/p>\n","protected":false},"featured_media":0,"template":"","meta":{"_monsterinsights_skip_tracking":false,"_monsterinsights_sitenote_active":false,"_monsterinsights_sitenote_note":"","_monsterinsights_sitenote_category":0},"product_brand":[],"product_cat":[12358,12357],"product_tag":[],"class_list":{"0":"post-722721","1":"product","2":"type-product","3":"status-publish","5":"product_cat-genel-psikoloji","6":"product_cat-psikoloji","7":"pa_cilt-ciltsiz","8":"pa_tur-kitap","9":"pa_yayinevi-inkilap-kitabevi","10":"pa_yazar-yanki-yazgan","12":"first","13":"instock","14":"sale","15":"shipping-taxable","16":"purchasable","17":"product-type-simple"},"_links":{"self":[{"href":"https:\/\/roveyayinevi.com.tr\/index.php\/wp-json\/wp\/v2\/product\/722721","targetHints":{"allow":["GET"]}}],"collection":[{"href":"https:\/\/roveyayinevi.com.tr\/index.php\/wp-json\/wp\/v2\/product"}],"about":[{"href":"https:\/\/roveyayinevi.com.tr\/index.php\/wp-json\/wp\/v2\/types\/product"}],"wp:attachment":[{"href":"https:\/\/roveyayinevi.com.tr\/index.php\/wp-json\/wp\/v2\/media?parent=722721"}],"wp:term":[{"taxonomy":"product_brand","embeddable":true,"href":"https:\/\/roveyayinevi.com.tr\/index.php\/wp-json\/wp\/v2\/product_brand?post=722721"},{"taxonomy":"product_cat","embeddable":true,"href":"https:\/\/roveyayinevi.com.tr\/index.php\/wp-json\/wp\/v2\/product_cat?post=722721"},{"taxonomy":"product_tag","embeddable":true,"href":"https:\/\/roveyayinevi.com.tr\/index.php\/wp-json\/wp\/v2\/product_tag?post=722721"}],"curies":[{"name":"wp","href":"https:\/\/api.w.org\/{rel}","templated":true}]}}