{"id":722713,"date":"2025-08-27T19:08:04","date_gmt":"2025-08-27T16:08:04","guid":{"rendered":"https:\/\/roveyayinevi.com.tr\/index.php\/urun\/vardiya-wool-serisi-2\/"},"modified":"2026-04-16T02:30:37","modified_gmt":"2026-04-15T23:30:37","slug":"vardiya-wool-serisi-2","status":"publish","type":"product","link":"https:\/\/roveyayinevi.com.tr\/index.php\/urun\/vardiya-wool-serisi-2\/","title":{"rendered":"Vardiya \u2013 Wool Serisi 2"},"content":{"rendered":"<p>Yay\u0131mland\u0131\u011f\u0131 andan itibaren fenomen olan, son y\u0131llar\u0131n en ba\u015far\u0131l\u0131 ve en \u00e7ok satan eserlerinden bilimkurgu-distopya serisi Wool\u2019un ikinci kitab\u0131 Vardiya, yery\u00fcz\u00fcn\u00fcn neden zehirle kapl\u0131 oldu\u011funu ve gizem dolu silolar\u0131n yap\u0131l\u0131\u015f hik\u00e2yesini anlat\u0131yor.   Silolar neden yap\u0131ld\u0131? D\u00fcnyan\u0131n sonu nas\u0131l geldi?   Y\u0131l 2049. Amerika \u2013 \u0130ran sava\u015f\u0131 y\u00fcz\u00fcnden insanlar her zamankinden daha g\u00fcvensiz hissediyor. Gen\u00e7 meclis \u00fcyesi ve mimar Donald Keen, Senat\u00f6r Thruman\u2019\u0131n talimat\u0131yla \u201csadece n\u00fckleer bir sava\u015f durumunda kullan\u0131lmak \u00fczere\u201d oldu\u011fu s\u00f6ylenen devasa yeralt\u0131 silolar\u0131n\u0131n planlar\u0131n\u0131 haz\u0131rlamay\u0131 \u00fcstleniyor. Kendisine s\u00f6ylenenlerin ne kadar\u0131 do\u011fru? D\u00fcnyay\u0131 bekleyen tehlike asl\u0131nda ne kadar b\u00fcy\u00fck?   Y\u0131l 2110. Silo 1\u2019in \u015fefi Troy dondurucuda ge\u00e7irdi\u011fi uzun uykusundan uyan\u0131yor. Hem kendi silosunun hem de isyanlar\u0131n ba\u015f g\u00f6sterdi\u011fi di\u011fer silolar\u0131n g\u00fcvenli\u011fini sa\u011flamas\u0131 gerekiyor. Fakat Troy unutmu\u015f olmas\u0131 gereken ge\u00e7mi\u015fini ve ger\u00e7ek kimli\u011fini yava\u015f yava\u015f hat\u0131rlamaya ba\u015flay\u0131nca i\u015fler kontrolden \u00e7\u0131kmaya ba\u015fl\u0131yor.   B\u00fcy\u00fck \u0130syan\u0131n Ya\u015fand\u0131\u011f\u0131 Y\u0131l. Silo 18\u2019de ya\u015fayan on yedi ya\u015f\u0131ndaki Mission Jones ve silonun di\u011fer insanlar\u0131, kendilerini bekleyen tehlikeden habersizce hayatta kalma m\u00fccadelesi veriyorlar. <\/p>\n","protected":false},"excerpt":{"rendered":"<p>Yay\u0131mland\u0131\u011f\u0131 andan itibaren fenomen olan, son y\u0131llar\u0131n en ba\u015far\u0131l\u0131 ve en \u00e7ok satan eserlerinden bilimkurgu-distopya serisi Wool\u2019un ikinci kitab\u0131 Vardiya, yery\u00fcz\u00fcn\u00fcn neden zehirle kapl\u0131 oldu\u011funu ve<span class=\"excerpt-hellip\"> [\u2026]<\/span><\/p>\n","protected":false},"featured_media":0,"template":"","meta":{"_monsterinsights_skip_tracking":false,"_monsterinsights_sitenote_active":false,"_monsterinsights_sitenote_note":"","_monsterinsights_sitenote_category":0},"product_brand":[],"product_cat":[12540,12291],"product_tag":[],"class_list":{"0":"post-722713","1":"product","2":"type-product","3":"status-publish","5":"product_cat-bilim-kurgu","6":"product_cat-edebiyat","7":"pa_cilt-ciltsiz","8":"pa_tur-kitap","9":"pa_yayinevi-ithaki-yayinlari","10":"pa_yazar-hugh-howey","12":"first","13":"instock","14":"sale","15":"shipping-taxable","16":"purchasable","17":"product-type-simple"},"_links":{"self":[{"href":"https:\/\/roveyayinevi.com.tr\/index.php\/wp-json\/wp\/v2\/product\/722713","targetHints":{"allow":["GET"]}}],"collection":[{"href":"https:\/\/roveyayinevi.com.tr\/index.php\/wp-json\/wp\/v2\/product"}],"about":[{"href":"https:\/\/roveyayinevi.com.tr\/index.php\/wp-json\/wp\/v2\/types\/product"}],"wp:attachment":[{"href":"https:\/\/roveyayinevi.com.tr\/index.php\/wp-json\/wp\/v2\/media?parent=722713"}],"wp:term":[{"taxonomy":"product_brand","embeddable":true,"href":"https:\/\/roveyayinevi.com.tr\/index.php\/wp-json\/wp\/v2\/product_brand?post=722713"},{"taxonomy":"product_cat","embeddable":true,"href":"https:\/\/roveyayinevi.com.tr\/index.php\/wp-json\/wp\/v2\/product_cat?post=722713"},{"taxonomy":"product_tag","embeddable":true,"href":"https:\/\/roveyayinevi.com.tr\/index.php\/wp-json\/wp\/v2\/product_tag?post=722713"}],"curies":[{"name":"wp","href":"https:\/\/api.w.org\/{rel}","templated":true}]}}