{"id":722704,"date":"2025-08-27T19:07:56","date_gmt":"2025-08-27T16:07:56","guid":{"rendered":"https:\/\/roveyayinevi.com.tr\/index.php\/urun\/insan-turu\/"},"modified":"2026-04-16T02:30:36","modified_gmt":"2026-04-15T23:30:36","slug":"insan-turu","status":"publish","type":"product","link":"https:\/\/roveyayinevi.com.tr\/index.php\/urun\/insan-turu\/","title":{"rendered":"\u0130nsan T\u00fcr\u00fc"},"content":{"rendered":"<p>\u0130nsanlar ve \u0130nsan Olmayanlar Aras\u0131nda Radikal Bir Dayan\u0131\u015fma \u00c7a\u011fr\u0131s\u0131\u0130nsanlar\u0131 insan yapan nedir? Bilim ve teknoloji; ya\u015fam ve ya\u015fam d\u0131\u015f\u0131, organik ve inorganik aras\u0131ndaki s\u0131n\u0131rlar\u0131 zorlarken, bu kadim soruyu sorman\u0131n tam s\u0131ras\u0131! \u00d6nde gelen nesne y\u00f6nelimli filozoflardan Timothy Morton, bu felsefi sorunu son derece politik g\u00f6rmemizi tavsiye ediyor. Morton\u2019a g\u00f6re insan olmak, insan olmayanlarla bir nezaket ve dayan\u0131\u015fma a\u011f\u0131 kurmak anlam\u0131na gelir. T\u00fcrler kavram\u0131n\u0131 i\u00e7eren ve a\u015fan kapsaml\u0131 bir kavray\u0131\u015f ancak bu \u015fekilde ortaya \u00e7\u0131kar. \u0130nsanl\u0131k politikalar\u0131n\u0131 tart\u0131\u015fmak, ekolojik bir arada olu\u015fu \u00fcst seviyelere \u00e7\u0131karman\u0131n ve t\u00fcr\u00fcm\u00fcz\u00fcn d\u0131\u015f\u0131ndaki ki\u015filerle yak\u0131nl\u0131\u011f\u0131m\u0131z\u0131 bozmak isteyen Monsanto gibi \u015firketlere ve teknoloji hayran\u0131 milyarderlere direnmenin en kritik ad\u0131m\u0131&#8230; Morton, \u0130nsan T\u00fcr\u00fc kitab\u0131yla bu ad\u0131m\u0131 cesaretle at\u0131yor.\u201c\u0130nsan \u00c7a\u011f\u0131\u2019n\u0131n Montaigne\u2019i.\u201d-Stuart Jeffries, The Guardian\u201cBir\u00e7ok ki\u015fi taraf\u0131ndan insanlar\u0131n \u00e7evreye etkisini ele alan en iyi filozoflardan say\u0131lan Morton, Marksizmin ve di\u011fer -izm\u2019lerin do\u011fa ve k\u00fclt\u00fcr a\u00e7\u0131s\u0131ndan \u00f6nemli, esprili, kimi zaman da co\u015fkulu bir analizini sunuyor.\u201d-Jeff VanderMeer, Southern Reach \u00dc\u00e7lemesinin ve The Millions\u2019un Yazar\u0131\u201cD\u00fc\u015f\u00fcnceyle ars\u0131z, muhte\u015fem ve hakiki bir \u00e7arp\u0131\u015fma; bu yap\u0131t bizi nefes kesici, endorfin y\u00fckseltici bir d\u00fc\u015f\u00fcnme bi\u00e7imine y\u00f6neltiyor: benim tercih edece\u011fim t\u00fcrden bir uyu\u015fturucu.\u201d-Avital Ronell, New York \u00dcniversitesi\u2019nden, Nothing: Three Inquiries in Buddhism\u2019in Yazar\u0131<\/p>\n","protected":false},"excerpt":{"rendered":"<p>\u0130nsanlar ve \u0130nsan Olmayanlar Aras\u0131nda Radikal Bir Dayan\u0131\u015fma \u00c7a\u011fr\u0131s\u0131\u0130nsanlar\u0131 insan yapan nedir? Bilim ve teknoloji; ya\u015fam ve ya\u015fam d\u0131\u015f\u0131, organik ve inorganik aras\u0131ndaki s\u0131n\u0131rlar\u0131 zorlarken, bu<span class=\"excerpt-hellip\"> [\u2026]<\/span><\/p>\n","protected":false},"featured_media":0,"template":"","meta":{"_monsterinsights_skip_tracking":false,"_monsterinsights_sitenote_active":false,"_monsterinsights_sitenote_note":"","_monsterinsights_sitenote_category":0},"product_brand":[],"product_cat":[12389,12388],"product_tag":[],"class_list":{"0":"post-722704","1":"product","2":"type-product","3":"status-publish","5":"product_cat-diger-felsefe","6":"product_cat-felsefe","7":"pa_cilt-ciltsiz","8":"pa_tur-kitap","9":"pa_yayinevi-profil-kitap","10":"pa_yazar-timothy-morton","12":"first","13":"instock","14":"sale","15":"shipping-taxable","16":"purchasable","17":"product-type-simple"},"_links":{"self":[{"href":"https:\/\/roveyayinevi.com.tr\/index.php\/wp-json\/wp\/v2\/product\/722704","targetHints":{"allow":["GET"]}}],"collection":[{"href":"https:\/\/roveyayinevi.com.tr\/index.php\/wp-json\/wp\/v2\/product"}],"about":[{"href":"https:\/\/roveyayinevi.com.tr\/index.php\/wp-json\/wp\/v2\/types\/product"}],"wp:attachment":[{"href":"https:\/\/roveyayinevi.com.tr\/index.php\/wp-json\/wp\/v2\/media?parent=722704"}],"wp:term":[{"taxonomy":"product_brand","embeddable":true,"href":"https:\/\/roveyayinevi.com.tr\/index.php\/wp-json\/wp\/v2\/product_brand?post=722704"},{"taxonomy":"product_cat","embeddable":true,"href":"https:\/\/roveyayinevi.com.tr\/index.php\/wp-json\/wp\/v2\/product_cat?post=722704"},{"taxonomy":"product_tag","embeddable":true,"href":"https:\/\/roveyayinevi.com.tr\/index.php\/wp-json\/wp\/v2\/product_tag?post=722704"}],"curies":[{"name":"wp","href":"https:\/\/api.w.org\/{rel}","templated":true}]}}