{"id":722702,"date":"2025-08-27T19:07:55","date_gmt":"2025-08-27T16:07:55","guid":{"rendered":"https:\/\/roveyayinevi.com.tr\/index.php\/urun\/kimseden-bana-inanmasini-beklemiyorum\/"},"modified":"2026-04-16T02:30:36","modified_gmt":"2026-04-15T23:30:36","slug":"kimseden-bana-inanmasini-beklemiyorum","status":"publish","type":"product","link":"https:\/\/roveyayinevi.com.tr\/index.php\/urun\/kimseden-bana-inanmasini-beklemiyorum\/","title":{"rendered":"Kimseden Bana \u0130nanmas\u0131n\u0131 Beklemiyorum"},"content":{"rendered":"<p>Juan Pablo adl\u0131 (evet, tan\u0131d\u0131k bir isim) Meksikal\u0131 bir \u00f6\u011frenci, kar\u015f\u0131la\u015ft\u0131rmal\u0131 edebiyat doktoras\u0131 yapmak i\u00e7in sevgilisi Valentina ile birlikte Barselona&#8217;ya u\u00e7mak \u00fczereyken, birdenbire, \u201c\u00fcst\u00fcn\u201d ticari zek\u00e2ya sahip \u201cgiri\u015fimci\u201d kuzeninin kolay yoldan k\u00f6\u015feyi d\u00f6nme plan\u0131na d\u00e2hil olur. Plan yolunda gitmiyor olacak ki kuzeni narkotrafik su\u00e7 \u00f6rg\u00fct\u00fc taraf\u0131ndan ka\u00e7\u0131r\u0131l\u0131r. Gangsterler, m\u00fcthi\u015f \u201cikna yetenekleri\u201d ile Juan Pablo&#8217;nun onlar i\u00e7in \u00e7al\u0131\u015fmas\u0131 gerekti\u011fini s\u00f6ylerler. G\u00f6revi mi? Yolsuzluk yapan bir politikac\u0131n\u0131n k\u0131z\u0131n\u0131, Laia&#8217;y\u0131, kendisine \u00e2\u015f\u0131k etmek&#8230; Villalobos, Buster Keaton\u2019\u0131n rol yapt\u0131\u011f\u0131 gibi yaz\u0131yor: Tek kas\u0131n\u0131 bile hareket ettirmeden, so\u011fukkanl\u0131l\u0131\u011f\u0131n\u0131 koruyarak kar\u015f\u0131s\u0131ndakini g\u00fcld\u00fcrmeyi ba\u015far\u0131yor. Ayn\u0131 zamanda entelekt\u00fcel olarak \u00e7evik bir anlat\u0131mla ger\u00e7ek ile kurgudan, edebiyat\u0131n hayat\u0131ndaki \u00f6neminden ve mizah\u0131n temel rol\u00fcnden bahsediyor. Komedi ve trajedi aras\u0131ndaki fark\u0131n tamamen \u015fakay\u0131 kimin yapt\u0131\u011f\u0131na ba\u011fl\u0131 oldu\u011fu bir d\u00fcnyada, ya\u015fam\u0131n anlams\u0131zl\u0131\u011f\u0131, g\u00f6\u00e7, yolsuzluk, \u0131rk\u00e7\u0131l\u0131k, su\u00e7, \u015fiddet, aile sadakati ve sevgi gibi zor konular\u0131 ele alarak sesleniyor: Kimseden bana inanmas\u0131n\u0131 beklemiyorum.   \u201cVillalobos bir t\u00fcr minyat\u00fcr Proust.\u201d (Publishers Weekly)   \u201cG\u00fcncel Meksika anlat\u0131 sanat\u0131ndaki ba\u015fka hi\u00e7bir yazara benzemiyor Villalobos, kendine ait bir ton ve ritim bulmu\u015f bir yazar. Abs\u00fcrt olanla g\u00fcld\u00fcr\u00fcyor, b\u00f6ylelikle de d\u00fcnyan\u0131n anlams\u0131zl\u0131\u011f\u0131n\u0131 ortaya koyuyor.\u201d (Fernando Garc\u00eda Ram\u00edrez, Letras Libres) \u201cRomanlar\u0131 epey komik \u00e7\u00fcnk\u00fc olduk\u00e7a ciddi konular \u00fczerine yaz\u0131yor. Bizi kand\u0131rd\u0131\u011f\u0131n\u0131 bilen birinin akl\u0131selimli\u011fi ile kendini ifade ediyor. Villalobos -\u0130spanyol dili yazarlar\u0131ndan Kurt Vonnegut gibi biri- vatan\u0131n\u0131n ta\u015f\u0131d\u0131\u011f\u0131 kli\u015felerden uzak duruyor.\u201d (Miqui Otero, El Confidencial) <\/p>\n","protected":false},"excerpt":{"rendered":"<p>Juan Pablo adl\u0131 (evet, tan\u0131d\u0131k bir isim) Meksikal\u0131 bir \u00f6\u011frenci, kar\u015f\u0131la\u015ft\u0131rmal\u0131 edebiyat doktoras\u0131 yapmak i\u00e7in sevgilisi Valentina ile birlikte Barselona&#8217;ya u\u00e7mak \u00fczereyken, birdenbire, \u201c\u00fcst\u00fcn\u201d ticari zek\u00e2ya<span class=\"excerpt-hellip\"> [\u2026]<\/span><\/p>\n","protected":false},"featured_media":0,"template":"","meta":{"_monsterinsights_skip_tracking":false,"_monsterinsights_sitenote_active":false,"_monsterinsights_sitenote_note":"","_monsterinsights_sitenote_category":0},"product_brand":[],"product_cat":[12291,12711],"product_tag":[],"class_list":{"0":"post-722702","1":"product","2":"type-product","3":"status-publish","5":"product_cat-edebiyat","6":"product_cat-roman-oyku","7":"pa_cilt-ciltsiz","8":"pa_tur-kitap","9":"pa_yayinevi-profil-kitap","10":"pa_yazar-juan-pablo-villalobos","12":"first","13":"instock","14":"sale","15":"shipping-taxable","16":"purchasable","17":"product-type-simple"},"_links":{"self":[{"href":"https:\/\/roveyayinevi.com.tr\/index.php\/wp-json\/wp\/v2\/product\/722702","targetHints":{"allow":["GET"]}}],"collection":[{"href":"https:\/\/roveyayinevi.com.tr\/index.php\/wp-json\/wp\/v2\/product"}],"about":[{"href":"https:\/\/roveyayinevi.com.tr\/index.php\/wp-json\/wp\/v2\/types\/product"}],"wp:attachment":[{"href":"https:\/\/roveyayinevi.com.tr\/index.php\/wp-json\/wp\/v2\/media?parent=722702"}],"wp:term":[{"taxonomy":"product_brand","embeddable":true,"href":"https:\/\/roveyayinevi.com.tr\/index.php\/wp-json\/wp\/v2\/product_brand?post=722702"},{"taxonomy":"product_cat","embeddable":true,"href":"https:\/\/roveyayinevi.com.tr\/index.php\/wp-json\/wp\/v2\/product_cat?post=722702"},{"taxonomy":"product_tag","embeddable":true,"href":"https:\/\/roveyayinevi.com.tr\/index.php\/wp-json\/wp\/v2\/product_tag?post=722702"}],"curies":[{"name":"wp","href":"https:\/\/api.w.org\/{rel}","templated":true}]}}