{"id":722689,"date":"2025-08-27T19:07:45","date_gmt":"2025-08-27T16:07:45","guid":{"rendered":"https:\/\/roveyayinevi.com.tr\/index.php\/urun\/bin-asik-yili-uzakta\/"},"modified":"2026-04-16T02:30:36","modified_gmt":"2026-04-15T23:30:36","slug":"bin-asik-yili-uzakta","status":"publish","type":"product","link":"https:\/\/roveyayinevi.com.tr\/index.php\/urun\/bin-asik-yili-uzakta\/","title":{"rendered":"Bin A\u015f\u0131k Y\u0131l\u0131 Uzakta"},"content":{"rendered":"<p>Yeterince gerdimArt\u0131k eriyorum.Damla damlaOluk oluk&#8230; Bir yolculukMaddenin halleri aras\u0131ndaAhval sarma\u015f\u0131\u011f\u0131n\u0131n spiral g\u00f6lgesinde\u0130ki otuz be\u015f bir kadrajdaVe yak\u0131n planKendimle vedala\u015f\u0131yorum.K\u00fcfretmeyi b\u0131rakt\u0131m.Sab\u0131r \u00e7itliyorum.<\/p>\n","protected":false},"excerpt":{"rendered":"<p>Yeterince gerdimArt\u0131k eriyorum.Damla damlaOluk oluk&#8230; Bir yolculukMaddenin halleri aras\u0131ndaAhval sarma\u015f\u0131\u011f\u0131n\u0131n spiral g\u00f6lgesinde\u0130ki otuz be\u015f bir kadrajdaVe yak\u0131n planKendimle vedala\u015f\u0131yorum.K\u00fcfretmeyi b\u0131rakt\u0131m.Sab\u0131r \u00e7itliyorum.<\/p>\n","protected":false},"featured_media":0,"template":"","meta":{"_monsterinsights_skip_tracking":false,"_monsterinsights_sitenote_active":false,"_monsterinsights_sitenote_note":"","_monsterinsights_sitenote_category":0},"product_brand":[],"product_cat":[12291,12509],"product_tag":[],"class_list":{"0":"post-722689","1":"product","2":"type-product","3":"status-publish","5":"product_cat-edebiyat","6":"product_cat-siir","7":"pa_cilt-ciltsiz","8":"pa_tur-kitap","9":"pa_yayinevi-inkilap-kitabevi","10":"pa_yazar-yilmaz-erdogan","12":"first","13":"instock","14":"sale","15":"shipping-taxable","16":"purchasable","17":"product-type-simple"},"_links":{"self":[{"href":"https:\/\/roveyayinevi.com.tr\/index.php\/wp-json\/wp\/v2\/product\/722689","targetHints":{"allow":["GET"]}}],"collection":[{"href":"https:\/\/roveyayinevi.com.tr\/index.php\/wp-json\/wp\/v2\/product"}],"about":[{"href":"https:\/\/roveyayinevi.com.tr\/index.php\/wp-json\/wp\/v2\/types\/product"}],"wp:attachment":[{"href":"https:\/\/roveyayinevi.com.tr\/index.php\/wp-json\/wp\/v2\/media?parent=722689"}],"wp:term":[{"taxonomy":"product_brand","embeddable":true,"href":"https:\/\/roveyayinevi.com.tr\/index.php\/wp-json\/wp\/v2\/product_brand?post=722689"},{"taxonomy":"product_cat","embeddable":true,"href":"https:\/\/roveyayinevi.com.tr\/index.php\/wp-json\/wp\/v2\/product_cat?post=722689"},{"taxonomy":"product_tag","embeddable":true,"href":"https:\/\/roveyayinevi.com.tr\/index.php\/wp-json\/wp\/v2\/product_tag?post=722689"}],"curies":[{"name":"wp","href":"https:\/\/api.w.org\/{rel}","templated":true}]}}