{"id":722685,"date":"2025-08-27T19:07:43","date_gmt":"2025-08-27T16:07:43","guid":{"rendered":"https:\/\/roveyayinevi.com.tr\/index.php\/urun\/antik-dunyalar\/"},"modified":"2026-04-16T02:30:36","modified_gmt":"2026-04-15T23:30:36","slug":"antik-dunyalar","status":"publish","type":"product","link":"https:\/\/roveyayinevi.com.tr\/index.php\/urun\/antik-dunyalar\/","title":{"rendered":"Antik D\u00fcnyalar"},"content":{"rendered":"<p>Ge\u00e7mi\u015fin daima in\u015fa halinde oldu\u011funu, insanlar\u0131n kendilerini anlamalar\u0131na ve kimliklerine katk\u0131 sa\u011flayan \u015fekillendirilebilir bir ara\u00e7 oldu\u011funu anlamal\u0131y\u0131z. Ve bu geni\u015f \u015femsiye alt\u0131nda, her antik toplulu\u011fun ge\u00e7mi\u015fle olan kendi \u00f6zel ili\u015fkisini tasavvur ve ifade etme bi\u00e7imleri bu sayfalarda kar\u015f\u0131la\u015fm\u0131\u015f oldu\u011fumuz \u00f6nemli siyasal ve dinsel fikirlerin \u2013ve ayr\u0131ca g\u00fc\u00e7l\u00fc h\u00fck\u00fcmdarlar\u0131n ve bireylerin\u2013 \u00e7o\u011fundan etkilendiler (veya etkilenmi\u015f olduklar\u0131 d\u00fc\u015f\u00fcn\u00fcld\u00fc).Antik D\u00fcnyalar \u2013 Do\u011fu ve Bat\u0131\u2019n\u0131n Muhte\u015fem Tarihi, antik insanlar\u0131n kendi ge\u00e7mi\u015flerini hayal etme, yeniden hayal etme ve o ge\u00e7mi\u015fi kendileri, i\u00e7inde ya\u015fad\u0131klar\u0131 zamanlar ve gelecekleri hakk\u0131ndaki s\u00fcregiden diyalog ve tart\u0131\u015fman\u0131n bir par\u00e7as\u0131 yapma bi\u00e7imlerini kesin bir \u015fekilde g\u00f6steriyor.<\/p>\n","protected":false},"excerpt":{"rendered":"<p>Ge\u00e7mi\u015fin daima in\u015fa halinde oldu\u011funu, insanlar\u0131n kendilerini anlamalar\u0131na ve kimliklerine katk\u0131 sa\u011flayan \u015fekillendirilebilir bir ara\u00e7 oldu\u011funu anlamal\u0131y\u0131z. Ve bu geni\u015f \u015femsiye alt\u0131nda, her antik toplulu\u011fun ge\u00e7mi\u015fle<span class=\"excerpt-hellip\"> [\u2026]<\/span><\/p>\n","protected":false},"featured_media":0,"template":"","meta":{"_monsterinsights_skip_tracking":false,"_monsterinsights_sitenote_active":false,"_monsterinsights_sitenote_note":"","_monsterinsights_sitenote_category":0},"product_brand":[],"product_cat":[12305,12304],"product_tag":[],"class_list":{"0":"post-722685","1":"product","2":"type-product","3":"status-publish","5":"product_cat-dunya-tarihi","6":"product_cat-tarih","7":"pa_cilt-ciltsiz","8":"pa_tur-kitap","9":"pa_yayinevi-inkilap-kitabevi","10":"pa_yazar-michael-scott","12":"first","13":"instock","14":"sale","15":"shipping-taxable","16":"purchasable","17":"product-type-simple"},"_links":{"self":[{"href":"https:\/\/roveyayinevi.com.tr\/index.php\/wp-json\/wp\/v2\/product\/722685","targetHints":{"allow":["GET"]}}],"collection":[{"href":"https:\/\/roveyayinevi.com.tr\/index.php\/wp-json\/wp\/v2\/product"}],"about":[{"href":"https:\/\/roveyayinevi.com.tr\/index.php\/wp-json\/wp\/v2\/types\/product"}],"wp:attachment":[{"href":"https:\/\/roveyayinevi.com.tr\/index.php\/wp-json\/wp\/v2\/media?parent=722685"}],"wp:term":[{"taxonomy":"product_brand","embeddable":true,"href":"https:\/\/roveyayinevi.com.tr\/index.php\/wp-json\/wp\/v2\/product_brand?post=722685"},{"taxonomy":"product_cat","embeddable":true,"href":"https:\/\/roveyayinevi.com.tr\/index.php\/wp-json\/wp\/v2\/product_cat?post=722685"},{"taxonomy":"product_tag","embeddable":true,"href":"https:\/\/roveyayinevi.com.tr\/index.php\/wp-json\/wp\/v2\/product_tag?post=722685"}],"curies":[{"name":"wp","href":"https:\/\/api.w.org\/{rel}","templated":true}]}}