{"id":722684,"date":"2025-08-27T19:07:42","date_gmt":"2025-08-27T16:07:42","guid":{"rendered":"https:\/\/roveyayinevi.com.tr\/index.php\/urun\/bunu-herkes-bilir\/"},"modified":"2026-04-16T02:30:36","modified_gmt":"2026-04-15T23:30:36","slug":"bunu-herkes-bilir","status":"publish","type":"product","link":"https:\/\/roveyayinevi.com.tr\/index.php\/urun\/bunu-herkes-bilir\/","title":{"rendered":"Bunu Herkes Bilir"},"content":{"rendered":"<p>Elinizdeki kitap size tarihin \u015fifrelerini, El Dorado\u2019nun yerini, Kar\u0131nde\u015fen Jack\u2019in kim oldu\u011funu ya da simya ta\u015f\u0131n\u0131n hikmetini \u00f6\u011fretmeyecek. Kar\u015f\u0131n\u0131za pavyonlarda s\u00fcrten alt\u0131nc\u0131 Dalai Lama, gen\u00e7 kalmak i\u00e7in alt\u0131n i\u00e7en Diane de Poitiers, teslim ol \u00e7a\u011fr\u0131s\u0131na orta parmaklar\u0131n\u0131 i\u015faret ve y\u00fcz\u00fck parmaklar\u0131n\u0131n aras\u0131na sokup sallamak suretiyle cevap veren Venedik garnizonu, erkek k\u0131l\u0131\u011f\u0131na girip t\u00fcm Siena\u2019y\u0131 elden ge\u00e7iren \u00e7apk\u0131n travesti Caterina Vizzani, bir k\u00f6\u015fede hacetini gideren Evliya\u2019n\u0131n \u00fcst\u00fcne d\u00fc\u015f\u00fcp onu \u201cboklu gazi\u201d yapan d\u00fc\u015fman da \u00e7\u0131kmayacak.Bu, kahramanlarla hainlerin, tarihin ak\u0131\u015f\u0131n\u0131 de\u011fi\u015ftiren vizyonerlerle f\u0131rsatlar\u0131 tepen basiretsiz liderlerin kitab\u0131 de\u011fil. K\u00fc\u00e7\u00fck Buzul \u00c7a\u011f\u0131, Fiyat ve Sanayi devrimleri, Ayd\u0131nlanma, Atlantik \u00dc\u00e7geni, B\u00fcy\u00fck K\u0131r\u0131lma, H\u00fcmanizma, muhayyel cemaatler, Protestan Eti\u011fi gibi bir\u00e7ok kavram\u0131n havada u\u00e7u\u015ftu\u011fu sayfalar\u0131m\u0131zda kopu\u015flar\u0131 de\u011fil, devaml\u0131l\u0131klar\u0131 g\u00f6receksiniz. Tarihi bir anda de\u011fi\u015ftiren olaylar\u0131n asl\u0131nda semptomlar\u0131n\u0131 kaplumba\u011fa h\u0131z\u0131yla g\u00f6steren s\u00fcre\u00e7lerin birer sonucu oldu\u011funu fark edeceksiniz.Herkesin hafife ald\u0131\u011f\u0131 \u015fu grotesk tarih kortejinin birbirinden ilgin\u00e7 kahramanlar\u0131n\u0131n yarataca\u011f\u0131 hafif bir tebess\u00fcmden ve s\u0131ra d\u0131\u015f\u0131 anekdotlar\u0131n verdi\u011fi \u015fa\u015fk\u0131nl\u0131ktan daha fazlas\u0131n\u0131 hedefliyoruz: Okuyucunun ge\u00e7mi\u015fini ve bug\u00fcn\u00fcn\u00fc daha iyi kavray\u0131p gelece\u011fini daha iyi planlamas\u0131n\u0131 sa\u011flamak ve ona entelekt\u00fcel bir derinlik kazand\u0131rarak daha kaliteli bir ya\u015fam s\u00fcrmesine yard\u0131mc\u0131 olmak.Emrah Safa G\u00fcrkan\u2019\u0131n mizahla zek\u00e2y\u0131 bulu\u015fturdu\u011fu Bunu Herkes Bilir, hangi ya\u015fta olursa olsun kendini geli\u015ftirmek i\u00e7in \u00f6\u011frenmeye zaman ay\u0131ranlar\u0131n zevkle okuyaca\u011f\u0131 bir ba\u015fucu eseri\u2026<\/p>\n","protected":false},"excerpt":{"rendered":"<p>Elinizdeki kitap size tarihin \u015fifrelerini, El Dorado\u2019nun yerini, Kar\u0131nde\u015fen Jack\u2019in kim oldu\u011funu ya da simya ta\u015f\u0131n\u0131n hikmetini \u00f6\u011fretmeyecek. Kar\u015f\u0131n\u0131za pavyonlarda s\u00fcrten alt\u0131nc\u0131 Dalai Lama, gen\u00e7 kalmak<span class=\"excerpt-hellip\"> [\u2026]<\/span><\/p>\n","protected":false},"featured_media":0,"template":"","meta":{"_monsterinsights_skip_tracking":false,"_monsterinsights_sitenote_active":false,"_monsterinsights_sitenote_note":"","_monsterinsights_sitenote_category":0},"product_brand":[],"product_cat":[12305,12304],"product_tag":[],"class_list":{"0":"post-722684","1":"product","2":"type-product","3":"status-publish","5":"product_cat-dunya-tarihi","6":"product_cat-tarih","7":"pa_cilt-ciltsiz","8":"pa_tur-kitap","9":"pa_yayinevi-kronik-kitap","10":"pa_yazar-emrah-safa-gurkan","12":"first","13":"instock","14":"sale","15":"shipping-taxable","16":"purchasable","17":"product-type-simple"},"_links":{"self":[{"href":"https:\/\/roveyayinevi.com.tr\/index.php\/wp-json\/wp\/v2\/product\/722684","targetHints":{"allow":["GET"]}}],"collection":[{"href":"https:\/\/roveyayinevi.com.tr\/index.php\/wp-json\/wp\/v2\/product"}],"about":[{"href":"https:\/\/roveyayinevi.com.tr\/index.php\/wp-json\/wp\/v2\/types\/product"}],"wp:attachment":[{"href":"https:\/\/roveyayinevi.com.tr\/index.php\/wp-json\/wp\/v2\/media?parent=722684"}],"wp:term":[{"taxonomy":"product_brand","embeddable":true,"href":"https:\/\/roveyayinevi.com.tr\/index.php\/wp-json\/wp\/v2\/product_brand?post=722684"},{"taxonomy":"product_cat","embeddable":true,"href":"https:\/\/roveyayinevi.com.tr\/index.php\/wp-json\/wp\/v2\/product_cat?post=722684"},{"taxonomy":"product_tag","embeddable":true,"href":"https:\/\/roveyayinevi.com.tr\/index.php\/wp-json\/wp\/v2\/product_tag?post=722684"}],"curies":[{"name":"wp","href":"https:\/\/api.w.org\/{rel}","templated":true}]}}