{"id":722683,"date":"2025-08-27T19:07:41","date_gmt":"2025-08-27T16:07:41","guid":{"rendered":"https:\/\/roveyayinevi.com.tr\/index.php\/urun\/bal-gibi\/"},"modified":"2026-04-16T02:30:36","modified_gmt":"2026-04-15T23:30:36","slug":"bal-gibi","status":"publish","type":"product","link":"https:\/\/roveyayinevi.com.tr\/index.php\/urun\/bal-gibi\/","title":{"rendered":"Bal Gibi"},"content":{"rendered":"<p>Hik\u00e2ye anlat\u0131c\u0131s\u0131, gen\u00e7 ku\u015fa\u011f\u0131n \u00e7al\u0131\u015fkan, tatl\u0131 temsilcisi Berfin S\u0131la Kepez, \u201cCam Tav\u015fan\u201ddan sonra bir modern masal daha kaleme ald\u0131. Masal\u0131m\u0131z Bal Bayram\u0131\u2019nda ne\u015feyle co\u015ftu, geleneksel \u00e7ocuk oyunlar\u0131 oynad\u0131, aile olman\u0131n baldan tatl\u0131 yanlar\u0131n\u0131 anlatt\u0131. Haz\u0131rsan\u0131z g\u00f6kten yine \u00fc\u00e7 elma d\u00fc\u015fecek. Masal sevenler, hayal edenler ve \u00e7ocukken oynad\u0131\u011f\u0131m\u0131z nice oyun i\u00e7in\u2026Heyecanla beklenen Bal Bayram\u0131\u2019nda bir oyun yar\u0131\u015fmas\u0131 d\u00fczenlenecektir. K\u00fc\u00e7\u00fck ay\u0131 Turtay\u0131, bu yar\u0131\u015fmaya kat\u0131lmak ister. Ancak karde\u015flerinin aksine, oyun bulmak onun i\u00e7in \u00e7ok zordur. Bir t\u00fcrl\u00fc ba\u015faramaz. Peki, ne yapmal\u0131d\u0131r? Acaba dedesi \u201chayal et\u201d derken neyi kastetmi\u015ftir? Turtay\u0131 y\u0131l\u0131n orman oyuncusu se\u00e7ilebilecek midir? Olacaklar\u0131 merak ettiyseniz haydi Bal Bayram\u0131\u2019na! Orada neler mi var? Dans, bal, masal, seksek, bal, e\u011flence, topa\u00e7, bal, u\u00e7urtma, tekerleme, bal, bilmece, m\u00fczik, bal, oyun, bal, bal ve bal, \u00e7ok\u00e7a bal\u2026<\/p>\n","protected":false},"excerpt":{"rendered":"<p>Hik\u00e2ye anlat\u0131c\u0131s\u0131, gen\u00e7 ku\u015fa\u011f\u0131n \u00e7al\u0131\u015fkan, tatl\u0131 temsilcisi Berfin S\u0131la Kepez, \u201cCam Tav\u015fan\u201ddan sonra bir modern masal daha kaleme ald\u0131. Masal\u0131m\u0131z Bal Bayram\u0131\u2019nda ne\u015feyle co\u015ftu, geleneksel \u00e7ocuk<span class=\"excerpt-hellip\"> [\u2026]<\/span><\/p>\n","protected":false},"featured_media":0,"template":"","meta":{"_monsterinsights_skip_tracking":false,"_monsterinsights_sitenote_active":false,"_monsterinsights_sitenote_note":"","_monsterinsights_sitenote_category":0},"product_brand":[],"product_cat":[12274,12518],"product_tag":[],"class_list":{"0":"post-722683","1":"product","2":"type-product","3":"status-publish","5":"product_cat-cocuk-ve-genclik-kitaplari","6":"product_cat-okul-oncesi-kitaplar","7":"pa_cilt-ciltsiz","8":"pa_tur-kitap","9":"pa_yayinevi-elma-cocuk","10":"pa_yazar-berfin-sila-kepez","12":"first","13":"instock","14":"sale","15":"shipping-taxable","16":"purchasable","17":"product-type-simple"},"_links":{"self":[{"href":"https:\/\/roveyayinevi.com.tr\/index.php\/wp-json\/wp\/v2\/product\/722683","targetHints":{"allow":["GET"]}}],"collection":[{"href":"https:\/\/roveyayinevi.com.tr\/index.php\/wp-json\/wp\/v2\/product"}],"about":[{"href":"https:\/\/roveyayinevi.com.tr\/index.php\/wp-json\/wp\/v2\/types\/product"}],"wp:attachment":[{"href":"https:\/\/roveyayinevi.com.tr\/index.php\/wp-json\/wp\/v2\/media?parent=722683"}],"wp:term":[{"taxonomy":"product_brand","embeddable":true,"href":"https:\/\/roveyayinevi.com.tr\/index.php\/wp-json\/wp\/v2\/product_brand?post=722683"},{"taxonomy":"product_cat","embeddable":true,"href":"https:\/\/roveyayinevi.com.tr\/index.php\/wp-json\/wp\/v2\/product_cat?post=722683"},{"taxonomy":"product_tag","embeddable":true,"href":"https:\/\/roveyayinevi.com.tr\/index.php\/wp-json\/wp\/v2\/product_tag?post=722683"}],"curies":[{"name":"wp","href":"https:\/\/api.w.org\/{rel}","templated":true}]}}