{"id":722667,"date":"2025-08-27T19:07:30","date_gmt":"2025-08-27T16:07:30","guid":{"rendered":"https:\/\/roveyayinevi.com.tr\/index.php\/urun\/mavi-kuf\/"},"modified":"2026-04-11T13:49:09","modified_gmt":"2026-04-11T10:49:09","slug":"mavi-kuf","status":"publish","type":"product","link":"https:\/\/roveyayinevi.com.tr\/index.php\/urun\/mavi-kuf\/","title":{"rendered":"Mavi K\u00fcf"},"content":{"rendered":"<p>&#8220;Ah, Defne ne kadar \u00f6zledim seni bir bilsen!&#8221; Ne kadar uzun s\u00fcre ge\u00e7mi\u015fti Defnesiz; ka\u00e7 y\u0131l? Onun sesini duymadan, y\u00fcz\u00fcn\u00fc g\u00f6rmeden&#8230; Bir g\u00fcn bile ayr\u0131ld\u0131klar\u0131nda dayanamazken y\u0131llard\u0131r g\u00f6rm\u00fcyordu i\u015fte&#8230; \u201cNeden?\u201d dedi kendi kendine, \u201cNeden?\u201d O kadar soru i\u015fareti vard\u0131 ki kafas\u0131nda, evet ikizi deli doluydu, ba\u015f\u0131na buyruktu; ama o da ikizi olmadan yapamazd\u0131 ki; bir elman\u0131n yar\u0131s\u0131 gibiydiler. Ne olmu\u015ftu ki \u00e7\u0131km\u0131\u015ft\u0131 herkesin hayat\u0131ndan?   Ge\u00e7mi\u015fin k\u00fcflerini temizlemeden nas\u0131l \u0131\u015f\u0131ldayacakt\u0131 ki gelecek? <\/p>\n","protected":false},"excerpt":{"rendered":"<p>&#8220;Ah, Defne ne kadar \u00f6zledim seni bir bilsen!&#8221; Ne kadar uzun s\u00fcre ge\u00e7mi\u015fti Defnesiz; ka\u00e7 y\u0131l? Onun sesini duymadan, y\u00fcz\u00fcn\u00fc g\u00f6rmeden&#8230; Bir g\u00fcn bile ayr\u0131ld\u0131klar\u0131nda dayanamazken<span class=\"excerpt-hellip\"> [\u2026]<\/span><\/p>\n","protected":false},"featured_media":0,"template":"","meta":{"_monsterinsights_skip_tracking":false,"_monsterinsights_sitenote_active":false,"_monsterinsights_sitenote_note":"","_monsterinsights_sitenote_category":0},"product_brand":[],"product_cat":[12291,12711],"product_tag":[],"class_list":{"0":"post-722667","1":"product","2":"type-product","3":"status-publish","5":"product_cat-edebiyat","6":"product_cat-roman-oyku","7":"pa_cilt-ciltsiz","8":"pa_tur-kitap","9":"pa_yayinevi-luna-yayinlari","10":"pa_yazar-h-e-bolgen","12":"first","13":"instock","14":"sale","15":"shipping-taxable","16":"purchasable","17":"product-type-simple"},"_links":{"self":[{"href":"https:\/\/roveyayinevi.com.tr\/index.php\/wp-json\/wp\/v2\/product\/722667","targetHints":{"allow":["GET"]}}],"collection":[{"href":"https:\/\/roveyayinevi.com.tr\/index.php\/wp-json\/wp\/v2\/product"}],"about":[{"href":"https:\/\/roveyayinevi.com.tr\/index.php\/wp-json\/wp\/v2\/types\/product"}],"wp:attachment":[{"href":"https:\/\/roveyayinevi.com.tr\/index.php\/wp-json\/wp\/v2\/media?parent=722667"}],"wp:term":[{"taxonomy":"product_brand","embeddable":true,"href":"https:\/\/roveyayinevi.com.tr\/index.php\/wp-json\/wp\/v2\/product_brand?post=722667"},{"taxonomy":"product_cat","embeddable":true,"href":"https:\/\/roveyayinevi.com.tr\/index.php\/wp-json\/wp\/v2\/product_cat?post=722667"},{"taxonomy":"product_tag","embeddable":true,"href":"https:\/\/roveyayinevi.com.tr\/index.php\/wp-json\/wp\/v2\/product_tag?post=722667"}],"curies":[{"name":"wp","href":"https:\/\/api.w.org\/{rel}","templated":true}]}}