{"id":722664,"date":"2025-08-27T19:07:27","date_gmt":"2025-08-27T16:07:27","guid":{"rendered":"https:\/\/roveyayinevi.com.tr\/index.php\/urun\/mimarlik-akademisi\/"},"modified":"2026-04-16T02:30:35","modified_gmt":"2026-04-15T23:30:35","slug":"mimarlik-akademisi","status":"publish","type":"product","link":"https:\/\/roveyayinevi.com.tr\/index.php\/urun\/mimarlik-akademisi\/","title":{"rendered":"Mimarl\u0131k Akademisi"},"content":{"rendered":"<p>Evler ve okullar, g\u00f6kdelenler ve k\u00f6pr\u00fcler, piramitler ve bah\u00e7eler tasarlamak nas\u0131l bir histir acaba?Mimarl\u0131k Akademisi\u2019ne kaydolursan bunlar\u0131 \u00f6\u011frenebileceksin! Oyun park\u0131 ve a\u011fa\u00e7 ev yaratacak, bir g\u00f6kdelenin tepesini tasarlayacak, maket k\u00f6pr\u00fc yapacak ve daha bir\u00e7ok \u015fey tasarlayacaks\u0131n! Aktiviteleri tamamlad\u0131\u011f\u0131nda \u00e7\u0131kartmalar kazanacak ve e\u011fitimini tamamlad\u0131\u011f\u0131nda da sertifika alarak mezun olacaks\u0131n.Kur\u015fun kalem ve boya kalemlerini al\u0131p baretini tak ve maceraya ba\u015fla\u2026<\/p>\n","protected":false},"excerpt":{"rendered":"<p>Evler ve okullar, g\u00f6kdelenler ve k\u00f6pr\u00fcler, piramitler ve bah\u00e7eler tasarlamak nas\u0131l bir histir acaba?Mimarl\u0131k Akademisi\u2019ne kaydolursan bunlar\u0131 \u00f6\u011frenebileceksin! Oyun park\u0131 ve a\u011fa\u00e7 ev yaratacak, bir g\u00f6kdelenin<span class=\"excerpt-hellip\"> [\u2026]<\/span><\/p>\n","protected":false},"featured_media":0,"template":"","meta":{"_monsterinsights_skip_tracking":false,"_monsterinsights_sitenote_active":false,"_monsterinsights_sitenote_note":"","_monsterinsights_sitenote_category":0},"product_brand":[],"product_cat":[12554,12274],"product_tag":[],"class_list":{"0":"post-722664","1":"product","2":"type-product","3":"status-publish","5":"product_cat-cikartmali-kitaplar","6":"product_cat-cocuk-ve-genclik-kitaplari","7":"pa_cilt-ciltsiz","8":"pa_tur-kitap","9":"pa_yayinevi-eksik-parca-yayinlari","10":"pa_yazar-steve-martin-essi-kimpimaki","12":"first","13":"instock","14":"sale","15":"shipping-taxable","16":"purchasable","17":"product-type-simple"},"_links":{"self":[{"href":"https:\/\/roveyayinevi.com.tr\/index.php\/wp-json\/wp\/v2\/product\/722664","targetHints":{"allow":["GET"]}}],"collection":[{"href":"https:\/\/roveyayinevi.com.tr\/index.php\/wp-json\/wp\/v2\/product"}],"about":[{"href":"https:\/\/roveyayinevi.com.tr\/index.php\/wp-json\/wp\/v2\/types\/product"}],"wp:attachment":[{"href":"https:\/\/roveyayinevi.com.tr\/index.php\/wp-json\/wp\/v2\/media?parent=722664"}],"wp:term":[{"taxonomy":"product_brand","embeddable":true,"href":"https:\/\/roveyayinevi.com.tr\/index.php\/wp-json\/wp\/v2\/product_brand?post=722664"},{"taxonomy":"product_cat","embeddable":true,"href":"https:\/\/roveyayinevi.com.tr\/index.php\/wp-json\/wp\/v2\/product_cat?post=722664"},{"taxonomy":"product_tag","embeddable":true,"href":"https:\/\/roveyayinevi.com.tr\/index.php\/wp-json\/wp\/v2\/product_tag?post=722664"}],"curies":[{"name":"wp","href":"https:\/\/api.w.org\/{rel}","templated":true}]}}