{"id":722657,"date":"2025-08-27T19:07:22","date_gmt":"2025-08-27T16:07:22","guid":{"rendered":"https:\/\/roveyayinevi.com.tr\/index.php\/urun\/sigmund-freud-bilimin-devleri\/"},"modified":"2026-04-16T02:30:35","modified_gmt":"2026-04-15T23:30:35","slug":"sigmund-freud-bilimin-devleri","status":"publish","type":"product","link":"https:\/\/roveyayinevi.com.tr\/index.php\/urun\/sigmund-freud-bilimin-devleri\/","title":{"rendered":"Sigmund Freud &#8211; Bilimin Devleri"},"content":{"rendered":"<p>Bir\u00e7ok insan (hatta bazen kendisi bile) onun ger\u00e7ek bir bilim insan\u0131 olup olmad\u0131\u011f\u0131n\u0131 sorgulad\u0131.Psikanalizin i\u00e7inde hem analiz eden hem de analiz edilen olarak yer ald\u0131. Her zaman d\u00fcnyaca tan\u0131nan bir bilim insan\u0131 olmak i\u00e7in \u00e7abalad\u0131. Peki, \u201cBilimin Devleri\u201d aras\u0131na nas\u0131l girdi? Elbette ki b\u00f6ylesine tan\u0131nan bir doktor olmak hi\u00e7 kolay de\u011fildi.Pek \u00e7ok hata yapt\u0131. Hatta bir keresinde fiziksel ve ruhsal hastal\u0131klar\u0131n t\u00fcm\u00fcn\u00fcn bir organa ba\u011fl\u0131 oldu\u011funu bile d\u00fc\u015f\u00fcnd\u00fc; burun.Sigmund Freud, t\u0131pta \u00e7\u0131\u011f\u0131r a\u00e7an psikanalizin ve bununla birlikte ortaya \u00e7\u0131kan t\u00fcm yeni kelimelerin yarat\u0131c\u0131s\u0131 olarak bu serideki yerini ald\u0131. O, daha \u00f6nce kimsenin yapamad\u0131\u011f\u0131n\u0131 yaparak bilin\u00e7alt\u0131ndaki g\u00fcd\u00fc ve arzular\u0131, r\u00fcyalar\u0131n \u00f6nemini ve pek \u00e7ok hastal\u0131\u011f\u0131n psikolojik sebebini anlayan ilk insand\u0131.Amerikan K\u00fct\u00fcphane Derne\u011fi &#8211; Dikkate De\u011fer \u00c7ocuk Kitaplar\u0131 \u00d6d\u00fcl\u00fcCBC ve NSTA Dernekleri &#8211; G\u00f6ze \u00c7arpan Bilim Kitab\u0131 \u00d6d\u00fcl\u00fcNew York Halk K\u00fct\u00fcphanesi &#8211; En \u0130yi Gen\u00e7lik Kitaplar\u0131 \u00d6d\u00fcl\u00fc\u201cBu seri davetk\u00e2r ve tart\u0131\u015fmal\u0131 anlat\u0131m\u0131 sayesinde etkileyici bir ba\u015flang\u0131\u00e7la a\u00e7\u0131l\u0131\u015f\u0131 yap\u0131yor.\u201d- Publishers Weekly\u201cBilimin Devleri serisindeki di\u011fer kitaplar, ilk kitap olan Leonardo Da Vinci\u2019den sonra beklentiyi fazlas\u0131yla kar\u015f\u0131l\u0131yor. Krull ve bilim insanlar\u0131 ilahi g\u00fc\u00e7ler taraf\u0131ndan bir ara- ya getirilmi\u015f olmal\u0131.\u201d- Bulletin of the Center for Children\u2019s Books\u201cKrull, Bilimin Devleri serisinde birinci s\u0131n\u0131f bir bilimsel biyografi sunuyor.\u201d- Kirkus Reviews\u201cS\u00fcr\u00fckleyici ve dikkate de\u011fer bi\u00e7imde a\u00e7\u0131k bir biyografi.\u201d- The Horn Book<\/p>\n","protected":false},"excerpt":{"rendered":"<p>Bir\u00e7ok insan (hatta bazen kendisi bile) onun ger\u00e7ek bir bilim insan\u0131 olup olmad\u0131\u011f\u0131n\u0131 sorgulad\u0131.Psikanalizin i\u00e7inde hem analiz eden hem de analiz edilen olarak yer ald\u0131. Her<span class=\"excerpt-hellip\"> [\u2026]<\/span><\/p>\n","protected":false},"featured_media":0,"template":"","meta":{"_monsterinsights_skip_tracking":false,"_monsterinsights_sitenote_active":false,"_monsterinsights_sitenote_note":"","_monsterinsights_sitenote_category":0},"product_brand":[],"product_cat":[13946,12304],"product_tag":[],"class_list":{"0":"post-722657","1":"product","2":"type-product","3":"status-publish","5":"product_cat-biyografi-otobiyografi","6":"product_cat-tarih","7":"pa_cilt-ciltsiz","8":"pa_tur-kitap","9":"pa_yayinevi-marti-genc","10":"pa_yazar-kathleen-krull","12":"first","13":"instock","14":"sale","15":"shipping-taxable","16":"purchasable","17":"product-type-simple"},"_links":{"self":[{"href":"https:\/\/roveyayinevi.com.tr\/index.php\/wp-json\/wp\/v2\/product\/722657","targetHints":{"allow":["GET"]}}],"collection":[{"href":"https:\/\/roveyayinevi.com.tr\/index.php\/wp-json\/wp\/v2\/product"}],"about":[{"href":"https:\/\/roveyayinevi.com.tr\/index.php\/wp-json\/wp\/v2\/types\/product"}],"wp:attachment":[{"href":"https:\/\/roveyayinevi.com.tr\/index.php\/wp-json\/wp\/v2\/media?parent=722657"}],"wp:term":[{"taxonomy":"product_brand","embeddable":true,"href":"https:\/\/roveyayinevi.com.tr\/index.php\/wp-json\/wp\/v2\/product_brand?post=722657"},{"taxonomy":"product_cat","embeddable":true,"href":"https:\/\/roveyayinevi.com.tr\/index.php\/wp-json\/wp\/v2\/product_cat?post=722657"},{"taxonomy":"product_tag","embeddable":true,"href":"https:\/\/roveyayinevi.com.tr\/index.php\/wp-json\/wp\/v2\/product_tag?post=722657"}],"curies":[{"name":"wp","href":"https:\/\/api.w.org\/{rel}","templated":true}]}}