{"id":722655,"date":"2025-08-27T19:07:21","date_gmt":"2025-08-27T16:07:21","guid":{"rendered":"https:\/\/roveyayinevi.com.tr\/index.php\/urun\/voltaire\/"},"modified":"2026-04-16T02:30:35","modified_gmt":"2026-04-15T23:30:35","slug":"voltaire","status":"publish","type":"product","link":"https:\/\/roveyayinevi.com.tr\/index.php\/urun\/voltaire\/","title":{"rendered":"Voltaire"},"content":{"rendered":"<p>Voltaire&#8217;in son derece ayd\u0131nl\u0131k, k\u0131sac\u0131k t\u00fcmcelerden olu\u015fan do\u011fal ve canl\u0131 bir dili vard\u0131r. Filozofun kendine \u00f6zg\u00fc ince alay\u0131, sat\u0131rlar aras\u0131nda ikinci bir dil gibi g\u00f6z\u00fck\u00fcr, yerine g\u00f6re \u00f6vg\u00fcy\u00fc yergiye, yergiyi \u00f6vg\u00fcye d\u00f6n\u00fc\u015ft\u00fcr\u00fcr, ciddi bir sorunu \u015fakaya getirerek i\u015fleyiverir. Bu \u00e7er\u00e7evede i\u00e7inde her t\u00fcrl\u00fc d\u00fc\u015f\u00fcnce, her t\u00fcrl\u00fc yarg\u0131 herkesin anlayabilece\u011fi bir kal\u0131ba b\u00fcr\u00fcn\u00fcr; yaz\u0131, ba\u011fnazl\u0131\u011f\u0131n her t\u00fcrl\u00fcs\u00fcn\u00fc yere seren g\u00fc\u00e7l\u00fc bir silah niteli\u011fi kazan\u0131r.Yazar b\u00fct\u00fcn bu \u00f6zellikleriyle, derinlere inmemekle birlikte y\u00fczeyi alabildi\u011fince ayd\u0131nlatan ansiklopedik bir romantizm \u00fclk\u00fcs\u00fcn\u00fc ger\u00e7ekle\u015ftirmi\u015f ve yayg\u0131n, s\u00fcrekli bir etki yaratm\u0131\u015ft\u0131r.Sadece Frans\u0131z edebiyat\u0131n\u0131 de\u011fil, d\u00fcnya edebiyat\u0131n\u0131 da etkileyen \u00fcnl\u00fc isim Voltaire, eserleri ve d\u00fc\u015f\u00fcnceleriyle oldu\u011fu kadar h\u0131zl\u0131, macera dolu ve olayl\u0131 hayat\u0131yla da d\u00f6neme damgas\u0131n\u0131 vuran \u015fahsiyetlerdendir. Kral aleyhine yazd\u0131\u011f\u0131 hicivleri nedeniyle hapis yatm\u0131\u015f ve sonras\u0131nda da \u00fclkesini terk etmek zorunda kalm\u0131\u015ft\u0131r.<\/p>\n","protected":false},"excerpt":{"rendered":"<p>Voltaire&#8217;in son derece ayd\u0131nl\u0131k, k\u0131sac\u0131k t\u00fcmcelerden olu\u015fan do\u011fal ve canl\u0131 bir dili vard\u0131r. Filozofun kendine \u00f6zg\u00fc ince alay\u0131, sat\u0131rlar aras\u0131nda ikinci bir dil gibi g\u00f6z\u00fck\u00fcr, yerine<span class=\"excerpt-hellip\"> [\u2026]<\/span><\/p>\n","protected":false},"featured_media":0,"template":"","meta":{"_monsterinsights_skip_tracking":false,"_monsterinsights_sitenote_active":false,"_monsterinsights_sitenote_note":"","_monsterinsights_sitenote_category":0},"product_brand":[],"product_cat":[12388,26788],"product_tag":[],"class_list":{"0":"post-722655","1":"product","2":"type-product","3":"status-publish","5":"product_cat-felsefe","6":"product_cat-filozoflar","7":"pa_cilt-ciltsiz","8":"pa_tur-kitap","9":"pa_yayinevi-parola-yayinlari","10":"pa_yazar-turan-tektas","12":"first","13":"instock","14":"sale","15":"shipping-taxable","16":"purchasable","17":"product-type-simple"},"_links":{"self":[{"href":"https:\/\/roveyayinevi.com.tr\/index.php\/wp-json\/wp\/v2\/product\/722655","targetHints":{"allow":["GET"]}}],"collection":[{"href":"https:\/\/roveyayinevi.com.tr\/index.php\/wp-json\/wp\/v2\/product"}],"about":[{"href":"https:\/\/roveyayinevi.com.tr\/index.php\/wp-json\/wp\/v2\/types\/product"}],"wp:attachment":[{"href":"https:\/\/roveyayinevi.com.tr\/index.php\/wp-json\/wp\/v2\/media?parent=722655"}],"wp:term":[{"taxonomy":"product_brand","embeddable":true,"href":"https:\/\/roveyayinevi.com.tr\/index.php\/wp-json\/wp\/v2\/product_brand?post=722655"},{"taxonomy":"product_cat","embeddable":true,"href":"https:\/\/roveyayinevi.com.tr\/index.php\/wp-json\/wp\/v2\/product_cat?post=722655"},{"taxonomy":"product_tag","embeddable":true,"href":"https:\/\/roveyayinevi.com.tr\/index.php\/wp-json\/wp\/v2\/product_tag?post=722655"}],"curies":[{"name":"wp","href":"https:\/\/api.w.org\/{rel}","templated":true}]}}