{"id":722652,"date":"2025-08-27T19:07:19","date_gmt":"2025-08-27T16:07:19","guid":{"rendered":"https:\/\/roveyayinevi.com.tr\/index.php\/urun\/john-locke-2\/"},"modified":"2026-04-16T02:30:35","modified_gmt":"2026-04-15T23:30:35","slug":"john-locke-2","status":"publish","type":"product","link":"https:\/\/roveyayinevi.com.tr\/index.php\/urun\/john-locke-2\/","title":{"rendered":"John Locke"},"content":{"rendered":"<p>Locke, b\u00fct\u00fcn eserlerinde gelenek ve otoritenin her \u00e7e\u015fidinden kurtulmak gerekti\u011fini, insan hayat\u0131na ancak akl\u0131n k\u0131lavuzluk edebilece\u011fini ileri s\u00fcrer. Bu d\u00fc\u015f\u00fcnceleriyle liberalizmin, tabii bir din anlay\u0131\u015f\u0131n\u0131n, rasyonel pedagojinin \u00f6nc\u00fcs\u00fc olmu\u015ftur. En \u00f6nemli eserleri \u201c\u0130nsan Anlay\u0131\u015f G\u00fcc\u00fc \u00dczerine Bir Deneme\u201d, \u201cE\u011fitimle \u0130lgili Baz\u0131 D\u00fc\u015f\u00fcnceler\u201ddir. H\u00fck\u00fcmet \u00fczerine iki deneme adl\u0131 eseri vard\u0131r. Mutlak\u0131yet y\u00f6netimlerini ilk sarsan ki\u015fi olarak tarihe ge\u00e7mi\u015ftir, mutlak\u0131yet y\u00f6netimine a\u00e7t\u0131\u011f\u0131 sars\u0131nt\u0131lar sonucunda zamanla derin yar\u0131klar olu\u015fmu\u015ftur ve \u00fc\u00e7 b\u00fcy\u00fck devrimin temelleri olu\u015fmu\u015ftur. \u0130ngiliz, Amerikan ve Frans\u0131z devrimlerinin temelini olu\u015fturan filozof olarak ak\u0131llara yer etmi\u015ftir. Do\u011fal hukuk doktrinini savunanlardan biridir.Locke\u2019a g\u00f6re ahlak da matematik gibi tan\u0131tlamaya elveri\u015flidir \u00e7\u00fcnk\u00fc ahlaksal yarg\u0131lar\u0131n kar\u015f\u0131l\u0131k geldikleri cisimlerin \u00f6zleri bilinebilir. \u0130yi ve k\u00f6t\u00fc, haz ve ac\u0131dan ya da bizde haz ve ac\u0131ya yol a\u00e7an \u015feyden ve isten\u00e7li eylemlerimizin etik yasalarla uyu\u015fup uyu\u015fmamas\u0131ndan ba\u015fkas\u0131 de\u011fildir.<\/p>\n","protected":false},"excerpt":{"rendered":"<p>Locke, b\u00fct\u00fcn eserlerinde gelenek ve otoritenin her \u00e7e\u015fidinden kurtulmak gerekti\u011fini, insan hayat\u0131na ancak akl\u0131n k\u0131lavuzluk edebilece\u011fini ileri s\u00fcrer. Bu d\u00fc\u015f\u00fcnceleriyle liberalizmin, tabii bir din anlay\u0131\u015f\u0131n\u0131n, rasyonel<span class=\"excerpt-hellip\"> [\u2026]<\/span><\/p>\n","protected":false},"featured_media":0,"template":"","meta":{"_monsterinsights_skip_tracking":false,"_monsterinsights_sitenote_active":false,"_monsterinsights_sitenote_note":"","_monsterinsights_sitenote_category":0},"product_brand":[],"product_cat":[12388,26788],"product_tag":[],"class_list":{"0":"post-722652","1":"product","2":"type-product","3":"status-publish","5":"product_cat-felsefe","6":"product_cat-filozoflar","7":"pa_cilt-ciltsiz","8":"pa_tur-kitap","9":"pa_yayinevi-parola-yayinlari","10":"pa_yazar-turan-tektas","12":"first","13":"instock","14":"sale","15":"shipping-taxable","16":"purchasable","17":"product-type-simple"},"_links":{"self":[{"href":"https:\/\/roveyayinevi.com.tr\/index.php\/wp-json\/wp\/v2\/product\/722652","targetHints":{"allow":["GET"]}}],"collection":[{"href":"https:\/\/roveyayinevi.com.tr\/index.php\/wp-json\/wp\/v2\/product"}],"about":[{"href":"https:\/\/roveyayinevi.com.tr\/index.php\/wp-json\/wp\/v2\/types\/product"}],"wp:attachment":[{"href":"https:\/\/roveyayinevi.com.tr\/index.php\/wp-json\/wp\/v2\/media?parent=722652"}],"wp:term":[{"taxonomy":"product_brand","embeddable":true,"href":"https:\/\/roveyayinevi.com.tr\/index.php\/wp-json\/wp\/v2\/product_brand?post=722652"},{"taxonomy":"product_cat","embeddable":true,"href":"https:\/\/roveyayinevi.com.tr\/index.php\/wp-json\/wp\/v2\/product_cat?post=722652"},{"taxonomy":"product_tag","embeddable":true,"href":"https:\/\/roveyayinevi.com.tr\/index.php\/wp-json\/wp\/v2\/product_tag?post=722652"}],"curies":[{"name":"wp","href":"https:\/\/api.w.org\/{rel}","templated":true}]}}