{"id":722634,"date":"2025-08-27T19:07:06","date_gmt":"2025-08-27T16:07:06","guid":{"rendered":"https:\/\/roveyayinevi.com.tr\/index.php\/urun\/lezzetli-fransa-tarihi\/"},"modified":"2026-04-16T02:30:35","modified_gmt":"2026-04-15T23:30:35","slug":"lezzetli-fransa-tarihi","status":"publish","type":"product","link":"https:\/\/roveyayinevi.com.tr\/index.php\/urun\/lezzetli-fransa-tarihi\/","title":{"rendered":"Lezzetli Fransa Tarihi"},"content":{"rendered":"<p>\u201cBana ne yedi\u011fini s\u00f6yle, sana kim oldu\u011funu s\u00f6yleyeyim.\u201d \u2014 Brillat-Savarin   \u201cOkuyan\u0131 hem ac\u0131kt\u0131racak hem de doyuracak e\u011flenceli bir tarih yolculu\u011fu.\u201d \u2014 Kirkus Reviews   Lezzetli Fransa Tarihi \u00e7ok \u00f6zel bir kitap. En popu\u0308ler Frans\u0131z yiyecek ve i\u00e7ecekleri hakk\u0131ndaki ger\u00e7ekler ile efsaneleri, Fransa tarihini \u015fekillendiren belli ba\u015fl\u0131 olaylarla ili\u015fkilendirerek ele al\u0131yor.   Bu yenilik\u00e7i tarih kitab\u0131 ayn\u0131 zamanda sava\u015f, emperyalizm ve gelenek-yenilik \u00e7at\u0131\u015fmas\u0131n\u0131n bir toplumun beslenme al\u0131\u015fkanl\u0131klar\u0131 u\u0308zerindeki etkisine de \u0131\u015f\u0131k tutuyor.   Yazarlara g\u00f6re, Fransa\u2019da yeme-i\u00e7me al\u0131\u015fkanl\u0131klar\u0131 sava\u015f ve devrim, veba ve i\u015fgal, bulu\u015flar ve ayd\u0131nlanmaya paralel olarak geli\u015fti. Bu nedenle Fransa tarihini yiyecek ve i\u00e7eceklerle birlikte \u00f6\u011frenmek son derece isabetli bir karar.   K\u0131sacas\u0131 hem Fransa tarihini okuyacak, hem Frans\u0131z mutfa\u011f\u0131n\u0131 \u00f6\u011frenecek hem de bir Fransa turu atacaks\u0131n\u0131z. <\/p>\n","protected":false},"excerpt":{"rendered":"<p>\u201cBana ne yedi\u011fini s\u00f6yle, sana kim oldu\u011funu s\u00f6yleyeyim.\u201d \u2014 Brillat-Savarin \u201cOkuyan\u0131 hem ac\u0131kt\u0131racak hem de doyuracak e\u011flenceli bir tarih yolculu\u011fu.\u201d \u2014 Kirkus Reviews Lezzetli Fransa Tarihi<span class=\"excerpt-hellip\"> [\u2026]<\/span><\/p>\n","protected":false},"featured_media":0,"template":"","meta":{"_monsterinsights_skip_tracking":false,"_monsterinsights_sitenote_active":false,"_monsterinsights_sitenote_note":"","_monsterinsights_sitenote_category":0},"product_brand":[],"product_cat":[12370,12304],"product_tag":[],"class_list":{"0":"post-722634","1":"product","2":"type-product","3":"status-publish","5":"product_cat-arastirma-inceleme","6":"product_cat-tarih","7":"pa_cilt-ciltsiz","8":"pa_tur-kitap","9":"pa_yayinevi-say-yayinlari","10":"pa_yazar-stephane-henaut-jeni-mitchell","12":"first","13":"instock","14":"sale","15":"shipping-taxable","16":"purchasable","17":"product-type-simple"},"_links":{"self":[{"href":"https:\/\/roveyayinevi.com.tr\/index.php\/wp-json\/wp\/v2\/product\/722634","targetHints":{"allow":["GET"]}}],"collection":[{"href":"https:\/\/roveyayinevi.com.tr\/index.php\/wp-json\/wp\/v2\/product"}],"about":[{"href":"https:\/\/roveyayinevi.com.tr\/index.php\/wp-json\/wp\/v2\/types\/product"}],"wp:attachment":[{"href":"https:\/\/roveyayinevi.com.tr\/index.php\/wp-json\/wp\/v2\/media?parent=722634"}],"wp:term":[{"taxonomy":"product_brand","embeddable":true,"href":"https:\/\/roveyayinevi.com.tr\/index.php\/wp-json\/wp\/v2\/product_brand?post=722634"},{"taxonomy":"product_cat","embeddable":true,"href":"https:\/\/roveyayinevi.com.tr\/index.php\/wp-json\/wp\/v2\/product_cat?post=722634"},{"taxonomy":"product_tag","embeddable":true,"href":"https:\/\/roveyayinevi.com.tr\/index.php\/wp-json\/wp\/v2\/product_tag?post=722634"}],"curies":[{"name":"wp","href":"https:\/\/api.w.org\/{rel}","templated":true}]}}